000
CXUS52 KMFL 011224
CF6FLL
PRELIMINARY LOCAL CLIMATOLOGICAL DATA (WS FORM: F-6)
STATION: FORT LAUDERDALE
MONTH: FEBRUARY
YEAR: 2022
LATITUDE: 26 4 N
LONGITUDE: 80 9 W
TEMPERATURE IN F: :PCPN: SNOW: WIND :SUNSHINE: SKY :PK WND
================================================================================
1 2 3 4 5 6A 6B 7 8 9 10 11 12 13 14 15 16 17 18
12Z AVG MX 2MIN
DY MAX MIN AVG DEP HDD CDD WTR SNW DPTH SPD SPD DIR MIN PSBL S-S WX SPD DR
================================================================================
1 75 63 69 0 0 4 0.00 M M 14.8 23 100 M M 7 28 110
2 78 69 74 5 0 9 0.00 0.0 0 17.1 23 130 M M 4 28 120
3 79 71 75 6 0 10 0.00 0.0 0 15.9 22 140 M M 4 29 120
4 80 72 76 7 0 11 0.00 0.0 0 11.7 21 130 M M 4 26 150
5 81 66 74 5 0 9 0.13 0.0 0 5.2 14 50 M M 5 1 18 40
6 80 66 73 3 0 8 0.02 0.0 0 6.2 15 130 M M 7 12 19 120
7 81 63 72 2 0 7 0.00 0.0 0 5.7 16 130 M M 4 12 21 120
8 79 65 72 2 0 7 0.35 0.0 0 6.1 13 360 M M 6 1 17 280
9 66 61 64 -6 1 0 0.20 0.0 0 7.6 13 340 M M 8 1 18 330
10 78 57 68 -2 0 3 0.00 0.0 0 8.1 15 70 M M 2 20 50
11 79 64 72 2 0 7 0.00 0.0 0 8.0 15 90 M M 6 19 80
12 82 66 74 4 0 9 0.00 0.0 0 6.4 15 90 M M 3 19 100
13 75 62 69 -1 0 4 0.95 0.0 M 6.4 17 300 M M 8 13 24 290
14 71 54 63 -7 2 0 0.00 0.0 0 10.9 18 20 M M 2 28 40
15 75 57 66 -4 0 1 T 0.0 0 16.2 26 80 M M 8 35 80
16 79 70 75 4 0 10 0.12 0.0 0 18.6 26 100 M M 9 1 33 80
17 82 71 77 6 0 12 T 0.0 0 16.0 24 110 M M 7 29 110
18 85 73 79 8 0 14 0.00 0.0 0 8.5 18 140 M M 5 23 140
19 85 68 77 6 0 12 0.42 0.0 0 6.5 17 30 M M 7 1 20 20
20 78 67 73 2 0 8 0.00 0.0 0 11.8 20 60 M M 7 27 90
21 78 71 75 4 0 10 0.00 0.0 0 10.4 16 90 M M 5 21 90
22 81 72 77 6 0 12 0.00 0.0 0 14.0 22 90 M M 5 32 80
23 80 73 77 6 0 12 0.00 0.0 0 11.5 16 110 M M 4 24 100
24 81 72 77 6 0 12 T 0.0 0 11.9 22 110 M M 4 24 110
25 81 72 77 6 0 12 0.00 0.0 0 10.9 18 90 M M 4 21 120
26 81 72 77 6 0 12 0.00 M M 10.8 17 90 M M 3 22 90
27 82 68 75 4 0 10 0.60 0.0 0 10.8 17 120 M M 6 1 23 130
28 83 68 76 4 0 11 T 0.0 0 6.7 15 290 M M 6 19 290
================================================================================
SM 2215 1873 3 236 2.79 0.0 294.7 M 150
================================================================================
AV 79.1 66.9 10.5 FASTST M M 5 MAX(MPH)
MISC ----> # 26 80 35 80
================================================================================
NOTES:
# LAST OF SEVERAL OCCURRENCES
COLUMN 17 PEAK WIND IN M.P.H.
PRELIMINARY LOCAL CLIMATOLOGICAL DATA (WS FORM: F-6) , PAGE 2
STATION: FORT LAUDERDALE
MONTH: FEBRUARY
YEAR: 2022
LATITUDE: 26 4 N
LONGITUDE: 80 9 W
[TEMPERATURE DATA] [PRECIPITATION DATA] SYMBOLS USED IN COLUMN 16
AVERAGE MONTHLY: 73.0 TOTAL FOR MONTH: 2.79 1 = FOG OR MIST
DPTR FM NORMAL: 2.7 DPTR FM NORMAL: 0.41 2 = FOG REDUCING VISIBILITY
HIGHEST: 85 ON 19,18 GRTST 24HR 0.95 ON 13-13 TO 1/4 MILE OR LESS
LOWEST: 54 ON 14 3 = THUNDER
SNOW, ICE PELLETS, HAIL 4 = ICE PELLETS
TOTAL MONTH: 0.0 INCH 5 = HAIL
GRTST 24HR 0.0 6 = FREEZING RAIN OR DRIZZLE
GRTST DEPTH: 0 7 = DUSTSTORM OR SANDSTORM:
VSBY 1/2 MILE OR LESS
8 = SMOKE OR HAZE
[NO. OF DAYS WITH] [WEATHER - DAYS WITH] 9 = BLOWING SNOW
X = TORNADO
MAX 32 OR BELOW: 0 0.01 INCH OR MORE: 8
MAX 90 OR ABOVE: 0 0.10 INCH OR MORE: 7
MIN 32 OR BELOW: 0 0.50 INCH OR MORE: 2
MIN 0 OR BELOW: 0 1.00 INCH OR MORE: 0
[HDD (BASE 65) ]
TOTAL THIS MO. 3 CLEAR (SCALE 0-3) 2
DPTR FM NORMAL -22 PTCLDY (SCALE 4-7) 23
TOTAL FM JUL 1 58 CLOUDY (SCALE 8-10) 3
DPTR FM NORMAL -55
[CDD (BASE 65) ]
TOTAL THIS MO. 236
DPTR FM NORMAL 61 [PRESSURE DATA]
TOTAL FM JAN 1 408 HIGHEST SLP 30.36 ON 15
DPTR FM NORMAL 80 LOWEST SLP 29.93 ON 28
[REMARKS]
#FINAL-02-22#