000
CXUS52 KMFL 011030
CF6FLL
PRELIMINARY LOCAL CLIMATOLOGICAL DATA (WS FORM: F-6)
STATION: FORT LAUDERDALE
MONTH: APRIL
YEAR: 2021
LATITUDE: 26 4 N
LONGITUDE: 80 9 W
TEMPERATURE IN F: :PCPN: SNOW: WIND :SUNSHINE: SKY :PK WND
================================================================================
1 2 3 4 5 6A 6B 7 8 9 10 11 12 13 14 15 16 17 18
12Z AVG MX 2MIN
DY MAX MIN AVG DEP HDD CDD WTR SNW DPTH SPD SPD DIR MIN PSBL S-S WX SPD DR
================================================================================
1 85 70 78 3 0 13 T 0.0 0 8.4 20 30 M M 7 3 25 20
2 78 59 69 -6 0 4 0.00 0.0 0 15.0 24 30 M M 6 33 40
3 75 66 71 -4 0 6 0.00 0.0 0 15.1 22 50 M M 8 29 50
4 77 67 72 -3 0 7 0.00 0.0 0 12.3 20 80 M M 6 25 90
5 77 65 71 -4 0 6 0.00 M M 10.3 18 80 M M 3 24 90
6 79 64 72 -3 0 7 0.00 M M 7.9 16 50 M M 4 21 80
7 80 65 73 -2 0 8 0.00 M M 7.3 17 90 M M 5 23 90
8 80 68 74 -1 0 9 0.00 0.0 0 9.2 16 130 M M 2 23 120
9 80 68 74 -2 0 9 0.00 0.0 0 10.2 21 140 M M 3 27 120
10 84 68 76 0 0 11 0.07 0.0 0 13.1 21 340 M M 4 1 27 340
11 91 65 78 2 0 13 1.17 0.0 0 10.5 31 360 M M 6 138 41 360
12 85 67 76 0 0 11 0.15 0.0 M 8.1 22 240 M M 7 13 29 250
13 87 67 77 1 0 12 0.00 0.0 M 6.3 14 90 M M 0 18 40
14 81 72 77 1 0 12 0.00 0.0 0 11.6 20 110 M M 1 25 120
15 83 71 77 1 0 12 0.00 M M 9.2 18 130 M M 4 25 140
16 84 70 77 1 0 12 0.00 0.0 M 8.1 18 130 M M 4 22 130
17 91 73 82 6 0 17 0.00 0.0 M 8.7 21 250 M M 3 27 250
18 87 74 81 5 0 16 0.00 0.0 M 8.7 21 140 M M 5 25 140
19 92 76 84 7 0 19 T 0.0 M 11.7 26 250 M M 7 3 34 230
20 85 70 78 1 0 13 0.39 0.0 0 9.8 36 200 M M 9 13 42 200
21 88 75 82 5 0 17 0.03 0.0 0 6.0 17 260 M M 8 3 21 320
22 85 72 79 2 0 14 0.00 0.0 0 9.9 15 40 M M 7 23 60
23 83 74 79 2 0 14 0.00 0.0 0 14.3 21 100 M M 5 28 90
24 85 76 81 4 0 16 0.00 0.0 0 15.0 24 130 M M 6 30 130
25 93 76 85 8 0 20 0.00 0.0 0 10.1 20 260 M M 3 26 250
26 84 73 79 2 0 14 0.00 0.0 0 11.4 21 50 M M 2 27 60
27 83 75 79 1 0 14 0.00 0.0 0 15.1 22 80 M M 5 28 80
28 83 74 79 1 0 14 0.00 M M 11.4 18 100 M M 4 22 90
29 86 78 82 4 0 17 0.00 M M 13.1 21 130 M M 4 30 140
30 88 75 82 4 0 17 0.93 M M 7.7 22 130 M M 5 1 26 130
================================================================================
SM 2519 2113 0 374 2.74 0.0 315.5 M 143
================================================================================
AV 84.0 70.4 10.5 FASTST M M 5 MAX(MPH)
MISC ----> 36 200 42 200
================================================================================
NOTES:
# LAST OF SEVERAL OCCURRENCES
COLUMN 17 PEAK WIND IN M.P.H.
PRELIMINARY LOCAL CLIMATOLOGICAL DATA (WS FORM: F-6) , PAGE 2
STATION: FORT LAUDERDALE
MONTH: APRIL
YEAR: 2021
LATITUDE: 26 4 N
LONGITUDE: 80 9 W
[TEMPERATURE DATA] [PRECIPITATION DATA] SYMBOLS USED IN COLUMN 16
AVERAGE MONTHLY: 77.2 TOTAL FOR MONTH: 2.74 1 = FOG OR MIST
DPTR FM NORMAL: 1.0 DPTR FM NORMAL: -0.15 2 = FOG REDUCING VISIBILITY
HIGHEST: 93 ON 25 GRTST 24HR 1.32 ON 11-12 TO 1/4 MILE OR LESS
LOWEST: 59 ON 2 3 = THUNDER
SNOW, ICE PELLETS, HAIL 4 = ICE PELLETS
TOTAL MONTH: 0.0 INCH 5 = HAIL
GRTST 24HR 0.0 6 = FREEZING RAIN OR DRIZZLE
GRTST DEPTH: 0 7 = DUSTSTORM OR SANDSTORM:
VSBY 1/2 MILE OR LESS
8 = SMOKE OR HAZE
[NO. OF DAYS WITH] [WEATHER - DAYS WITH] 9 = BLOWING SNOW
X = TORNADO
MAX 32 OR BELOW: 0 0.01 INCH OR MORE: 6
MAX 90 OR ABOVE: 4 0.10 INCH OR MORE: 4
MIN 32 OR BELOW: 0 0.50 INCH OR MORE: 2
MIN 0 OR BELOW: 0 1.00 INCH OR MORE: 1
[HDD (BASE 65) ]
TOTAL THIS MO. 0 CLEAR (SCALE 0-3) 7
DPTR FM NORMAL -1 PTCLDY (SCALE 4-7) 20
TOTAL FM JUL 1 81 CLOUDY (SCALE 8-10) 3
DPTR FM NORMAL -30
[CDD (BASE 65) ]
TOTAL THIS MO. 374
DPTR FM NORMAL 37 [PRESSURE DATA]
TOTAL FM JAN 1 1105 HIGHEST SLP 30.28 ON 3
DPTR FM NORMAL 158 LOWEST SLP 29.72 ON 11
[REMARKS]
#FINAL-04-21#