000
CXUS52 KMFL 011130
CF6FLL
PRELIMINARY LOCAL CLIMATOLOGICAL DATA (WS FORM: F-6)
STATION: FORT LAUDERDALE
MONTH: DECEMBER
YEAR: 2023
LATITUDE: 26 4 N
LONGITUDE: 80 9 W
TEMPERATURE IN F: :PCPN: SNOW: WIND :SUNSHINE: SKY :PK WND
================================================================================
1 2 3 4 5 6A 6B 7 8 9 10 11 12 13 14 15 16 17 18
12Z AVG MX 2MIN
DY MAX MIN AVG DEP HDD CDD WTR SNW DPTH SPD SPD DIR MIN PSBL S-S WX SPD DR
================================================================================
1 83 74 79 6 0 14 0.00 0.0 0 10.6 16 130 M M 6 22 130
2 84 76 80 7 0 15 T 0.0 0 9.7 21 130 M M 6 26 130
3 87 73 80 7 0 15 0.00 0.0 0 4.6 14 260 M M 4 23 260
4 83 71 77 4 0 12 0.00 0.0 0 4.4 12 250 M M 5 1 23 220
5 83 67 75 2 0 10 0.00 0.0 0 6.0 10 320 M M 6 14 330
6 71 57 64 -8 1 0 0.00 0.0 0 8.9 20 330 M M 7 27 330
7 75 54 65 -7 0 0 0.00 0.0 0 7.7 16 80 M M 6 23 90
8 79 69 74 2 0 9 0.00 0.0 0 12.7 18 110 M M 7 25 120
9 81 74 78 6 0 13 0.00 0.0 0 14.1 22 130 M M 6 28 120
10 81 68 75 3 0 10 0.08 0.0 0 11.1 23 140 M M 6 1 33 260
11 71 59 65 -7 0 0 0.00 0.0 0 8.3 15 340 M M 7 25 340
12 76 57 67 -5 0 2 0.04 0.0 0 11.2 23 70 M M 9 33 50
13 74 70 72 0 0 7 0.20 0.0 0 17.4 26 60 M M 10 1 36 60
14 71 67 69 -3 0 4 0.16 0.0 0 21.2 31 60 M M 10 1 44 70
15 74 69 72 0 0 7 0.05 0.0 0 21.5 31 60 M M 10 44 60
16 76 70 73 2 0 8 1.87 0.0 0 23.9 36 120 M M 10 138 47 150
17 79 64 72 1 0 7 0.44 0.0 0 15.6 33 150 M M 6 13 47 150
18 73 58 66 -5 0 1 0.00 0.0 0 7.4 18 260 M M 2 28 270
19 74 53 64 -7 1 0 0.00 0.0 0 9.2 15 350 M M 1 23 360
20 71 57 64 -7 1 0 T 0.0 0 13.4 22 60 M M 9 29 90
21 76 67 72 1 0 7 T 0.0 0 13.4 22 60 M M 7 34 60
22 76 64 70 0 0 5 0.00 0.0 0 8.7 16 40 M M 9 22 40
23 77 70 74 4 0 9 0.01 0.0 0 12.7 18 70 M M 5 26 80
24 77 68 73 3 0 8 0.34 0.0 0 16.4 24 90 M M 7 1 37 110
25 77 73 75 5 0 10 0.02 0.0 0 17.0 23 130 M M 8 31 130
26 82 69 76 6 0 11 0.57 0.0 0 7.5 20 150 M M 7 1 28 140
27 77 62 70 0 0 5 0.00 0.0 0 4.6 13 280 M M 5 18 270
28 69 60 65 -5 0 0 0.77 0.0 0 6.4 17 110 M M 7 1 21 100
29 69 59 64 -5 1 0 0.00 0.0 0 6.3 14 320 M M 6 21 330
30 65 56 61 -8 4 0 0.00 0.0 0 4.7 14 300 M M 6 19 290
31 71 52 62 -7 3 0 0.00 0.0 0 2.6 12 270 M M 0 17 280
================================================================================
SM 2362 2007 11 189 4.55 0.0 339.2 M 200
================================================================================
AV 76.2 64.7 10.9 FASTST M M 6 MAX(MPH)
MISC ----> 36 120 # 47 150
================================================================================
NOTES:
# LAST OF SEVERAL OCCURRENCES
COLUMN 17 PEAK WIND IN M.P.H.
PRELIMINARY LOCAL CLIMATOLOGICAL DATA (WS FORM: F-6) , PAGE 2
STATION: FORT LAUDERDALE
MONTH: DECEMBER
YEAR: 2023
LATITUDE: 26 4 N
LONGITUDE: 80 9 W
[TEMPERATURE DATA] [PRECIPITATION DATA] SYMBOLS USED IN COLUMN 16
AVERAGE MONTHLY: 70.5 TOTAL FOR MONTH: 4.55 1 = FOG OR MIST
DPTR FM NORMAL: -0.7 DPTR FM NORMAL: 1.77 2 = FOG REDUCING VISIBILITY
HIGHEST: 87 ON 3 GRTST 24HR 2.27 ON 16-17 TO 1/4 MILE OR LESS
LOWEST: 52 ON 31 3 = THUNDER
SNOW, ICE PELLETS, HAIL 4 = ICE PELLETS
TOTAL MONTH: 0.0 INCH 5 = HAIL
GRTST 24HR 0.0 6 = FREEZING RAIN OR DRIZZLE
GRTST DEPTH: 0 7 = DUSTSTORM OR SANDSTORM:
VSBY 1/2 MILE OR LESS
8 = SMOKE OR HAZE
[NO. OF DAYS WITH] [WEATHER - DAYS WITH] 9 = BLOWING SNOW
X = TORNADO
MAX 32 OR BELOW: 0 0.01 INCH OR MORE: 12
MAX 90 OR ABOVE: 0 0.10 INCH OR MORE: 7
MIN 32 OR BELOW: 0 0.50 INCH OR MORE: 3
MIN 0 OR BELOW: 0 1.00 INCH OR MORE: 1
[HDD (BASE 65) ]
TOTAL THIS MO. 11 CLEAR (SCALE 0-3) 3
DPTR FM NORMAL -18 PTCLDY (SCALE 4-7) 21
TOTAL FM JUL 1 11 CLOUDY (SCALE 8-10) 7
DPTR FM NORMAL -23
[CDD (BASE 65) ]
TOTAL THIS MO. 189
DPTR FM NORMAL -32 [PRESSURE DATA]
TOTAL FM JAN 1 5061 HIGHEST SLP 30.26 ON 31
DPTR FM NORMAL 489 LOWEST SLP 29.60 ON 17
[REMARKS]
#FINAL-12-23#