000
CXUS52 KMFL 011030
CF6FLL
PRELIMINARY LOCAL CLIMATOLOGICAL DATA (WS FORM: F-6)
STATION: FORT LAUDERDALE
MONTH: JULY
YEAR: 2023
LATITUDE: 26 4 N
LONGITUDE: 80 9 W
TEMPERATURE IN F: :PCPN: SNOW: WIND :SUNSHINE: SKY :PK WND
================================================================================
1 2 3 4 5 6A 6B 7 8 9 10 11 12 13 14 15 16 17 18
12Z AVG MX 2MIN
DY MAX MIN AVG DEP HDD CDD WTR SNW DPTH SPD SPD DIR MIN PSBL S-S WX SPD DR
================================================================================
1 89 78 84 1 0 19 0.14 0.0 0 5.2 18 270 M M 6 13 23 290
2 90 78 84 1 0 19 0.00 0.0 0 4.5 16 140 M M 5 138 28 20
3 90 79 85 2 0 20 0.03 0.0 0 5.0 15 100 M M 6 18 100
4 92 80 86 3 0 21 0.00 0.0 0 6.6 15 110 M M 6 3 M M
5 92 80 86 2 0 21 0.00 0.0 0 6.4 15 100 M M 6 20 130
6 92 80 86 2 0 21 0.00 0.0 0 5.3 17 300 M M 6 3 23 300
7 93 76 85 1 0 20 0.14 0.0 0 5.9 17 70 M M 5 3 24 80
8 94 74 84 0 0 19 0.71 0.0 0 5.6 25 240 M M 5 13 33 290
9 94 77 86 2 0 21 T 0.0 0 5.2 22 170 M M 6 3 26 160
10 93 76 85 1 0 20 0.06 0.0 0 6.8 20 330 M M 4 13 28 340
11 93 80 87 3 0 22 0.00 0.0 0 6.4 15 130 M M 5 17 120
12 93 83 88 4 0 23 0.00 0.0 0 6.7 14 90 M M 5 24 80
13 92 81 87 3 0 22 0.03 0.0 0 5.6 16 130 M M 6 3 21 130
14 92 78 85 1 0 20 0.30 0.0 0 4.5 25 270 M M 5 138 30 270
15 92 75 84 0 0 19 0.10 0.0 0 5.0 23 140 M M 5 13 28 150
16 92 73 83 -1 0 18 0.40 0.0 0 5.8 22 320 M M 5 138 30 330
17 90 77 84 0 0 19 0.02 M M 4.6 18 160 M M 8 3 24 150
18 91 76 84 0 0 19 0.33 0.0 0 5.8 23 200 M M 7 13 29 190
19 91 81 86 2 0 21 T 0.0 0 8.7 18 130 M M 7 3 24 140
20 91 84 88 4 0 23 0.00 0.0 0 8.4 15 110 M M 5 20 140
21 92 79 86 2 0 21 T 0.0 0 5.2 17 270 M M 4 3 26 260
22 96 76 86 2 0 21 0.11 0.0 0 5.2 21 330 M M 4 138 30 330
23 97 77 87 3 0 22 0.17 0.0 0 7.0 20 130 M M 3 8 23 130
24 95 81 88 4 0 23 0.00 0.0 0 5.5 16 340 M M 3 22 340
25 92 81 87 3 0 22 0.00 0.0 0 6.3 15 90 M M 5 19 80
26 90 77 84 0 0 19 0.06 0.0 0 8.6 31 80 M M 8 3 40 70
27 88 73 81 -3 0 16 6.19 0.0 0 8.7 24 100 M M 8 123 28 110
28 87 79 83 -1 0 18 0.33 0.0 0 6.7 20 100 M M 8 13 24 100
29 91 81 86 2 0 21 0.00 0.0 0 7.9 15 110 M M 6 19 130
30 92 80 86 2 0 21 0.00 0.0 0 7.4 16 140 M M 5 3 21 130
31 94 80 87 3 0 22 T 0.0 0 6.3 18 130 M M 5 3 23 140
================================================================================
SM 2850 2430 0 633 9.12 0.0 192.8 M 172
================================================================================
AV 91.9 78.4 6.2 FASTST M M 6 MAX(MPH)
MISC ----> 31 80 40 70
================================================================================
NOTES:
# LAST OF SEVERAL OCCURRENCES
COLUMN 17 PEAK WIND IN M.P.H.
PRELIMINARY LOCAL CLIMATOLOGICAL DATA (WS FORM: F-6) , PAGE 2
STATION: FORT LAUDERDALE
MONTH: JULY
YEAR: 2023
LATITUDE: 26 4 N
LONGITUDE: 80 9 W
[TEMPERATURE DATA] [PRECIPITATION DATA] SYMBOLS USED IN COLUMN 16
AVERAGE MONTHLY: 85.2 TOTAL FOR MONTH: 9.12 1 = FOG OR MIST
DPTR FM NORMAL: 1.4 DPTR FM NORMAL: 3.71 2 = FOG REDUCING VISIBILITY
HIGHEST: 97 ON 23 GRTST 24HR 6.19 ON 27-27 TO 1/4 MILE OR LESS
LOWEST: 73 ON 27,16 3 = THUNDER
SNOW, ICE PELLETS, HAIL 4 = ICE PELLETS
TOTAL MONTH: 0.0 INCH 5 = HAIL
GRTST 24HR 0.0 6 = FREEZING RAIN OR DRIZZLE
GRTST DEPTH: 0 7 = DUSTSTORM OR SANDSTORM:
VSBY 1/2 MILE OR LESS
8 = SMOKE OR HAZE
[NO. OF DAYS WITH] [WEATHER - DAYS WITH] 9 = BLOWING SNOW
X = TORNADO
MAX 32 OR BELOW: 0 0.01 INCH OR MORE: 16
MAX 90 OR ABOVE: 28 0.10 INCH OR MORE: 11
MIN 32 OR BELOW: 0 0.50 INCH OR MORE: 2
MIN 0 OR BELOW: 0 1.00 INCH OR MORE: 1
[HDD (BASE 65) ]
TOTAL THIS MO. 0 CLEAR (SCALE 0-3) 2
DPTR FM NORMAL 0 PTCLDY (SCALE 4-7) 28
TOTAL FM JUL 1 0 CLOUDY (SCALE 8-10) 1
DPTR FM NORMAL 0
[CDD (BASE 65) ]
TOTAL THIS MO. 633
DPTR FM NORMAL 50 [PRESSURE DATA]
TOTAL FM JAN 1 2892 HIGHEST SLP 30.17 ON 24
DPTR FM NORMAL 411 LOWEST SLP 29.91 ON 1
[REMARKS]
#FINAL-07-23#