000
CXUS52 KILM 011100
CF6FLO
PRELIMINARY LOCAL CLIMATOLOGICAL DATA (WS FORM: F-6)
STATION: FLORENCE SOUTH CAROLINA
MONTH: DECEMBER
YEAR: 2022
LATITUDE: 34 10 N
LONGITUDE: 79 43 W
TEMPERATURE IN F: :PCPN: SNOW: WIND :SUNSHINE: SKY :PK WND
================================================================================
1 2 3 4 5 6A 6B 7 8 9 10 11 12 13 14 15 16 17 18
12Z AVG MX 2MIN
DY MAX MIN AVG DEP HDD CDD WTR SNW DPTH SPD SPD DIR MIN PSBL S-S WX SPD DR
================================================================================
1 57 33 45 -6 20 0 0.00 M M 5.4 14 40 M M 0 19 10
2 63 30 47 -4 18 0 0.00 M M 3.7 10 130 M M 1 15 140
3 75 47 61 10 4 0 0.03 M M 4.9 23 220 M M 7 30 240
4 62 47 55 4 10 0 0.00 M M 6.4 16 60 M M 2 20 60
5 56 42 49 -1 16 0 0.02 M M 4.5 9 60 M M 8 11 90
6 66 51 59 9 6 0 0.04 M M 2.2 8 120 M M 10 1 10 110
7 77 54 66 16 0 1 T M M 4.6 13 200 M M 5 12 18 260
8 71 61 66 16 0 1 0.00 M M 5.8 12 60 M M 9 14 40
9 63 48 56 6 9 0 0.27 M M 7.9 21 60 M M 10 1 24 60
10 54 47 51 1 14 0 0.10 M M 6.3 13 50 M M 10 1 15 60
11 52 46 49 -1 16 0 0.07 M M 3.7 12 340 M M 9 1 12 340
12 59 39 49 0 16 0 0.00 M M 6.4 14 80 M M 6 18 60
13 52 33 43 -6 22 0 0.00 M M 6.0 14 360 M M 0 21 60
14 48 34 41 -8 24 0 0.02 M M 5.8 13 90 M M 8 1 15 90
15 70 39 55 6 10 0 0.87 M M 8.1 22 280 M M 8 1 28 280
16 58 33 46 -3 19 0 0.00 M M 5.8 16 280 M M 4 12 23 260
17 53 38 46 -3 19 0 0.00 M M 8.4 17 270 M M 3 23 280
18 54 29 42 -6 23 0 0.00 M M 5.8 13 330 M M 0 15 330
19 51 24 38 -10 27 0 0.00 M M 2.7 12 60 M M 0 13 60
20 44 36 40 -8 25 0 0.18 M M 6.3 13 50 M M 8 1 15 50
21 44 36 40 -8 25 0 0.30 M M 9.4 15 30 M M 10 1 20 40
22 53 42 48 0 17 0 0.77 M M 9.2 20 70 M M 10 13 26 80
23 54 22 38 -10 27 0 0.01 M M 17.9 38 270 M M 3 1 53 260
24 29 15 22 -26 43 0 0.00 M M 11.3 21 270 M M 0 28 280
25 40 18 29 -19 36 0 0.00 M M 5.6 12 260 M M 0 14 270
26 46 14 30 -17 35 0 0.00 M M 1.4 12 120 M M 0 18 14 130
27 50 21 36 -11 29 0 0.00 M M 1.1 8 100 M M 1 8 11 100
28 57 22 40 -7 25 0 0.00 M M 1.2 7 190 M M 0 10 190
29 65 27 46 -1 19 0 0.00 M M 2.0 8 360 M M 2 1 10 20
30 76 42 59 12 6 0 0.00 M M 4.5 16 140 M M 2 20 90
31 69 51 60 13 5 0 0.01 M M 5.5 13 230 M M 8 12 16 230
================================================================================
SM 1768 1121 565 2 2.69 M 179.8 M 144
================================================================================
AV 57.0 36.2 5.8 FASTST M M 5 MAX(MPH)
MISC ----> 38 270 53 260
================================================================================
NOTES:
# LAST OF SEVERAL OCCURRENCES
COLUMN 17 PEAK WIND IN M.P.H.
PRELIMINARY LOCAL CLIMATOLOGICAL DATA (WS FORM: F-6) , PAGE 2
STATION: FLORENCE SOUTH CAROLINA
MONTH: DECEMBER
YEAR: 2022
LATITUDE: 34 10 N
LONGITUDE: 79 43 W
[TEMPERATURE DATA] [PRECIPITATION DATA] SYMBOLS USED IN COLUMN 16
AVERAGE MONTHLY: 46.6 TOTAL FOR MONTH: 2.69 1 = FOG OR MIST
DPTR FM NORMAL: -2.3 DPTR FM NORMAL: -0.78 2 = FOG REDUCING VISIBILITY
HIGHEST: 77 ON 7 GRTST 24HR 0.89 ON 14-15 TO 1/4 MILE OR LESS
LOWEST: 14 ON 26 3 = THUNDER
SNOW, ICE PELLETS, HAIL 4 = ICE PELLETS
TOTAL MONTH: M 5 = HAIL
GRTST 24HR M ON M 6 = FREEZING RAIN OR DRIZZLE
GRTST DEPTH: M ON M 7 = DUSTSTORM OR SANDSTORM:
VSBY 1/2 MILE OR LESS
8 = SMOKE OR HAZE
[NO. OF DAYS WITH] [WEATHER - DAYS WITH] 9 = BLOWING SNOW
X = TORNADO
MAX 32 OR BELOW: 1 0.01 INCH OR MORE: 13
MAX 90 OR ABOVE: 0 0.10 INCH OR MORE: 6
MIN 32 OR BELOW: 10 0.50 INCH OR MORE: 2
MIN 0 OR BELOW: 0 1.00 INCH OR MORE: 0
[HDD (BASE 65) ]
TOTAL THIS MO. 565 CLEAR (SCALE 0-3) 13
DPTR FM NORMAL 58 PTCLDY (SCALE 4-7) 10
TOTAL FM JUL 1 934 CLOUDY (SCALE 8-10) 8
DPTR FM NORMAL 25
[CDD (BASE 65) ]
TOTAL THIS MO. 2
DPTR FM NORMAL -4 [PRESSURE DATA]
TOTAL FM JAN 1 2428 HIGHEST SLP 30.56 ON 2
DPTR FM NORMAL 171 LOWEST SLP 29.60 ON 23
[REMARKS]
#FINAL-12-22#