000
CXUS54 KLZK 011231
CF6FLP
PRELIMINARY LOCAL CLIMATOLOGICAL DATA (WS FORM: F-6)
STATION: FLIPPIN
MONTH: DECEMBER
YEAR: 2021
LATITUDE: 36 17 N
LONGITUDE: 92 28 W
TEMPERATURE IN F: :PCPN: SNOW: WIND :SUNSHINE: SKY :PK WND
================================================================================
1 2 3 4 5 6A 6B 7 8 9 10 11 12 13 14 15 16 17 18
12Z AVG MX 2MIN
DY MAX MIN AVG DEP HDD CDD WTR SNW DPTH SPD SPD DIR MIN PSBL S-S WX SPD DR
================================================================================
1 71 41 56 M 9 0 0.00 M M 4.1 12 300 M M 0 8 M M
2 79 37 58 M 7 0 0.00 M M 3.3 9 250 M M 0 M M
3 79 38 59 M 6 0 0.00 M M 0.6 5 110 M M 0 M M
4 64 50 57 M 8 0 0.00 M M 4.5 8 100 M M 5 M M
5 72 49 61 M 4 0 0.02 M M 8.0 23 240 M M 8 8 35 240
6 63 28 46 M 19 0 0.31 M M 8.5 17 340 M M 3 13 30 330
7 42 22 32 M 33 0 0.00 M M 3.0 9 120 M M 1 M M
8 56 25 41 M 24 0 0.00 M M 1.8 6 140 M M 0 M M
9 68 43 56 M 9 0 0.00 M M 7.6 15 200 M M 1 1 24 200
10 77 48 63 M 2 0 0.00 M M 7.4 15 170 M M 4 12 30 220
11 73 28 51 M 14 0 0.00 M M 9.4 20 310 M M 4 35 310
12 55 20 38 M 27 0 0.00 M M 3.8 8 170 M M 0 M M
13 70 28 49 M 16 0 0.02 M M 3.4 8 140 M M 0 M M
14 65 44 55 M 10 0 0.16 M M 4.0 13 160 M M 8 1 20 170
15 75 65 70 M 0 5 0.00 M M 10.6 17 180 M M 9 31 190
16 69 40 55 M 10 0 0.12 M M 6.3 14 320 M M 5 1 18 170
17 53 42 48 M 17 0 2.33 M M 3.7 9 10 M M 10 123 M M
18 55 35 45 M 20 0 0.72 M M 7.6 15 320 M M 6 1 23 320
19 42 24 33 M 32 0 0.00 M M 3.1 7 30 M M 0 M M
20 43 19 31 M 34 0 0.00 M M 0.4 3 350 M M 1 12 M M
21 60 25 43 M 22 0 0.00 M M 3.3 9 240 M M 0 1 M M
22 53 26 40 M 25 0 0.00 M M 3.3 7 120 M M 0 M M
23 63 33 48 M 17 0 0.00 M M 3.5 12 200 M M 3 1 21 200
24 74 49 62 M 3 0 0.00 M M 10.4 16 200 M M 0 31 180
25 76 47 62 M 3 0 0.00 M M 6.8 18 280 M M 0 24 280
26 70 39 55 M 10 0 0.00 M M 6.1 13 200 M M 2 25 190
27 68 53 61 M 4 0 T M M 6.5 13 330 M M 2 24 210
28 61 44 53 M 12 0 0.21 M M 2.9 10 290 M M 8 12 M M
29 49 38 44 M 21 0 0.08 M M 1.5 7 350 M M 8 12 M M
30 66 45 56 M 9 0 0.01 M M 2.1 7 99 M M 5 12 M M
31 76 48 62 M 3 0 0.06 M M 7.0 17 220 M M 3 30 230
================================================================================
SM 1987 1173 430 5 4.04 M 154.5 M 96
================================================================================
AV 64.1 37.8 5.0 FASTST M M 3 MAX(MPH)
MISC ----> 23 240 # 35 240
================================================================================
NOTES:
# LAST OF SEVERAL OCCURRENCES
COLUMN 17 PEAK WIND IN M.P.H.
PRELIMINARY LOCAL CLIMATOLOGICAL DATA (WS FORM: F-6) , PAGE 2
STATION: FLIPPIN
MONTH: DECEMBER
YEAR: 2021
LATITUDE: 36 17 N
LONGITUDE: 92 28 W
[TEMPERATURE DATA] [PRECIPITATION DATA] SYMBOLS USED IN COLUMN 16
AVERAGE MONTHLY: 51.0 TOTAL FOR MONTH: 4.04 1 = FOG OR MIST
DPTR FM NORMAL: 0.0 DPTR FM NORMAL: M 2 = FOG REDUCING VISIBILITY
HIGHEST: 79 ON 2, 3 GRTST 24HR 3.00 ON 17-18 TO 1/4 MILE OR LESS
LOWEST: 19 ON 20 3 = THUNDER
SNOW, ICE PELLETS, HAIL 4 = ICE PELLETS
TOTAL MONTH: M 5 = HAIL
GRTST 24HR M ON M 6 = FREEZING RAIN OR DRIZZLE
GRTST DEPTH: M ON M 7 = DUSTSTORM OR SANDSTORM:
VSBY 1/2 MILE OR LESS
8 = SMOKE OR HAZE
[NO. OF DAYS WITH] [WEATHER - DAYS WITH] 9 = BLOWING SNOW
X = TORNADO
MAX 32 OR BELOW: 0 0.01 INCH OR MORE: 11
MAX 90 OR ABOVE: 0 0.10 INCH OR MORE: 6
MIN 32 OR BELOW: 10 0.50 INCH OR MORE: 2
MIN 0 OR BELOW: 0 1.00 INCH OR MORE: 1
[HDD (BASE 65) ]
TOTAL THIS MO. 430 CLEAR (SCALE 0-3) 19
DPTR FM NORMAL M PTCLDY (SCALE 4-7) 7
TOTAL FM JUL 1 1067 CLOUDY (SCALE 8-10) 5
DPTR FM NORMAL M
[CDD (BASE 65) ]
TOTAL THIS MO. 5
DPTR FM NORMAL M [PRESSURE DATA]
TOTAL FM JAN 1 1761 HIGHEST SLP 30.44 ON 19
DPTR FM NORMAL M LOWEST SLP 29.44 ON 10
[REMARKS]
#FINAL-12-21#