000
CXUS53 KOAX 010930
CF6FNB
PRELIMINARY LOCAL CLIMATOLOGICAL DATA (WS FORM: F-6)
STATION: FALLS CITY NE
MONTH: SEPTEMBER
YEAR: 2021
LATITUDE: 40 4 N
LONGITUDE: 95 35 W
TEMPERATURE IN F: :PCPN: SNOW: WIND :SUNSHINE: SKY :PK WND
================================================================================
1 2 3 4 5 6A 6B 7 8 9 10 11 12 13 14 15 16 17 18
12Z AVG MX 2MIN
DY MAX MIN AVG DEP HDD CDD WTR SNW DPTH SPD SPD DIR MIN PSBL S-S WX SPD DR
================================================================================
1 80 62 71 -1 0 6 0.00 M M 9.2 16 100 M M 3 22 100
2 77 66 72 0 0 7 0.05 M M 10.6 21 150 M M 2 28 140
3 80 67 74 3 0 9 0.56 M M 6.7 14 330 M M 8 13 21 170
4 76 59 68 -3 0 3 0.00 M M 4.8 12 340 M M 5 1 16 340
5 83 54 69 -2 0 4 0.00 M M 4.9 13 190 M M 0 1 17 210
6 90 59 75 5 0 10 0.00 M M 6.6 16 200 M M 0 20 210
7 86 59 73 3 0 8 0.00 M M 9.3 16 350 M M 0 24 10
8 83 53 68 -2 0 3 0.00 M M 6.5 16 310 M M 0 23 300
9 83 54 69 -1 0 4 0.00 M M 4.9 14 100 M M 1 8 19 110
10 90 60 75 6 0 10 0.00 M M 5.6 10 190 M M 0 14 190
11 90 61 76 7 0 11 0.00 M M 8.5 18 180 M M 0 26 160
12 90 67 79 11 0 14 0.03 M M 7.0 16 160 M M 0 3 22 160
13 89 64 77 9 0 12 0.00 M M 10.9 22 190 M M 0 29 190
14 78 61 70 2 0 5 0.04 M M 5.6 15 210 M M 2 18 24 190
15 83 52 68 0 0 3 0.00 M M 6.2 16 150 M M 1 12 23 150
16 90 58 74 7 0 9 0.00 M M 10.0 20 150 M M 0 29 170
17 86 64 75 8 0 10 0.00 M M 5.9 18 360 M M 2 26 350
18 90 59 75 9 0 10 0.00 M M 4.4 14 150 M M 2 20 150
19 89 62 76 10 0 11 0.00 M M 9.8 23 160 M M 0 1 32 160
20 85 55 70 4 0 5 0.05 M M 10.6 25 320 M M 3 1 38 340
21 74 48 61 -4 4 0 0.00 M M 9.9 23 320 M M 0 31 310
22 79 42 61 -4 4 0 0.00 M M 3.7 12 310 M M 0 8 17 310
23 81 41 61 -3 4 0 0.00 M M 6.9 17 170 M M 0 1 25 170
24 75 50 63 -1 2 0 T M M 8.5 21 340 M M 1 29 360
25 80 40 60 -4 5 0 0.00 M M 6.6 16 240 M M 0 1 22 210
26 95 57 76 13 0 11 0.00 M M 11.8 25 230 M M 0 37 210
27 95 62 79 16 0 14 0.00 M M 7.3 18 230 M M 0 24 250
28 93 59 76 14 0 11 0.00 M M 6.9 21 160 M M 0 28 160
29 85 61 73 11 0 8 0.00 M M 6.1 16 150 M M 2 18 20 150
30 85 64 75 13 0 10 1.40 M M 6.2 20 190 M M 5 13 29 190
================================================================================
SM 2540 1720 19 208 2.13 M 221.9 M 37
================================================================================
AV 84.7 57.3 7.4 FASTST M M 1 MAX(MPH)
MISC ----> # 25 320 38 340
================================================================================
NOTES:
# LAST OF SEVERAL OCCURRENCES
COLUMN 17 PEAK WIND IN M.P.H.
PRELIMINARY LOCAL CLIMATOLOGICAL DATA (WS FORM: F-6) , PAGE 2
STATION: FALLS CITY NE
MONTH: SEPTEMBER
YEAR: 2021
LATITUDE: 40 4 N
LONGITUDE: 95 35 W
[TEMPERATURE DATA] [PRECIPITATION DATA] SYMBOLS USED IN COLUMN 16
AVERAGE MONTHLY: 71.0 TOTAL FOR MONTH: 2.13 1 = FOG OR MIST
DPTR FM NORMAL: 3.9 DPTR FM NORMAL: -1.21 2 = FOG REDUCING VISIBILITY
HIGHEST: 95 ON 27,26 GRTST 24HR 1.40 ON 30-30 TO 1/4 MILE OR LESS
LOWEST: 40 ON 25 3 = THUNDER
SNOW, ICE PELLETS, HAIL 4 = ICE PELLETS
TOTAL MONTH: M 5 = HAIL
GRTST 24HR M ON M 6 = FREEZING RAIN OR DRIZZLE
GRTST DEPTH: M ON M 7 = DUSTSTORM OR SANDSTORM:
VSBY 1/2 MILE OR LESS
8 = SMOKE OR HAZE
[NO. OF DAYS WITH] [WEATHER - DAYS WITH] 9 = BLOWING SNOW
X = TORNADO
MAX 32 OR BELOW: 0 0.01 INCH OR MORE: 6
MAX 90 OR ABOVE: 9 0.10 INCH OR MORE: 2
MIN 32 OR BELOW: 0 0.50 INCH OR MORE: 2
MIN 0 OR BELOW: 0 1.00 INCH OR MORE: 1
[HDD (BASE 65) ]
TOTAL THIS MO. 19 CLEAR (SCALE 0-3) 26
DPTR FM NORMAL -57 PTCLDY (SCALE 4-7) 4
TOTAL FM JUL 1 19 CLOUDY (SCALE 8-10) 0
DPTR FM NORMAL -64
[CDD (BASE 65) ]
TOTAL THIS MO. 208
DPTR FM NORMAL 69 [PRESSURE DATA]
TOTAL FM JAN 1 1386 HIGHEST SLP 30.37 ON 22
DPTR FM NORMAL 171 LOWEST SLP 29.66 ON 20
[REMARKS]
#FINAL-09-21#