000
CXUS53 KDTX 010635
CF6FNT
PRELIMINARY LOCAL CLIMATOLOGICAL DATA (WS FORM: F-6)
STATION: FLINT MI
MONTH: MARCH
YEAR: 2020
LATITUDE: 42 58 N
LONGITUDE: 83 44 W
TEMPERATURE IN F: :PCPN: SNOW: WIND :SUNSHINE: SKY :PK WND
================================================================================
1 2 3 4 5 6A 6B 7 8 9 10 11 12 13 14 15 16 17 18
12Z AVG MX 2MIN
DY MAX MIN AVG DEP HDD CDD WTR SNW DPTH SPD SPD DIR MIN PSBL S-S WX SPD DR
================================================================================
1 47 22 35 7 30 0 0.00 0.0 4 11.0 23 160 M M 1 29 160
2 51 39 45 16 20 0 0.00 0.0 1 9.9 18 290 M M 6 18 22 290
3 49 30 40 11 25 0 0.00 0.0 0 9.9 26 280 M M 8 35 270
4 46 30 38 8 27 0 0.00 0.0 0 11.0 23 290 M M 3 28 300
5 49 22 36 6 29 0 0.02 0.0 0 9.7 21 170 M M 2 26 170
6 37 26 32 2 33 0 0.07 0.1 0 13.4 29 350 M M 9 18 39 10
7 47 19 33 2 32 0 0.00 0.0 0 7.1 15 210 M M 0 23 220
8 63 32 48 17 17 0 0.00 0.0 0 11.5 21 200 M M 0 26 220
9 61 51 56 25 9 0 0.15 0.0 0 13.7 22 240 M M 5 29 240
10 55 30 43 11 22 0 0.09 0.0 0 10.4 23 280 M M 6 1 32 320
11 48 31 40 8 25 0 T 0.0 0 6.8 14 210 M M 8 8 17 140
12 53 40 47 15 18 0 0.00 0.0 0 9.1 20 160 M M 8 25 150
13 52 30 41 8 24 0 T 0.0 0 19.7 33 280 M M 6 42 270
14 38 28 33 0 32 0 0.04 0.6 1 7.0 15 30 M M 4 1 19 30
15 45 25 35 1 30 0 0.00 0.0 0 8.5 16 30 M M 1 20 40
16 49 22 36 2 29 0 T 0.0 0 5.8 14 230 M M 4 20 220
17 50 30 40 6 25 0 0.01 0.0 0 10.3 23 290 M M 6 1 30 280
18 49 28 39 4 26 0 0.01 0.0 0 7.7 15 170 M M 6 19 150
19 58 30 44 9 21 0 0.14 0.0 0 8.9 21 150 M M 8 18 26 140
20 64 28 46 10 19 0 0.06 T 0 16.8 28 300 M M 10 18 37 300
21 37 20 29 -7 36 0 T T T 9.6 16 360 M M 7 21 360
22 42 18 30 -6 35 0 0.02 0.4 0 7.5 18 100 M M 4 26 150
23 39 31 35 -2 30 0 0.09 1.7 2 5.6 12 290 M M 10 18 14 290
24 48 29 39 2 26 0 0.00 0.0 0 4.5 13 160 M M 8 18 18 110
25 58 32 45 7 20 0 0.00 0.0 0 5.0 15 230 M M 4 23 290
26 56 41 49 11 16 0 T 0.0 0 9.1 16 280 M M 8 22 220
27 55 36 46 7 19 0 T 0.0 0 7.9 15 70 M M 6 20 130
28 51 42 47 8 18 0 1.28 0.0 0 9.5 17 120 M M 10 138 21 130
29 61 44 53 14 12 0 0.40 0.0 0 15.4 32 230 M M 9 13 44 240
30 45 39 42 2 23 0 0.03 0.0 0 13.7 24 280 M M 10 18 32 280
31 44 38 41 1 24 0 T 0.0 0 9.3 15 10 M M 10 18 18 10
================================================================================
SM 1547 963 752 0 2.41 2.8 305.3 M 187
================================================================================
AV 49.9 31.1 9.8 FASTST M M 6 MAX(MPH)
MISC ----> 33 280 44 240
================================================================================
NOTES:
# LAST OF SEVERAL OCCURRENCES
COLUMN 17 PEAK WIND IN M.P.H.
PRELIMINARY LOCAL CLIMATOLOGICAL DATA (WS FORM: F-6) , PAGE 2
STATION: FLINT MI
MONTH: MARCH
YEAR: 2020
LATITUDE: 42 58 N
LONGITUDE: 83 44 W
[TEMPERATURE DATA] [PRECIPITATION DATA] SYMBOLS USED IN COLUMN 16
AVERAGE MONTHLY: 40.5 TOTAL FOR MONTH: 2.41 1 = FOG OR MIST
DPTR FM NORMAL: 6.4 DPTR FM NORMAL: 0.50 2 = FOG REDUCING VISIBILITY
HIGHEST: 64 ON 20 GRTST 24HR 1.61 ON 28-29 TO 1/4 MILE OR LESS
LOWEST: 18 ON 22 3 = THUNDER
SNOW, ICE PELLETS, HAIL 4 = ICE PELLETS
TOTAL MONTH: 2.8 INCHES 5 = HAIL
GRTST 24HR 1.7 ON 23-23 6 = FREEZING RAIN OR DRIZZLE
GRTST DEPTH: 4 ON 1 7 = DUSTSTORM OR SANDSTORM:
VSBY 1/2 MILE OR LESS
8 = SMOKE OR HAZE
[NO. OF DAYS WITH] [WEATHER - DAYS WITH] 9 = BLOWING SNOW
X = TORNADO
MAX 32 OR BELOW: 0 0.01 INCH OR MORE: 14
MAX 90 OR ABOVE: 0 0.10 INCH OR MORE: 4
MIN 32 OR BELOW: 22 0.50 INCH OR MORE: 1
MIN 0 OR BELOW: 0 1.00 INCH OR MORE: 1
[HDD (BASE 65) ]
TOTAL THIS MO. 752 CLEAR (SCALE 0-3) 5
DPTR FM NORMAL -205 PTCLDY (SCALE 4-7) 16
TOTAL FM JUL 1 5158 CLOUDY (SCALE 8-10) 10
DPTR FM NORMAL -886
[CDD (BASE 65) ]
TOTAL THIS MO. 0
DPTR FM NORMAL 0 [PRESSURE DATA]
TOTAL FM JAN 1 0 HIGHEST SLP M ON M
DPTR FM NORMAL 0 LOWEST SLP 29.46 ON 3
[REMARKS]
#FINAL-03-20#