000
CXUS52 KMLB 011630
CF6FPR
PRELIMINARY LOCAL CLIMATOLOGICAL DATA (WS FORM: F-6)
STATION: FORT PIERCE
MONTH: NOVEMBER
YEAR: 2020
LATITUDE: 27 30 N
LONGITUDE: 80 22 W
TEMPERATURE IN F: :PCPN: SNOW: WIND :SUNSHINE: SKY :PK WND
================================================================================
1 2 3 4 5 6A 6B 7 8 9 10 11 12 13 14 15 16 17 18
12Z AVG MX 2MIN
DY MAX MIN AVG DEP HDD CDD WTR SNW DPTH SPD SPD DIR MIN PSBL S-S WX SPD DR
================================================================================
1 84 73 79 6 0 14 0.16 0.0 0 6.9 17 120 M M 8 13 21 100
2 77 69 73 1 0 8 0.05 0.0 0 10.7 20 20 M M 9 1 32 20
3 77 69 73 1 0 8 0.00 0.0 0 9.7 17 90 M M 8 24 70
4 79 71 75 3 0 10 0.01 0.0 0 12.2 20 80 M M 7 30 70
5 83 74 79 7 0 14 0.14 0.0 0 12.7 21 90 M M 7 1 29 90
6 82 74 78 6 0 13 0.25 0.0 0 9.3 20 90 M M 4 1 30 100
7 80 70 75 4 0 10 0.64 0.0 0 15.5 32 110 M M 7 138 48 100
8 78 72 75 4 0 10 2.49 0.0 0 16.5 33 90 M M 9 1 49 70
9 83 74 79 8 0 14 0.26 0.0 0 21.7 28 90 M M 10 44 100
10 83 72 78 7 0 13 1.14 0.0 0 14.3 28 110 M M 7 1 34 110
11 85 75 80 9 0 15 0.18 0.0 0 15.1 28 140 M M 4 13 37 140
12 87 75 81 11 0 16 0.06 0.0 0 9.1 18 220 M M 6 1 25 210
13 83 71 77 7 0 12 0.00 0.0 0 4.0 10 70 M M 5 1 15 40
14 84 71 78 8 0 13 T 0.0 0 7.6 17 100 M M 5 23 110
15 82 71 77 7 0 12 2.04 0.0 0 4.1 18 110 M M 7 1 22 110
16 82 70 76 6 0 11 0.00 0.0 0 4.3 12 20 M M 5 1 17 30
17 80 65 73 3 0 8 0.00 0.0 0 8.0 16 20 M M 1 26 360
18 78 60 69 0 0 4 T 0.0 0 10.7 18 60 M M 6 29 50
19 80 68 74 5 0 9 0.02 0.0 0 13.8 24 100 M M 8 18 31 90
20 79 69 74 5 0 9 0.07 0.0 0 10.2 18 90 M M 6 1 25 70
21 78 70 74 5 0 9 0.79 0.0 0 8.4 18 110 M M 7 18 24 90
22 79 69 74 5 0 9 0.48 0.0 0 4.2 16 100 M M 5 13 20 100
23 77 63 70 1 0 5 0.00 0.0 0 6.9 16 360 M M 5 1 27 350
24 80 60 70 1 0 5 0.00 0.0 0 7.7 20 100 M M 4 26 100
25 80 65 73 5 0 8 0.00 0.0 0 8.7 20 130 M M 4 25 140
26 82 62 72 4 0 7 0.00 0.0 0 3.5 14 100 M M 1 20 170
27 82 60 71 3 0 6 0.00 0.0 0 1.7 10 80 M M 1 14 80
28 82 63 73 5 0 8 0.00 0.0 0 2.8 8 130 M M 2 18 14 100
29 83 63 73 5 0 8 0.00 0.0 0 4.7 13 120 M M 1 15 100
30 80 60 70 2 0 5 0.25 0.0 0 8.4 18 210 M M 4 1 25 210
================================================================================
SM 2429 2048 0 293 9.03 0.0 273.4 M 163
================================================================================
AV 81.0 68.3 9.1 FASTST M M 5 MAX(MPH)
MISC ----> 33 90 49 70
================================================================================
NOTES:
# LAST OF SEVERAL OCCURRENCES
COLUMN 17 PEAK WIND IN M.P.H.
PRELIMINARY LOCAL CLIMATOLOGICAL DATA (WS FORM: F-6) , PAGE 2
STATION: FORT PIERCE
MONTH: NOVEMBER
YEAR: 2020
LATITUDE: 27 30 N
LONGITUDE: 80 22 W
[TEMPERATURE DATA] [PRECIPITATION DATA] SYMBOLS USED IN COLUMN 16
AVERAGE MONTHLY: 74.6 TOTAL FOR MONTH: 9.03 1 = FOG OR MIST
DPTR FM NORMAL: 4.6 DPTR FM NORMAL: 5.93 2 = FOG REDUCING VISIBILITY
HIGHEST: 87 ON 12 GRTST 24HR 2.49 ON 8- 8 TO 1/4 MILE OR LESS
LOWEST: 60 ON 30,27 3 = THUNDER
SNOW, ICE PELLETS, HAIL 4 = ICE PELLETS
TOTAL MONTH: 0.0 INCH 5 = HAIL
GRTST 24HR 0.0 6 = FREEZING RAIN OR DRIZZLE
GRTST DEPTH: 0 7 = DUSTSTORM OR SANDSTORM:
VSBY 1/2 MILE OR LESS
8 = SMOKE OR HAZE
[NO. OF DAYS WITH] [WEATHER - DAYS WITH] 9 = BLOWING SNOW
X = TORNADO
MAX 32 OR BELOW: 0 0.01 INCH OR MORE: 17
MAX 90 OR ABOVE: 0 0.10 INCH OR MORE: 12
MIN 32 OR BELOW: 0 0.50 INCH OR MORE: 5
MIN 0 OR BELOW: 0 1.00 INCH OR MORE: 3
[HDD (BASE 65) ]
TOTAL THIS MO. 0 CLEAR (SCALE 0-3) 5
DPTR FM NORMAL -23 PTCLDY (SCALE 4-7) 21
TOTAL FM JUL 1 0 CLOUDY (SCALE 8-10) 4
DPTR FM NORMAL -21
[CDD (BASE 65) ]
TOTAL THIS MO. 293
DPTR FM NORMAL 120 [PRESSURE DATA]
TOTAL FM JAN 1 4013 HIGHEST SLP 30.35 ON 19
DPTR FM NORMAL 741 LOWEST SLP 29.76 ON 9
[REMARKS]
#FINAL-11-20#
USED COOP OBSERVATION (FPCF1) FOR MAX/MIN TEMPS ON 11/9