000
CXUS54 KTSA 311127
CF6FSM
PRELIMINARY LOCAL CLIMATOLOGICAL DATA (WS FORM: F-6)
STATION: FORT SMITH ARKANSAS
MONTH: JUNE
YEAR: 2022
LATITUDE: 35 19 N
LONGITUDE: 94 22 W
TEMPERATURE IN F: :PCPN: SNOW: WIND :SUNSHINE: SKY :PK WND
================================================================================
1 2 3 4 5 6A 6B 7 8 9 10 11 12 13 14 15 16 17 18
12Z AVG MX 2MIN
DY MAX MIN AVG DEP HDD CDD WTR SNW DPTH SPD SPD DIR MIN PSBL S-S WX SPD DR
================================================================================
1 89 71 80 5 0 15 T 0.0 0 5.7 17 290 M M 2 24 300
2 79 66 73 -3 0 8 0.07 0.0 0 4.2 13 10 M M 5 1 15 10
3 82 62 72 -4 0 7 T 0.0 0 3.2 13 80 M M 1 17 80
4 85 60 73 -3 0 8 0.00 0.0 0 4.6 10 120 M M 0 17 120
5 78 64 71 -5 0 6 T 0.0 0 5.9 20 300 M M 2 31 160
6 87 66 77 0 0 12 1.15 0.0 0 6.1 32 350 M M 4 13 41 320
7 81 68 75 -2 0 10 4.58 0.0 0 3.7 26 130 M M 5 123 48 110
8 76 67 72 -5 0 7 2.52 0.0 0 6.5 25 60 M M 7 13 35 70
9 87 64 76 -2 0 11 0.00 0.0 0 4.0 10 100 M M 1 12 16 50
10 85 69 77 -1 0 12 2.70 0.0 0 5.8 24 170 M M 4 13 36 180
11 92 68 80 2 0 15 0.00 0.0 0 6.2 12 110 M M 2 1 16 160
12 98 75 87 9 0 22 0.00 0.0 0 6.0 16 200 M M 0 1 22 210
13 97 76 87 9 0 22 0.00 0.0 0 6.0 14 190 M M 0 22 180
14 93 76 85 6 0 20 0.00 0.0 0 8.3 18 200 M M 0 8 24 170
15 93 77 85 6 0 20 0.00 0.0 0 6.5 20 220 M M 0 29 230
16 95 76 86 7 0 21 0.00 0.0 0 4.1 10 150 M M 0 16 140
17 97 75 86 7 0 21 0.00 0.0 0 3.5 12 60 M M 0 1 15 50
18 98 76 87 7 0 22 0.00 0.0 0 4.9 32 80 M M 0 38 42 80
19 91 71 81 1 0 16 0.00 0.0 0 8.5 16 80 M M 0 22 80
20 94 63 79 -1 0 14 0.00 0.0 0 5.7 14 80 M M 0 21 50
21 98 71 85 5 0 20 0.00 0.0 0 3.9 9 230 M M 0 12 60
22 99 74 87 7 0 22 0.00 0.0 0 3.3 10 40 M M 1 14 360
23 98 75 87 6 0 22 0.00 0.0 0 4.9 14 110 M M 1 19 120
24 98 74 86 5 0 21 0.00 0.0 0 6.0 13 150 M M 1 3 18 140
25 100 78 89 8 0 24 0.00 0.0 0 5.8 13 240 M M 0 19 270
26 96 76 86 5 0 21 0.00 0.0 0 9.1 22 350 M M 1 26 360
27 88 71 80 -1 0 15 0.00 0.0 0 8.4 18 80 M M 3 26 60
28 86 66 76 -5 0 11 0.00 0.0 0 5.6 14 60 M M 0 18 60
29 91 62 77 -5 0 12 0.00 0.0 0 5.6 16 80 M M 0 21 90
30 95 65 80 -2 0 15 0.00 0.0 0 3.9 12 170 M M 0 17 150
================================================================================
SM 2726 2102 0 472 11.02 0.0 165.9 M 40
================================================================================
AV 90.9 70.1 5.5 FASTST M M 1 MAX(MPH)
MISC ----> # 32 350 48 110
================================================================================
NOTES:
# LAST OF SEVERAL OCCURRENCES
COLUMN 17 PEAK WIND IN M.P.H.
PRELIMINARY LOCAL CLIMATOLOGICAL DATA (WS FORM: F-6) , PAGE 2
STATION: FORT SMITH ARKANSAS
MONTH: JUNE
YEAR: 2022
LATITUDE: 35 19 N
LONGITUDE: 94 22 W
[TEMPERATURE DATA] [PRECIPITATION DATA] SYMBOLS USED IN COLUMN 16
AVERAGE MONTHLY: 80.5 TOTAL FOR MONTH: 11.02 1 = FOG OR MIST
DPTR FM NORMAL: 1.7 DPTR FM NORMAL: 6.46 2 = FOG REDUCING VISIBILITY
HIGHEST: 100 ON 25 GRTST 24HR 4.68 ON 7- 8 TO 1/4 MILE OR LESS
LOWEST: 60 ON 4 3 = THUNDER
SNOW, ICE PELLETS, HAIL 4 = ICE PELLETS
TOTAL MONTH: 0.0 INCH 5 = HAIL
GRTST 24HR 0.0 6 = FREEZING RAIN OR DRIZZLE
GRTST DEPTH: 0 7 = DUSTSTORM OR SANDSTORM:
VSBY 1/2 MILE OR LESS
8 = SMOKE OR HAZE
[NO. OF DAYS WITH] [WEATHER - DAYS WITH] 9 = BLOWING SNOW
X = TORNADO
MAX 32 OR BELOW: 0 0.01 INCH OR MORE: 5
MAX 90 OR ABOVE: 18 0.10 INCH OR MORE: 4
MIN 32 OR BELOW: 0 0.50 INCH OR MORE: 4
MIN 0 OR BELOW: 0 1.00 INCH OR MORE: 4
[HDD (BASE 65) ]
TOTAL THIS MO. 0 CLEAR (SCALE 0-3) 24
DPTR FM NORMAL 0 PTCLDY (SCALE 4-7) 6
TOTAL FM JUL 1 2767 CLOUDY (SCALE 8-10) 0
DPTR FM NORMAL -329
[CDD (BASE 65) ]
TOTAL THIS MO. 472
DPTR FM NORMAL 56 [PRESSURE DATA]
TOTAL FM JAN 1 779 HIGHEST SLP 30.26 ON 27
DPTR FM NORMAL 95 LOWEST SLP 29.61 ON 6
[REMARKS]
#FINAL-06-22#