000
CXUS54 KMAF 011210
CF6FST
PRELIMINARY LOCAL CLIMATOLOGICAL DATA (WS FORM: F-6)
STATION: FORT STOCKTON
MONTH: FEBRUARY
YEAR: 2020
LATITUDE: 30 55 N
LONGITUDE: 102 55 W
TEMPERATURE IN F: :PCPN: SNOW: WIND :SUNSHINE: SKY :PK WND
================================================================================
1 2 3 4 5 6A 6B 7 8 9 10 11 12 13 14 15 16 17 18
12Z AVG MX 2MIN
DY MAX MIN AVG DEP HDD CDD WTR SNW DPTH SPD SPD DIR MIN PSBL S-S WX SPD DR
================================================================================
1 68 34 51 0 14 0 0.00 0.0 0 10.3 17 220 M M 0 20 230
2 73 45 59 8 6 0 0.00 0.0 0 13.8 23 180 M M 0 27 180
3 75 49 62 11 3 0 T M M 15.1 32 240 M M 4 38 250
4 65 30 48 -3 17 0 0.06 M M 11.0 23 40 M M 5 1 28 40
5 30 21 26 -25 39 0 0.07 M M 10.5 21 330 M M 8 12 23 330
6 51 22 37 -14 28 0 0.00 0.0 0 13.7 30 290 M M 1 38 280
7 69 43 56 5 9 0 0.00 0.0 M 9.3 17 230 M M 0 22 220
8 67 35 51 -1 14 0 0.00 M M 8.4 18 160 M M 0 24 160
9 75 44 60 8 5 0 0.00 M M 7.3 16 170 M M 0 21 170
10 61 41 51 -1 14 0 0.01 M M 8.6 17 40 M M 6 13 22 40
11 47 33 40 -12 25 0 T M M 10.4 17 50 M M 9 12 21 60
12 56 33 45 -7 20 0 T M M 11.9 30 280 M M 5 1 40 270
13 59 30 45 -7 20 0 0.00 M M 7.4 16 130 M M 0 22 120
14 58 36 47 -5 18 0 0.00 0.0 0 14.6 23 150 M M 0 30 140
15 74 35 55 2 10 0 0.00 M M 9.1 18 160 M M 0 24 160
16 77 48 63 10 2 0 0.00 M M 12.1 18 220 M M 0 26 270
17 81 53 67 14 0 2 0.00 M M 10.2 17 270 M M 0 8 22 270
18 66 44 55 2 10 0 0.00 M M 8.9 22 360 M M 4 28 360
19 48 40 44 -10 21 0 T M M 7.3 14 80 M M 8 1 15 60
20 43 34 39 -15 26 0 T 0.0 0 10.3 20 50 M M 10 1 24 50
21 50 33 42 -12 23 0 0.00 M M 9.7 18 160 M M 7 23 160
22 72 39 56 2 9 0 0.00 M M 9.2 21 140 M M 0 26 130
23 73 48 61 7 4 0 0.00 M M 10.1 26 300 M M 1 34 300
24 73 47 60 6 5 0 0.00 M M 13.9 24 290 M M 0 30 290
25 55 36 46 -9 19 0 0.00 M M 13.1 31 20 M M 5 39 30
26 46 24 35 -20 30 0 0.00 M M 8.6 21 10 M M 0 28 20
27 65 28 47 -8 18 0 0.00 M M 9.0 16 230 M M 0 21 230
28 72 42 57 2 8 0 0.00 M M 9.9 15 160 M M 0 21 140
29 80 46 63 7 2 0 0.00 0.0 0 12.1 21 180 M M 0 27 170
================================================================================
SM 1829 1093 419 2 0.14 0.0 305.8 M 73
================================================================================
AV 63.1 37.7 10.5 FASTST M M 3 MAX(MPH)
MISC ----> 32 240 40 270
================================================================================
NOTES:
# LAST OF SEVERAL OCCURRENCES
COLUMN 17 PEAK WIND IN M.P.H.
PRELIMINARY LOCAL CLIMATOLOGICAL DATA (WS FORM: F-6) , PAGE 2
STATION: FORT STOCKTON
MONTH: FEBRUARY
YEAR: 2020
LATITUDE: 30 55 N
LONGITUDE: 102 55 W
[TEMPERATURE DATA] [PRECIPITATION DATA] SYMBOLS USED IN COLUMN 16
AVERAGE MONTHLY: 50.4 TOTAL FOR MONTH: 0.14 1 = FOG OR MIST
DPTR FM NORMAL: -2.3 DPTR FM NORMAL: -0.50 2 = FOG REDUCING VISIBILITY
HIGHEST: 81 ON 17 GRTST 24HR 0.13 ON 4- 5 TO 1/4 MILE OR LESS
LOWEST: 21 ON 5 3 = THUNDER
SNOW, ICE PELLETS, HAIL 4 = ICE PELLETS
TOTAL MONTH: T 5 = HAIL
GRTST 24HR 0.0 6 = FREEZING RAIN OR DRIZZLE
GRTST DEPTH: 0 7 = DUSTSTORM OR SANDSTORM:
VSBY 1/2 MILE OR LESS
8 = SMOKE OR HAZE
[NO. OF DAYS WITH] [WEATHER - DAYS WITH] 9 = BLOWING SNOW
X = TORNADO
MAX 32 OR BELOW: 1 0.01 INCH OR MORE: 3
MAX 90 OR ABOVE: 0 0.10 INCH OR MORE: 0
MIN 32 OR BELOW: 6 0.50 INCH OR MORE: 0
MIN 0 OR BELOW: 0 1.00 INCH OR MORE: 0
[HDD (BASE 65) ]
TOTAL THIS MO. 419 CLEAR (SCALE 0-3) 18
DPTR FM NORMAL 68 PTCLDY (SCALE 4-7) 8
TOTAL FM JUL 1 1687 CLOUDY (SCALE 8-10) 3
DPTR FM NORMAL 10
[CDD (BASE 65) ]
TOTAL THIS MO. 2
DPTR FM NORMAL -6 [PRESSURE DATA]
TOTAL FM JAN 1 2 HIGHEST SLP 30.65 ON 20
DPTR FM NORMAL -7 LOWEST SLP 29.53 ON 3
[REMARKS]
#FINAL-02-20#