000
CXUS56 KSGX 012223
CLMFUL
CLIMATE REPORT
NATIONAL WEATHER SERVICE SAN DIEGO, CA
223 PM PST FRI MAR 01 2024
...................................
...THE FULLERTON AIRPORT CA CLIMATE SUMMARY FOR THE MONTH OF FEBRUARY 2024...
CLIMATE NORMAL PERIOD: 1991 TO 2020
CLIMATE RECORD PERIOD: 1998 TO 2024
WEATHER OBSERVED NORMAL DEPART LAST YEAR`S
VALUE DATE(S) VALUE FROM VALUE DATE(S)
NORMAL
................................................................
TEMPERATURE (F)
RECORD
HIGH 94 02/15/2016
LOW 35 02/19/2019
02/27/2011
02/03/2011
HIGHEST 80 02/23 69 11 85 02/09
LOWEST 39 02/11 47 -8 38 02/26
AVG. MAXIMUM 65.2 69.0 -3.8 67.7
AVG. MINIMUM 49.7 48.3 1.4 46.0
MEAN 57.4 58.6 -1.2 56.9
DAYS MAX >= 90 0 0.5 -0.5 0
DAYS MAX <= 32 0 0.0 0.0 0
DAYS MAX >= 45 29 27
DAYS MIN <= 32 0 0.0 0.0 0
PRECIPITATION (INCHES)
RECORD
MAXIMUM 11.69 1980
MINIMUM 0.10 2021
TOTALS 9.82 3.02 6.80 2.95
DAILY AVG. 0.34 NAN NAN 0.10
DAYS >= .01 14 6.8 7.2 7
DAYS >= .10 8 4.5 3.5 4
DAYS >= .50 6 1.8 4.2 1
DAYS >= 1.00 4 0.7 3.3 1
DAYS >= %-5.2F 0 0
DAYS >= %-5.2F 0 0
GREATEST
24 HR. TOTAL 2.37 02/06 TO 02/06 1.81 02/24 TO 02/25
STORM TOTAL 2.37 1.57
(MM/DD(HH)) MM
DEGREE DAYS
HEATING TOTAL 215 187 28 225
SINCE 7/1 624 815 -191 MM
COOLING TOTAL 2 10 -8 6
SINCE 1/1 4 15 -11 MM
FREEZE DATES
RECORD
EARLIEST MM
LATEST MM
EARLIEST 12/31
LATEST MM
................................................................
WIND (MPH)
AVERAGE WIND SPEED 3.6
RESULTANT WIND SPEED/DIRECTION 2/120
HIGHEST WIND SPEED/DIRECTION 20/060 DATE 02/01
HIGHEST GUST SPEED/DIRECTION 27/070 DATE 02/01
27/140 02/04
SKY COVER
POSSIBLE SUNSHINE (PERCENT) MM
AVERAGE SKY COVER 0.51
NUMBER OF DAYS FAIR 9
NUMBER OF DAYS PC 12
NUMBER OF DAYS CLOUDY 8
AVERAGE RH (PERCENT) 75
WEATHER CONDITIONS. NUMBER OF DAYS WITH
THUNDERSTORM 1 MIXED PRECIP 0
HEAVY RAIN 6 RAIN 8
LIGHT RAIN 13 FREEZING RAIN 0
LT FREEZING RAIN 0 HAIL 0
HEAVY SNOW 0 SNOW 0
LIGHT SNOW 0 SLEET 0
FOG 24 FOG W/VIS <= 1/4 MILE 0
HAZE 10
- INDICATES NEGATIVE NUMBERS.
R INDICATES RECORD WAS SET OR TIED.
MM INDICATES DATA IS MISSING.
T INDICATES TRACE AMOUNT.
$$