000
CXUS56 KSGX 012233
CLMFUL
CLIMATE REPORT
NATIONAL WEATHER SERVICE SAN DIEGO, CA
333 PM PDT SAT APR 01 2023
...................................
...THE FULLERTON AIRPORT CA CLIMATE SUMMARY FOR THE MONTH OF MARCH 2023...
CLIMATE NORMAL PERIOD: 1991 TO 2020
CLIMATE RECORD PERIOD: 1998 TO 2023
WEATHER OBSERVED NORMAL DEPART LAST YEAR`S
VALUE DATE(S) VALUE FROM VALUE DATE(S)
NORMAL
................................................................
TEMPERATURE (F)
RECORD
HIGH 97 03/11/2007
LOW 36 03/12/2006
HIGHEST 78 03/18 70 8 88 03/01
03/23
LOWEST 40 03/02 48 -8 41 03/07
AVG. MAXIMUM 66.4 71.0 -4.6 74.4
AVG. MINIMUM 49.8 51.5 -1.7 51.0
MEAN 58.1 61.2 -3.1 62.7
DAYS MAX >= 90 0 1.0 -1.0 0
DAYS MAX <= 32 0 0.0 0.0 0
DAYS MAX >= 45 31 31
DAYS MIN <= 32 0 0.0 0.0 0
PRECIPITATION (INCHES)
RECORD
MAXIMUM 6.98 1978
MINIMUM 0.00 1997
TOTALS 7.49 1.74 5.75 0.63
DAILY AVG. 0.25 0.06 0.19 0.02
DAYS >= .01 12 5.3 6.7 2
DAYS >= .10 10 2.3 7.7 1
DAYS >= .50 5 0.8 4.2 0
DAYS >= 1.00 3 0.2 2.8 0
DAYS >= %-5.2F 0 0
DAYS >= %-5.2F 0 0
GREATEST
24 HR. TOTAL 1.69 03/21 TO 03/22 0.50 03/28 TO 03/28
STORM TOTAL 1.66 0.50
(MM/DD(HH)) MM
DEGREE DAYS
HEATING TOTAL 207 138 69 93
SINCE 7/1 1063 943 120 MM
COOLING TOTAL 0 22 -22 29
SINCE 1/1 6 37 -31 MM
FREEZE DATES
RECORD
EARLIEST MM
LATEST MM
EARLIEST 12/31
LATEST MM
................................................................
WIND (MPH)
AVERAGE WIND SPEED 4.3
RESULTANT WIND SPEED/DIRECTION 2/160
HIGHEST WIND SPEED/DIRECTION 24/310 DATE 03/01
HIGHEST GUST SPEED/DIRECTION 41/280 DATE 03/01
SKY COVER
POSSIBLE SUNSHINE (PERCENT) MM
AVERAGE SKY COVER 0.51
NUMBER OF DAYS FAIR 13
NUMBER OF DAYS PC 5
NUMBER OF DAYS CLOUDY 13
AVERAGE RH (PERCENT) 67
WEATHER CONDITIONS. NUMBER OF DAYS WITH
THUNDERSTORM 2 MIXED PRECIP 0
HEAVY RAIN 6 RAIN 8
LIGHT RAIN 15 FREEZING RAIN 0
LT FREEZING RAIN 0 HAIL 0
HEAVY SNOW 0 SNOW 0
LIGHT SNOW 0 SLEET 0
FOG 19 FOG W/VIS <= 1/4 MILE 0
HAZE 23
- INDICATES NEGATIVE NUMBERS.
R INDICATES RECORD WAS SET OR TIED.
MM INDICATES DATA IS MISSING.
T INDICATES TRACE AMOUNT.
$$