255
CXUS51 KCAR 010600
CF6FVE
PRELIMINARY LOCAL CLIMATOLOGICAL DATA (WS FORM: F-6)
STATION: FRENCHVILLE ME
MONTH: JANUARY
YEAR: 2021
LATITUDE: 47 16 N
LONGITUDE: 68 19 W
TEMPERATURE IN F: :PCPN: SNOW: WIND :SUNSHINE: SKY :PK WND
================================================================================
1 2 3 4 5 6A 6B 7 8 9 10 11 12 13 14 15 16 17 18
12Z AVG MX 2MIN
DY MAX MIN AVG DEP HDD CDD WTR SNW DPTH SPD SPD DIR MIN PSBL S-S WX SPD DR
================================================================================
1 20 12 16 5 49 0 T M M 6.4 15 270 M M 3 1 21 270
2 20 12 16 5 49 0 0.21 M M 6.2 10 320 M M 8 12 14 50
3 21 16 19 8 46 0 T M M 6.7 13 150 M M 10 18 17 210
4 21 18 20 10 45 0 0.00 M M 4.8 10 180 M M 10 12 14 90
5 25 20 23 13 42 0 0.00 M M 7.1 13 350 M M 10 18 20
6 27 19 23 13 42 0 0.00 M M 17.3 28 340 M M 7 38 360
7 25 19 22 12 43 0 T M M 21.4 33 330 M M 6 42 330
8 21 18 20 11 45 0 T M M 16.7 32 320 M M 10 128 39 320
9 28 20 24 15 41 0 T M M 13.6 22 340 M M 9 28 340
10 24 12 18 9 47 0 0.00 M M 10.6 22 340 M M 5 29 340
11 24 10 17 8 48 0 0.00 M M 4.7 12 270 M M 3 15 260
12 31 21 26 17 39 0 T M M 3.3 8 260 M M 8 1 11 280
13 30 23 27 18 38 0 T M M 4.5 10 210 M M 10 1 13 230
14 30 24 27 19 38 0 T M M 3.4 8 160 M M 10 18 11 190
15 32 26 29 21 36 0 0.00 M M 5.5 10 330 M M 10 1 12 340
16 28 21 25 17 40 0 0.22 M M 11.6 23 90 M M 7 1 34 90
17 31 27 29 21 36 0 0.11 M M 12.0 25 280 M M 10 1 31 290
18 28 11 20 12 45 0 T M M 13.4 24 300 M M 10 1 32 260
19 13 3 8 0 57 0 0.00 M M 10.3 20 290 M M 1 28 300
20 12 -1 6 -2 59 0 0.00 M M 8.1 14 340 M M 3 16 300
21 9 -9 0 -8 65 0 T M M 5.6 12 300 M M 3 1 12 100
22 17 3 10 2 55 0 0.03 M M 6.5 12 90 M M 9 1 18 90
23 18 10 14 6 51 0 T M M 14.4 30 300 M M 8 1 40 290
24 20 11 16 8 49 0 T M M 20.7 35 320 M M 9 47 320
25 21 17 19 11 46 0 0.00 M M 13.1 20 320 M M 10 27 310
26 M 18 M M M M M M M M M M M M M M M
27 31 24 28 20 37 0 M M M 3.8 9 290 M M 10 1 11 290
28 25 14 20 11 45 0 0.01 M M 7.1 17 340 M M 10 18 23 340
29 14 4 9 0 56 0 T M M 12.4 22 330 M M 10 1 28 330
30 7 -1 3 -6 62 0 0.00 M M 14.9 23 320 M M 5 29 320
31 16 -2 7 -2 58 0 0.00 M M 8.9 16 330 M M 1 19 320
================================================================================
SM 669 420 1409 0 0.58 M 295.0 M 225
================================================================================
AV 22.3 13.5 9.8 FASTST M M 8 MAX(MPH)
MISC ----> 35 320 47 320
================================================================================
NOTES:
# LAST OF SEVERAL OCCURRENCES
COLUMN 17 PEAK WIND IN M.P.H.
PRELIMINARY LOCAL CLIMATOLOGICAL DATA (WS FORM: F-6) , PAGE 2
STATION: FRENCHVILLE ME
MONTH: JANUARY
YEAR: 2021
LATITUDE: 47 16 N
LONGITUDE: 68 19 W
[TEMPERATURE DATA] [PRECIPITATION DATA] SYMBOLS USED IN COLUMN 16
AVERAGE MONTHLY: 17.9 TOTAL FOR MONTH: 0.58 1 = FOG OR MIST
DPTR FM NORMAL: 8.9 DPTR FM NORMAL: -1.18 2 = FOG REDUCING VISIBILITY
HIGHEST: 32 ON 15 GRTST 24HR 0.33 ON 2- 2 TO 1/4 MILE OR LESS
LOWEST: -9 ON 21 3 = THUNDER
SNOW, ICE PELLETS, HAIL 4 = ICE PELLETS
TOTAL MONTH: M 5 = HAIL
GRTST 24HR M ON M 6 = FREEZING RAIN OR DRIZZLE
GRTST DEPTH: M ON M 7 = DUSTSTORM OR SANDSTORM:
VSBY 1/2 MILE OR LESS
8 = SMOKE OR HAZE
[NO. OF DAYS WITH] [WEATHER - DAYS WITH] 9 = BLOWING SNOW
X = TORNADO
MAX 32 OR BELOW: 30 0.01 INCH OR MORE: 5
MAX 90 OR ABOVE: 0 0.10 INCH OR MORE: 3
MIN 32 OR BELOW: 31 0.50 INCH OR MORE: 0
MIN 0 OR BELOW: 4 1.00 INCH OR MORE: 0
[HDD (BASE 65) ]
TOTAL THIS MO. 1409 CLEAR (SCALE 0-3) 4
DPTR FM NORMAL -328 PTCLDY (SCALE 4-7) 8
TOTAL FM JUL 1 4744 CLOUDY (SCALE 8-10) 19
DPTR FM NORMAL -802
[CDD (BASE 65) ]
TOTAL THIS MO. 0
DPTR FM NORMAL 0 [PRESSURE DATA]
TOTAL FM JAN 1 0 HIGHEST SLP M ON M
DPTR FM NORMAL 0 LOWEST SLP 28.95 ON 17
[REMARKS]
#FINAL-01-21#