000
CXUS51 KCAR 010906
CLMFVE
CLIMATE REPORT
NATIONAL WEATHER SERVICE CARIBOU ME
506 AM EDT MON MAY 01 2023
...................................
...THE FRENCHVILLE ME CLIMATE SUMMARY FOR THE MONTH OF APRIL 2023...
CLIMATE NORMAL PERIOD: 1991 TO 2020
CLIMATE RECORD PERIOD: 9999 TO 9999
WEATHER OBSERVED NORMAL DEPART LAST YEAR`S
VALUE DATE(S) VALUE FROM VALUE DATE(S)
NORMAL
................................................................
TEMPERATURE (F)
RECORD
HIGH MM MM
LOW 12 04/03/2021
HIGHEST 65 04/28 MM MM 55 04/26
LOWEST 12* 04/03 MM MM 20 04/06
AVG. MAXIMUM 48.9 45.7 3.2 44.8
AVG. MINIMUM 30.5 29.7 0.8 30.7
MEAN 39.7 37.7 2.0 37.7
DAYS MAX >= 90 0 0.0 0.0 0
DAYS MAX <= 32 3 2.3 0.7 0
DAYS MIN <= 32 15 21.9 -6.9 19
DAYS MIN <= 0 0 0.0 0.0 0
PRECIPITATION (INCHES)
RECORD
MAXIMUM 1.76 2021
MINIMUM 0.70 2023
TOTALS 0.70* 2.35 -1.65 1.66
DAILY AVG. 0.02 0.08 -0.05 0.06
DAYS >= .01 8 12.5 -4.5 14
DAYS >= .10 2 5.9 -3.9 4
DAYS >= .50 0 1.2 -1.2 1
DAYS >= 1.00 0 0.2 -0.2 0
GREATEST
24 HR. TOTAL 0.38 04/17 TO 04/18 0.69 04/27 TO 04/28
STORM TOTAL 0.33 0.65
(MM/DD(HH)) MM
SNOWFALL (INCHES)
RECORDS
TOTAL MM MM
TOTALS MM MM MM MM
SINCE 7/1 MM MM MM MM
SNOWDEPTH AVG. MM MM
DAYS >= 1.0 MM MM MM MM
GREATEST
SNOW DEPTH MM MM MM
24 HR TOTAL MM MM
DEGREE DAYS
HEATING TOTAL 750 819 -69 811
SINCE 7/1 7854 8651 -797 MM
COOLING TOTAL 0 0 0 0
SINCE 1/1 0 0 0 MM
................................................................
WIND (MPH)
AVERAGE WIND SPEED 10.3
HIGHEST WIND SPEED/DIRECTION 35/280 DATE 04/07
HIGHEST GUST SPEED/DIRECTION 50/290 DATE 04/02
SKY COVER
POSSIBLE SUNSHINE (PERCENT) MM
AVERAGE SKY COVER 0.49
NUMBER OF DAYS FAIR 12
NUMBER OF DAYS PC 10
NUMBER OF DAYS CLOUDY 8
AVERAGE RH (PERCENT) 61
WEATHER CONDITIONS. NUMBER OF DAYS WITH
THUNDERSTORM 0 MIXED PRECIP 0
HEAVY RAIN 0 RAIN 1
LIGHT RAIN 8 FREEZING RAIN 0
LT FREEZING RAIN 3 HAIL 0
HEAVY SNOW 1 SNOW 3
LIGHT SNOW 6 SLEET 0
FOG 9 FOG W/VIS <= 1/4 MILE 6
HAZE 1
- INDICATES NEGATIVE NUMBERS.
* INDICATES RECORD WAS SET OR TIED.
MM INDICATES DATA IS MISSING.
T INDICATES TRACE AMOUNT.
$$