000
CXUS51 KCAR 040610
CLMFVE
CLIMATE REPORT
NATIONAL WEATHER SERVICE CARIBOU ME
210 AM EDT WED OCT 04 2023
...................................
...THE FRENCHVILLE ME CLIMATE SUMMARY FOR THE MONTH OF SEPTEMBER 2023...
CLIMATE NORMAL PERIOD: 1991 TO 2020
CLIMATE RECORD PERIOD: 9999 TO 9999
WEATHER OBSERVED NORMAL DEPART LAST YEAR`S
VALUE DATE(S) VALUE FROM VALUE DATE(S)
NORMAL
................................................................
TEMPERATURE (F)
RECORD
HIGH MM MM
LOW 28 09/18/2020
HIGHEST 84 09/04 MM MM 83 09/11
09/05
LOWEST 32 09/26 MM MM 32 09/19
AVG. MAXIMUM 69.2 65.6 3.6 66.0
AVG. MINIMUM 50.3 46.6 3.7 46.3
MEAN 59.8 56.1 3.7 56.2
DAYS MAX >= 90 0 0.0 0.0 0
DAYS MAX <= 32 0 0.0 0.0 0
DAYS MIN <= 32 1 1.5 -0.5 1
DAYS MIN <= 0 0 0.0 0.0 0
PRECIPITATION (INCHES)
RECORD
MAXIMUM 7.79 2021
MINIMUM 2.33 2022
TOTALS 4.53 3.46 1.07 2.33
DAILY AVG. 0.15 0.12 0.03 0.08
DAYS >= .01 10 12.9 -2.9 9
DAYS >= .10 5 7.1 -2.1 5
DAYS >= .50 3 2.1 0.9 2
DAYS >= 1.00 2 0.5 1.5 0
GREATEST
24 HR. TOTAL 1.62 09/18 TO 09/19 0.99 09/26 TO 09/27
STORM TOTAL 1.60 0.90
(MM/DD(HH)) MM
SNOWFALL (INCHES)
RECORDS
TOTAL MM MM
TOTALS MM MM MM MM
SINCE 7/1 MM MM MM MM
SNOWDEPTH AVG. MM MM
DAYS >= 1.0 MM MM MM MM
GREATEST
SNOW DEPTH MM MM MM
24 HR TOTAL MM MM
DEGREE DAYS
HEATING TOTAL 187 284 -97 278
SINCE 7/1 296 411 -115 MM
COOLING TOTAL 38 17 21 19
SINCE 1/1 318 208 110 MM
................................................................
WIND (MPH)
AVERAGE WIND SPEED 6.9
HIGHEST WIND SPEED/DIRECTION 35/280 DATE 09/07
HIGHEST GUST SPEED/DIRECTION 54/270 DATE 09/07
SKY COVER
POSSIBLE SUNSHINE (PERCENT) MM
AVERAGE SKY COVER 0.41
NUMBER OF DAYS FAIR 14
NUMBER OF DAYS PC 9
NUMBER OF DAYS CLOUDY 7
AVERAGE RH (PERCENT) 76
WEATHER CONDITIONS. NUMBER OF DAYS WITH
THUNDERSTORM 3 MIXED PRECIP 0
HEAVY RAIN 4 RAIN 4
LIGHT RAIN 14 FREEZING RAIN 0
LT FREEZING RAIN 0 HAIL 0
HEAVY SNOW 0 SNOW 0
LIGHT SNOW 0 SLEET 0
FOG 22 FOG W/VIS <= 1/4 MILE 10
HAZE 3
- INDICATES NEGATIVE NUMBERS.
* INDICATES RECORD WAS SET OR TIED.
MM INDICATES DATA IS MISSING.
T INDICATES TRACE AMOUNT.
$$