000
CXUS53 KUNR 010930
CF6GCC
PRELIMINARY LOCAL CLIMATOLOGICAL DATA (WS FORM: F-6)
STATION: GILLETTE AIRPORT WY
MONTH: MAY
YEAR: 2023
LATITUDE: 44 20 N
LONGITUDE: 105 32 W
TEMPERATURE IN F: :PCPN: SNOW: WIND :SUNSHINE: SKY :PK WND
================================================================================
1 2 3 4 5 6A 6B 7 8 9 10 11 12 13 14 15 16 17 18
12Z AVG MX 2MIN
DY MAX MIN AVG DEP HDD CDD WTR SNW DPTH SPD SPD DIR MIN PSBL S-S WX SPD DR
================================================================================
1 70 36 53 7 12 0 0.00 M M 9.4 20 160 M M 0 26 170
2 74 41 58 11 7 0 0.00 M M 18.7 29 150 M M 0 37 150
3 78 43 61 14 4 0 0.00 M M 7.6 17 340 M M 0 22 300
4 80 39 60 12 5 0 0.00 M M 7.9 26 210 M M 3 3 37 210
5 78 42 60 12 5 0 0.00 M M 14.0 30 140 M M 2 38 140
6 68 34 51 3 14 0 0.00 M M 7.0 30 320 M M 2 1 41 320
7 65 33 49 0 16 0 0.00 M M 8.4 33 290 M M 1 3 43 290
8 70 30 50 1 15 0 0.00 M M 6.1 20 200 M M 1 28 220
9 74 43 59 9 6 0 0.00 M M 9.7 24 170 M M 1 35 180
10 76 40 58 8 7 0 0.39 M M 8.8 25 350 M M 3 13 34 340
11 52 49 51 1 14 0 0.33 M M 14.6 21 340 M M 10 18 27 330
12 51 48 50 -1 15 0 0.37 M M 19.5 28 330 M M 10 18 35 330
13 52 47 50 -1 15 0 0.31 M M 15.8 24 350 M M 10 1 31 340
14 56 47 52 1 13 0 0.11 M M 9.2 17 70 M M 10 18 22 70
15 69 42 56 4 9 0 0.00 M M 11.9 22 160 M M 4 1 29 170
16 76 43 60 8 5 0 0.01 M M 4.9 17 330 M M 1 3 23 330
17 69 48 59 6 6 0 0.21 M M 9.7 24 340 M M 5 138 32 340
18 64 37 51 -2 14 0 0.00 M M 8.9 24 350 M M 6 18 31 340
19 68 32 50 -3 15 0 0.00 M M 5.7 23 170 M M 0 18 30 180
20 79 46 63 9 2 0 0.00 M M 7.6 17 170 M M 0 18 24 360
21 76 47 62 8 3 0 0.00 M M 4.1 10 10 M M 4 18 14 40
22 84 45 65 11 0 0 0.30 M M 9.5 29 290 M M 1 138 37 290
23 80 52 66 11 0 1 0.23 M M 7.6 40 200 M M 2 38 53 200
24 80 57 69 14 0 4 0.00 M M 10.9 26 150 M M 1 36 160
25 81 53 67 11 0 2 0.40 M M 9.3 39 290 M M 4 13 50 290
26 77 52 65 9 0 0 T M M 10.7 30 130 M M 4 36 180
27 73 48 61 5 4 0 0.00 M M 7.1 15 170 M M 1 21 180
28 74 48 61 5 4 0 0.58 M M 7.3 21 40 M M 2 13 27 30
29 73 46 60 3 5 0 T M M 4.7 16 350 M M 2 23 330
30 77 51 64 7 1 0 0.03 M M 6.1 23 310 M M 2 3 28 320
31 79 49 64 7 1 0 0.02 M M 8.3 29 240 M M 1 3 41 240
================================================================================
SM 2223 1368 217 7 3.29 M 291.0 M 93
================================================================================
AV 71.7 44.1 9.4 FASTST M M 3 MAX(MPH)
MISC ----> 40 200 53 200
================================================================================
NOTES:
# LAST OF SEVERAL OCCURRENCES
COLUMN 17 PEAK WIND IN M.P.H.
PRELIMINARY LOCAL CLIMATOLOGICAL DATA (WS FORM: F-6) , PAGE 2
STATION: GILLETTE AIRPORT WY
MONTH: MAY
YEAR: 2023
LATITUDE: 44 20 N
LONGITUDE: 105 32 W
[TEMPERATURE DATA] [PRECIPITATION DATA] SYMBOLS USED IN COLUMN 16
AVERAGE MONTHLY: 57.9 TOTAL FOR MONTH: 3.29 1 = FOG OR MIST
DPTR FM NORMAL: 5.8 DPTR FM NORMAL: 0.66 2 = FOG REDUCING VISIBILITY
HIGHEST: 84 ON 22 GRTST 24HR 0.72 ON 10-11 TO 1/4 MILE OR LESS
LOWEST: 30 ON 8 3 = THUNDER
SNOW, ICE PELLETS, HAIL 4 = ICE PELLETS
TOTAL MONTH: M 5 = HAIL
GRTST 24HR M ON M 6 = FREEZING RAIN OR DRIZZLE
GRTST DEPTH: M ON M 7 = DUSTSTORM OR SANDSTORM:
VSBY 1/2 MILE OR LESS
8 = SMOKE OR HAZE
[NO. OF DAYS WITH] [WEATHER - DAYS WITH] 9 = BLOWING SNOW
X = TORNADO
MAX 32 OR BELOW: 0 0.01 INCH OR MORE: 13
MAX 90 OR ABOVE: 0 0.10 INCH OR MORE: 10
MIN 32 OR BELOW: 2 0.50 INCH OR MORE: 1
MIN 0 OR BELOW: 0 1.00 INCH OR MORE: 0
[HDD (BASE 65) ]
TOTAL THIS MO. 217 CLEAR (SCALE 0-3) 20
DPTR FM NORMAL -190 PTCLDY (SCALE 4-7) 7
TOTAL FM JUL 1 7540 CLOUDY (SCALE 8-10) 4
DPTR FM NORMAL 182
[CDD (BASE 65) ]
TOTAL THIS MO. 7
DPTR FM NORMAL 0 [PRESSURE DATA]
TOTAL FM JAN 1 7 HIGHEST SLP 30.52 ON 14
DPTR FM NORMAL 0 LOWEST SLP 29.56 ON 5
[REMARKS]
#FINAL-05-23#