000
CXUS53 KUNR 071514
CF6GCC
PRELIMINARY LOCAL CLIMATOLOGICAL DATA (WS FORM: F-6)
STATION: GILLETTE AIRPORT WY
MONTH: JULY
YEAR: 2022
LATITUDE: 44 20 N
LONGITUDE: 105 32 W
TEMPERATURE IN F: :PCPN: SNOW: WIND :SUNSHINE: SKY :PK WND
================================================================================
1 2 3 4 5 6A 6B 7 8 9 10 11 12 13 14 15 16 17 18
12Z AVG MX 2MIN
DY MAX MIN AVG DEP HDD CDD WTR SNW DPTH SPD SPD DIR MIN PSBL S-S WX SPD DR
================================================================================
1 86 50 68 0 0 3 0.00 M M 9.6 23 160 M M 1 33 150
2 89 52 71 3 0 6 T M M 6.9 38 190 M M 1 3 52 190
3 93 53 73 5 0 8 0.00 M M 9.2 26 280 M M 0 40 280
4 87 56 72 3 0 7 0.00 M M 8.5 18 320 M M 1 25 340
5 87 53 70 1 0 5 0.00 M M 7.9 22 30 M M 2 30 30
6 90 58 74 4 0 9 0.93 M M 11.6 36 320 M M 3 13 49 320
7 87 55 71 1 0 6 T M M 6.2 32 160 M M 0 47 160
8 92 63 78 8 0 13 0.00 M M 13.9 26 160 M M 0 36 160
9 96 63 80 10 0 15 0.00 M M 11.5 25 160 M M 0 35 160
10 88 58 73 2 0 8 T M M 10.6 35 350 M M 1 48 360
11 81 51 66 -5 0 1 0.00 M M 5.3 16 350 M M 2 20 350
12 90 53 72 1 0 7 0.00 M M 6.9 20 150 M M 0 26 150
13 100 66 83 12 0 18 0.00 M M 13.4 33 280 M M 0 47 300
14 94 61 78 6 0 13 0.22 M M 8.1 29 300 M M 0 38 39 310
15 95 64 80 8 0 15 T M M 9.2 25 350 M M 2 3 35 350
16 93 62 78 6 0 13 0.00 M M 6.9 15 260 M M 0 20 340
17 100 63 82 10 0 17 0.00 M M 8.2 16 240 M M 0 23 250
18 100 62 81 9 0 16 0.00 M M 8.1 33 340 M M 0 43 350
19 85 50 68 -4 0 3 0.00 M M 13.7 32 300 M M 0 43 330
20 91 54 73 0 0 8 0.00 M M 12.1 23 320 M M 0 30 320
21 93 56 75 2 0 10 0.00 M M 9.2 20 330 M M 0 29 330
22 99 56 78 5 0 13 0.00 M M 10.7 25 290 M M 0 35 230
23 85 60 73 0 0 8 0.00 M M 10.4 25 10 M M 1 3 37 350
24 87 58 73 0 0 8 0.13 M M 9.2 28 160 M M 3 3 34 160
25 83 56 70 -3 0 5 0.05 M M 6.3 17 180 M M 2 3 23 180
26 78 60 69 -4 0 4 0.25 M M 4.5 16 330 M M 7 1 21 320
27 87 53 70 -3 0 5 0.00 M M 9.2 21 30 M M 3 27 340
28 82 48 65 -8 0 0 0.00 M M 4.2 15 170 M M 1 19 10
29 91 59 75 2 0 10 0.00 M M 7.2 16 170 M M 1 23 170
30 96 55 76 3 0 11 0.00 M M 4.5 16 330 M M 0 23 350
31 92 54 73 0 0 8 0.00 M M 5.2 15 170 M M 0 21 360
================================================================================
SM 2797 1762 0 273 1.58 M 268.4 M 31
================================================================================
AV 90.2 56.8 8.7 FASTST M M 1 MAX(MPH)
MISC ----> 38 190 52 190
================================================================================
NOTES:
# LAST OF SEVERAL OCCURRENCES
COLUMN 17 PEAK WIND IN M.P.H.
PRELIMINARY LOCAL CLIMATOLOGICAL DATA (WS FORM: F-6) , PAGE 2
STATION: GILLETTE AIRPORT WY
MONTH: JULY
YEAR: 2022
LATITUDE: 44 20 N
LONGITUDE: 105 32 W
[TEMPERATURE DATA] [PRECIPITATION DATA] SYMBOLS USED IN COLUMN 16
AVERAGE MONTHLY: 73.5 TOTAL FOR MONTH: 1.58 1 = FOG OR MIST
DPTR FM NORMAL: 2.2 DPTR FM NORMAL: 0.06 2 = FOG REDUCING VISIBILITY
HIGHEST: 100 ON 17,13 GRTST 24HR 0.93 ON 6- 6 TO 1/4 MILE OR LESS
LOWEST: 48 ON 28 3 = THUNDER
SNOW, ICE PELLETS, HAIL 4 = ICE PELLETS
TOTAL MONTH: M 5 = HAIL
GRTST 24HR M ON M 6 = FREEZING RAIN OR DRIZZLE
GRTST DEPTH: M ON M 7 = DUSTSTORM OR SANDSTORM:
VSBY 1/2 MILE OR LESS
8 = SMOKE OR HAZE
[NO. OF DAYS WITH] [WEATHER - DAYS WITH] 9 = BLOWING SNOW
X = TORNADO
MAX 32 OR BELOW: 0 0.01 INCH OR MORE: 5
MAX 90 OR ABOVE: 17 0.10 INCH OR MORE: 4
MIN 32 OR BELOW: 0 0.50 INCH OR MORE: 1
MIN 0 OR BELOW: 0 1.00 INCH OR MORE: 0
[HDD (BASE 65) ]
TOTAL THIS MO. 0 CLEAR (SCALE 0-3) 29
DPTR FM NORMAL -18 PTCLDY (SCALE 4-7) 2
TOTAL FM JUL 1 0 CLOUDY (SCALE 8-10) 0
DPTR FM NORMAL -14
[CDD (BASE 65) ]
TOTAL THIS MO. 273
DPTR FM NORMAL 58 [PRESSURE DATA]
TOTAL FM JAN 1 338 HIGHEST SLP 30.18 ON 11
DPTR FM NORMAL 54 LOWEST SLP 29.58 ON 18
[REMARKS]
#FINAL-07-22#