204
CXUS56 KFGZ 010900
CF6GCN
PRELIMINARY LOCAL CLIMATOLOGICAL DATA (WS FORM: F-6)
STATION: GRAND CANYON AZ AIRPORT
MONTH: NOVEMBER
YEAR: 2020
LATITUDE: 35 57 N
LONGITUDE: 112 9 W
TEMPERATURE IN F: :PCPN: SNOW: WIND :SUNSHINE: SKY :PK WND
================================================================================
1 2 3 4 5 6A 6B 7 8 9 10 11 12 13 14 15 16 17 18
12Z AVG MX 2MIN
DY MAX MIN AVG DEP HDD CDD WTR SNW DPTH SPD SPD DIR MIN PSBL S-S WX SPD DR
================================================================================
1 72 28 50 9 15 0 0.00 M M 8.0 18 40 M M 0 23 40
2 73 42 58 18 7 0 0.00 M M 8.0 17 70 M M 0 26 290
3 68 30 49 9 16 0 T M M 4.3 21 50 M M 4 25 50
4 70 26 48 8 17 0 0.00 M M 3.3 14 40 M M 0 8 18 30
5 70 26 48 9 17 0 0.00 M M 7.7 17 80 M M 0 23 80
6 69 35 52 13 13 0 T M M 10.5 30 210 M M 4 40 210
7 56 29 43 4 22 0 0.03 M M 16.4 35 230 M M 5 123 45 170
8 34 25 30 -8 35 0 0.30 M M 14.2 29 200 M M 8 12 40 210
9 30 2 16 -22 49 0 0.02 M M 5.8 16 230 M M 6 18 21 260
10 35 -2 17 -21 48 0 0.00 M M 2.6 12 300 M M 2 1 16 300
11 49 12 31 -6 34 0 0.00 M M 2.2 12 240 M M 0 18 260
12 53 18 36 -1 29 0 0.00 M M 2.6 12 40 M M 1 17 130
13 54 17 36 -1 29 0 0.00 M M 7.7 24 220 M M 0 30 220
14 50 21 36 0 29 0 0.00 M M 7.4 16 230 M M 0 26 260
15 61 17 39 3 26 0 0.00 M M 2.1 10 290 M M 0 14 260
16 68 20 44 8 21 0 0.00 M M 5.9 17 40 M M 0 20 40
17 70 31 51 16 14 0 0.00 M M 7.4 23 220 M M 0 29 220
18 66 28 47 12 18 0 0.00 M M 11.1 32 210 M M 1 45 220
19 63 23 43 8 22 0 0.00 M M 6.0 20 230 M M 0 28 250
20 64 20 42 8 23 0 0.00 M M 3.6 17 220 M M 0 22 210
21 65 25 45 11 20 0 0.00 M M 2.6 13 220 M M 0 16 220
22 61 33 47 13 18 0 0.00 M M 7.6 22 210 M M 1 27 200
23 56 25 41 8 24 0 0.00 M M 8.4 26 220 M M 3 33 220
24 47 12 30 -3 35 0 0.00 M M 3.5 13 220 M M 0 17 220
25 51 8 30 -3 35 0 0.00 M M 4.9 17 220 M M 0 22 210
26 M M M M M M T M M 2.7 9 230 M M 2 M M
27 44 10 27 -5 38 0 0.00 M M 7.7 21 20 M M 2 28 30
28 52 5 29 -3 36 0 0.00 M M 2.2 12 30 M M 0 17 360
29 49 5 27 -5 38 0 0.00 M M 6.9 21 50 M M 0 26 50
30 52 13 33 2 32 0 0.00 M M 4.5 14 60 M M 0 17 70
================================================================================
SM 1652 584 760 0 0.35 M 187.8 M 39
================================================================================
AV 57.0 20.1 6.3 FASTST M M 1 MAX(MPH)
MISC ----> # 35 230 # 45 170
================================================================================
NOTES:
# LAST OF SEVERAL OCCURRENCES
COLUMN 17 PEAK WIND IN M.P.H.
PRELIMINARY LOCAL CLIMATOLOGICAL DATA (WS FORM: F-6) , PAGE 2
STATION: GRAND CANYON AZ AIRPORT
MONTH: NOVEMBER
YEAR: 2020
LATITUDE: 35 57 N
LONGITUDE: 112 9 W
[TEMPERATURE DATA] [PRECIPITATION DATA] SYMBOLS USED IN COLUMN 16
AVERAGE MONTHLY: 38.6 TOTAL FOR MONTH: 0.35 1 = FOG OR MIST
DPTR FM NORMAL: 2.8 DPTR FM NORMAL: -0.69 2 = FOG REDUCING VISIBILITY
HIGHEST: 73 ON 2 GRTST 24HR 0.30 ON 8- 8 TO 1/4 MILE OR LESS
LOWEST: -2 ON 10 3 = THUNDER
SNOW, ICE PELLETS, HAIL 4 = ICE PELLETS
TOTAL MONTH: M 5 = HAIL
GRTST 24HR M ON M 6 = FREEZING RAIN OR DRIZZLE
GRTST DEPTH: M ON M 7 = DUSTSTORM OR SANDSTORM:
VSBY 1/2 MILE OR LESS
8 = SMOKE OR HAZE
[NO. OF DAYS WITH] [WEATHER - DAYS WITH] 9 = BLOWING SNOW
X = TORNADO
MAX 32 OR BELOW: 1 0.01 INCH OR MORE: 3
MAX 90 OR ABOVE: 0 0.10 INCH OR MORE: 1
MIN 32 OR BELOW: 26 0.50 INCH OR MORE: 0
MIN 0 OR BELOW: 1 1.00 INCH OR MORE: 0
[HDD (BASE 65) ]
TOTAL THIS MO. 760 CLEAR (SCALE 0-3) 25
DPTR FM NORMAL -114 PTCLDY (SCALE 4-7) 4
TOTAL FM JUL 1 1446 CLOUDY (SCALE 8-10) 1
DPTR FM NORMAL -322
[CDD (BASE 65) ]
TOTAL THIS MO. 0
DPTR FM NORMAL 0 [PRESSURE DATA]
TOTAL FM JAN 1 227 HIGHEST SLP M ON M
DPTR FM NORMAL 139 LOWEST SLP 29.43 ON 7
[REMARKS]
#FINAL-11-20#