575
CXUS53 KIND 010600
CF6GEZ
PRELIMINARY LOCAL CLIMATOLOGICAL DATA (WS FORM: F-6)
STATION: SHELBYVILLE IN
MONTH: SEPTEMBER
YEAR: 2020
LATITUDE: 39 35 N
LONGITUDE: 85 48 W
TEMPERATURE IN F: :PCPN: SNOW: WIND :SUNSHINE: SKY :PK WND
================================================================================
1 2 3 4 5 6A 6B 7 8 9 10 11 12 13 14 15 16 17 18
12Z AVG MX 2MIN
DY MAX MIN AVG DEP HDD CDD WTR SNW DPTH SPD SPD DIR MIN PSBL S-S WX SPD DR
================================================================================
1 82 67 75 5 0 10 T M M 4.1 12 190 M M 7 128 16 180
2 81 71 76 6 0 11 0.05 M M 6.6 14 260 M M 7 18 19 260
3 85 70 78 8 0 13 0.05 M M 7.1 18 260 M M 4 18 26 250
4 79 56 68 -2 0 3 0.00 M M 5.1 16 300 M M 1 23 290
5 82 52 67 -2 0 2 0.00 M M 6.6 17 220 M M 0 24 210
6 81 57 69 0 0 4 0.00 M M 7.0 18 190 M M 0 26 180
7 87 65 76 7 0 11 0.00 M M 10.9 20 210 M M 2 3 27 200
8 89 67 78 10 0 13 0.00 M M 6.4 14 180 M M 0 19 150
9 90 63 77 9 0 12 0.00 M M 3.5 9 160 M M 0 18 13 170
10 82 63 73 5 0 8 0.00 M M 6.8 14 350 M M 5 128 18 350
11 79 66 73 5 0 8 0.00 M M 7.8 13 60 M M 10 8 18 110
12 85 65 75 8 0 10 0.00 M M 5.7 12 190 M M 5 18 17 100
13 82 64 73 6 0 8 0.02 M M 5.4 13 340 M M 4 18 17 340
14 80 56 68 2 0 3 0.00 M M 6.9 15 40 M M 0 21 30
15 78 52 65 -1 0 0 0.00 M M 4.6 8 90 M M 0 14 80
16 80 46 63 -3 2 0 0.00 M M 1.8 7 200 M M 0 9 180
17 84 50 67 2 0 2 0.00 M M 5.0 16 20 M M 2 23 20
18 70 50 60 -5 5 0 0.00 M M 9.0 18 20 M M 0 28 10
19 72 44 58 -6 7 0 0.00 M M 6.8 13 70 M M 0 20 70
20 77 43 60 -4 5 0 0.00 M M 7.6 15 70 M M 0 23 100
21 79 43 61 -3 4 0 0.00 M M 5.9 9 130 M M 0 15 100
22 79 45 62 -1 3 0 0.00 M M 3.5 8 190 M M 0 13 260
23 75 50 63 0 2 0 0.00 M M 2.5 10 200 M M 0 1 14 230
24 79 54 67 5 0 2 0.00 M M 3.2 10 190 M M 0 18 14 170
25 80 51 66 4 0 1 0.00 M M 5.0 10 180 M M 1 18 15 120
26 79 55 67 6 0 2 0.00 M M 9.4 22 180 M M 4 128 30 160
27 82 61 72 11 0 7 0.00 M M 10.3 18 210 M M 1 25 200
28 66 49 58 -2 7 0 0.16 M M 7.0 15 310 M M 6 1 21 310
29 68 44 56 -4 9 0 0.01 M M 5.7 16 260 M M 3 128 23 250
30 75 47 61 1 4 0 0.00 M M 11.3 24 280 M M 4 33 260
================================================================================
SM 2387 1666 48 130 0.29 M 188.5 M 66
================================================================================
AV 79.6 55.5 6.3 FASTST M M 2 MAX(MPH)
MISC ----> 24 280 33 260
================================================================================
NOTES:
# LAST OF SEVERAL OCCURRENCES
COLUMN 17 PEAK WIND IN M.P.H.
PRELIMINARY LOCAL CLIMATOLOGICAL DATA (WS FORM: F-6) , PAGE 2
STATION: SHELBYVILLE IN
MONTH: SEPTEMBER
YEAR: 2020
LATITUDE: 39 35 N
LONGITUDE: 85 48 W
[TEMPERATURE DATA] [PRECIPITATION DATA] SYMBOLS USED IN COLUMN 16
AVERAGE MONTHLY: 67.6 TOTAL FOR MONTH: 0.29 1 = FOG OR MIST
DPTR FM NORMAL: 2.1 DPTR FM NORMAL: -2.88 2 = FOG REDUCING VISIBILITY
HIGHEST: 90 ON 9 GRTST 24HR 0.16 ON 28-28 TO 1/4 MILE OR LESS
LOWEST: 43 ON 21,20 3 = THUNDER
SNOW, ICE PELLETS, HAIL 4 = ICE PELLETS
TOTAL MONTH: M 5 = HAIL
GRTST 24HR M ON M 6 = FREEZING RAIN OR DRIZZLE
GRTST DEPTH: M ON M 7 = DUSTSTORM OR SANDSTORM:
VSBY 1/2 MILE OR LESS
8 = SMOKE OR HAZE
[NO. OF DAYS WITH] [WEATHER - DAYS WITH] 9 = BLOWING SNOW
X = TORNADO
MAX 32 OR BELOW: 0 0.01 INCH OR MORE: 5
MAX 90 OR ABOVE: 1 0.10 INCH OR MORE: 1
MIN 32 OR BELOW: 0 0.50 INCH OR MORE: 0
MIN 0 OR BELOW: 0 1.00 INCH OR MORE: 0
[HDD (BASE 65) ]
TOTAL THIS MO. 48 CLEAR (SCALE 0-3) 20
DPTR FM NORMAL -31 PTCLDY (SCALE 4-7) 9
TOTAL FM JUL 1 48 CLOUDY (SCALE 8-10) 1
DPTR FM NORMAL -37
[CDD (BASE 65) ]
TOTAL THIS MO. 130
DPTR FM NORMAL 37 [PRESSURE DATA]
TOTAL FM JAN 1 1311 HIGHEST SLP M ON M
DPTR FM NORMAL 412 LOWEST SLP 29.69 ON 28
[REMARKS]
#FINAL-09-20#