000
CXUS53 KFGF 011611
CF6GFK
PRELIMINARY LOCAL CLIMATOLOGICAL DATA (WS FORM: F-6)
STATION: GRAND FORKS INTL AP ND
MONTH: FEBRUARY
YEAR: 2022
LATITUDE: 47 57 N
LONGITUDE: 97 11 W
TEMPERATURE IN F: :PCPN: SNOW: WIND :SUNSHINE: SKY :PK WND
================================================================================
1 2 3 4 5 6A 6B 7 8 9 10 11 12 13 14 15 16 17 18
12Z AVG MX 2MIN
DY MAX MIN AVG DEP HDD CDD WTR SNW DPTH SPD SPD DIR MIN PSBL S-S WX SPD DR
================================================================================
1 27 -9 9 2 56 0 0.07 0.9 9 22.6 37 320 M M 7 12689 51 320
2 -5 -21 -13 -20 78 0 0.00 0.0 8 10.5 20 300 M M 0 24 300
3 -4 -31 -17 -24 82 0 0.03 0.3 8 12.2 23 180 M M 4 19 30 160
4 -4 -14 -9 -16 74 0 0.01 0.1 8 11.3 23 340 M M 5 19 29 350
5 13 -7 3 -5 62 0 0.27 2.5 9 15.0 29 160 M M 10 189 38 160
6 5 -12 -3 -11 68 0 0.01 0.4 11 11.4 22 330 M M 5 1 27 330
7 17 0 9 1 56 0 T T 11 16.8 22 180 M M 7 1 27 180
8 37 15 26 18 39 0 0.01 T 10 19.4 29 270 M M 6 1 37 270
9 32 1 17 8 48 0 0.01 0.1 9 18.6 33 340 M M 8 19 42 350
10 38 4 21 12 44 0 0.13 1.4 9 19.6 38 350 M M 8 129 48 340
11 21 -18 2 -7 63 0 0.01 0.2 9 28.7 44 350 M M 8 129 57 340
12 5 -21 -8 -17 73 0 0.02 0.2 7 10.6 26 350 M M 6 189 32 350
13 5 -21 -8 -18 73 0 0.07 3.6 7 12.6 26 170 M M 7 129 39 160
14 1 -18 -8 -18 73 0 T T 9 5.8 17 350 M M 5 1 22 340
15 18 -6 6 -4 59 0 0.01 T 8 10.7 21 150 M M 9 189 27 120
16 14 -11 2 -9 63 0 T T 8 11.9 23 330 M M 7 19 30 330
17 0 -23 -11 -22 76 0 T T 9 9.3 22 150 M M 4 8 26 150
18 20 -5 8 -3 57 0 0.13 1.6 9 23.9 43 310 M M 8 1289 60 310
19 26 -14 6 -6 59 0 0.00 0.0 9 18.6 40 190 M M 7 89 50 190
20 29 -11 9 -3 56 0 0.10 1.4 8 26.2 41 350 M M 10 1289 57 340
21 -10 -14 -12 -25 77 0 T 0.2 9 23.0 29 10 M M 10 189 36 10
22 -8 -19 -13 -26 78 0 0.00 0.0 8 20.8 30 350 M M 8 189 37 340
23 1 -21 -10 -24 75 0 0.00 0.0 8 6.9 14 310 M M 1 18 16 310
24 5 -23 -9 -23 74 0 0.00 0.0 8 3.9 9 220 M M 1 8 13 230
25 11 -19 -4 -18 69 0 T T 8 11.1 23 210 M M 1 8 28 180
26 25 -2 12 -3 53 0 0.00 0.0 8 12.0 23 300 M M 3 28 300
27 24 8 16 1 49 0 0.00 0.0 7 7.5 13 60 M M 7 M M
28 23 9 16 0 49 0 0.00 0.0 8 9.2 20 360 M M 8 23 360
================================================================================
SM 366 -303 1783 0 0.88 12.9 410.1 M 170
================================================================================
AV 13.1-10.8 14.6 FASTST M M 6 MAX(MPH)
MISC ----> 44 350 60 310
================================================================================
NOTES:
# LAST OF SEVERAL OCCURRENCES
COLUMN 17 PEAK WIND IN M.P.H.
PRELIMINARY LOCAL CLIMATOLOGICAL DATA (WS FORM: F-6) , PAGE 2
STATION: GRAND FORKS INTL AP ND
MONTH: FEBRUARY
YEAR: 2022
LATITUDE: 47 57 N
LONGITUDE: 97 11 W
[TEMPERATURE DATA] [PRECIPITATION DATA] SYMBOLS USED IN COLUMN 16
AVERAGE MONTHLY: 1.1 TOTAL FOR MONTH: 0.88 1 = FOG OR MIST
DPTR FM NORMAL: -9.5 DPTR FM NORMAL: 0.37 2 = FOG REDUCING VISIBILITY
HIGHEST: 38 ON 10 GRTST 24HR 0.27 ON 5- 5 TO 1/4 MILE OR LESS
LOWEST: -31 ON 3 3 = THUNDER
SNOW, ICE PELLETS, HAIL 4 = ICE PELLETS
TOTAL MONTH: 13.3 INCHES 5 = HAIL
GRTST 24HR 3.6 ON 13-13 6 = FREEZING RAIN OR DRIZZLE
GRTST DEPTH: 11 ON 7, 6 7 = DUSTSTORM OR SANDSTORM:
VSBY 1/2 MILE OR LESS
8 = SMOKE OR HAZE
[NO. OF DAYS WITH] [WEATHER - DAYS WITH] 9 = BLOWING SNOW
X = TORNADO
MAX 32 OR BELOW: 26 0.01 INCH OR MORE: 14
MAX 90 OR ABOVE: 0 0.10 INCH OR MORE: 4
MIN 32 OR BELOW: 28 0.50 INCH OR MORE: 0
MIN 0 OR BELOW: 23 1.00 INCH OR MORE: 0
[HDD (BASE 65) ]
TOTAL THIS MO. 1783 CLEAR (SCALE 0-3) 4
DPTR FM NORMAL 260 PTCLDY (SCALE 4-7) 18
TOTAL FM JUL 1 7088 CLOUDY (SCALE 8-10) 6
DPTR FM NORMAL -18
[CDD (BASE 65) ]
TOTAL THIS MO. 0
DPTR FM NORMAL 0 [PRESSURE DATA]
TOTAL FM JAN 1 0 HIGHEST SLP 30.82 ON 23
DPTR FM NORMAL 0 LOWEST SLP 29.17 ON 10
[REMARKS]
#FINAL-02-22#