000
CXUS55 KALY 010710
CF6GFL
PRELIMINARY LOCAL CLIMATOLOGICAL DATA (WS FORM: F-6)
STATION: GLENS FALLS NY
MONTH: AUGUST
YEAR: 2022
LATITUDE: 43 20 N
LONGITUDE: 73 37 W
TEMPERATURE IN F: :PCPN: SNOW: WIND :SUNSHINE: SKY :PK WND
================================================================================
1 2 3 4 5 6A 6B 7 8 9 10 11 12 13 14 15 16 17 18
12Z AVG MX 2MIN
DY MAX MIN AVG DEP HDD CDD WTR SNW DPTH SPD SPD DIR MIN PSBL S-S WX SPD DR
================================================================================
1 84 56 70 0 0 5 0.00 M M 5.0 14 150 M M 1 12 18 200
2 88 60 74 5 0 9 0.00 M M 6.4 20 350 M M 3 1 27 330
3 84 56 70 1 0 5 0.00 M M 3.4 14 200 M M 2 1 18 170
4 92 58 75 6 0 10 0.00 M M 4.8 17 180 M M 1 13 24 160
5 85 67 76 7 0 11 0.04 M M 2.8 10 100 M M 4 13 14 100
6 90 63 77 8 0 12 T M M 3.6 15 210 M M 1 1 20 200
7 91 69 80 11 0 15 T M M 7.0 15 170 M M 4 1 20 170
8 91 72 82 13 0 17 0.30 M M 8.0 21 170 M M 3 13 30 260
9 87 60 74 5 0 9 T M M 8.7 18 50 M M 6 22 60
10 76 59 68 -1 0 3 T M M 1.4 10 50 M M 9 12 70
11 82 56 69 0 0 4 T M M 3.5 14 40 M M 3 12 17 310
12 76 49 63 -5 2 0 0.00 M M 5.3 18 10 M M 2 1 23 350
13 77 48 63 -5 2 0 0.00 M M 2.8 12 50 M M 5 1 15 80
14 80 44 62 -6 3 0 0.00 M M M 9 120 M M 0 1 12 150
15 85 47 66 -2 0 1 0.00 M M 3.1 13 110 M M 4 1 15 110
16 84 53 69 1 0 4 0.01 M M 3.6 23 60 M M 4 29 50
17 79 58 69 1 0 4 0.22 M M 3.5 18 10 M M 5 1 23 90
18 81 56 69 1 0 4 T M M 4.1 14 310 M M 6 1 19 310
19 86 52 69 1 0 4 T M M 3.1 15 360 M M 2 1 20 350
20 90 52 71 4 0 6 0.00 M M 2.3 14 190 M M 2 1 17 190
21 87 61 74 7 0 9 0.00 M M 5.6 17 190 M M 1 1 23 190
22 80 63 72 5 0 7 0.19 M M 2.2 13 190 M M 6 1 16 190
23 75 64 70 3 0 5 0.18 M M 1.8 9 90 M M 8 13 12 90
24 85 60 73 6 0 8 0.03 M M 2.4 13 340 M M 8 12 15 340
25 82 53 68 2 0 3 0.00 M M 2.7 12 40 M M 3 1 15 40
26 75 58 67 1 0 2 0.31 M M 4.0 13 30 M M 6 13 15 30
27 76 54 65 -1 0 0 T M M 5.1 13 80 M M 5 1 17 90
28 81 49 65 -1 0 0 0.00 M M 3.2 14 170 M M 2 12 19 210
29 88 65 77 11 0 12 0.00 M M 7.0 14 160 M M 4 18 190
30 89 65 77 12 0 12 1.58 M M 7.4 28 220 M M 4 13 46 120
31 77 62 70 5 0 5 0.10 M M 8.1 18 300 M M 7 1 24 290
================================================================================
SM 2583 1789 7 186 2.96 M 131.9 M 121
================================================================================
AV 83.3 57.7 4.4 FASTST M M 4 MAX(MPH)
MISC ----> 28 220 46 120
================================================================================
NOTES:
# LAST OF SEVERAL OCCURRENCES
COLUMN 17 PEAK WIND IN M.P.H.
PRELIMINARY LOCAL CLIMATOLOGICAL DATA (WS FORM: F-6) , PAGE 2
STATION: GLENS FALLS NY
MONTH: AUGUST
YEAR: 2022
LATITUDE: 43 20 N
LONGITUDE: 73 37 W
[TEMPERATURE DATA] [PRECIPITATION DATA] SYMBOLS USED IN COLUMN 16
AVERAGE MONTHLY: 70.5 TOTAL FOR MONTH: 2.96 1 = FOG OR MIST
DPTR FM NORMAL: 2.7 DPTR FM NORMAL: -0.52 2 = FOG REDUCING VISIBILITY
HIGHEST: 92 ON 4 GRTST 24HR 1.58 ON 30-30 TO 1/4 MILE OR LESS
LOWEST: 44 ON 14 3 = THUNDER
SNOW, ICE PELLETS, HAIL 4 = ICE PELLETS
TOTAL MONTH: M 5 = HAIL
GRTST 24HR M ON M 6 = FREEZING RAIN OR DRIZZLE
GRTST DEPTH: M ON M 7 = DUSTSTORM OR SANDSTORM:
VSBY 1/2 MILE OR LESS
8 = SMOKE OR HAZE
[NO. OF DAYS WITH] [WEATHER - DAYS WITH] 9 = BLOWING SNOW
X = TORNADO
MAX 32 OR BELOW: 0 0.01 INCH OR MORE: 10
MAX 90 OR ABOVE: 5 0.10 INCH OR MORE: 7
MIN 32 OR BELOW: 0 0.50 INCH OR MORE: 1
MIN 0 OR BELOW: 0 1.00 INCH OR MORE: 1
[HDD (BASE 65) ]
TOTAL THIS MO. 7 CLEAR (SCALE 0-3) 13
DPTR FM NORMAL -26 PTCLDY (SCALE 4-7) 17
TOTAL FM JUL 1 17 CLOUDY (SCALE 8-10) 1
DPTR FM NORMAL -28
[CDD (BASE 65) ]
TOTAL THIS MO. 186
DPTR FM NORMAL 68 [PRESSURE DATA]
TOTAL FM JAN 1 436 HIGHEST SLP M ON M
DPTR FM NORMAL 64 LOWEST SLP 29.68 ON 30
[REMARKS]
#FINAL-08-22#