000
CXUS55 KGGW 010810
CF6GGW
PRELIMINARY LOCAL CLIMATOLOGICAL DATA (WS FORM: F-6)
STATION: GLASGOW MT
MONTH: OCTOBER
YEAR: 2021
LATITUDE: 48 13 N
LONGITUDE: 106 37 W
TEMPERATURE IN F: :PCPN: SNOW: WIND :SUNSHINE: SKY :PK WND
================================================================================
1 2 3 4 5 6A 6B 7 8 9 10 11 12 13 14 15 16 17 18
12Z AVG MX 2MIN
DY MAX MIN AVG DEP HDD CDD WTR SNW DPTH SPD SPD DIR MIN PSBL S-S WX SPD DR
================================================================================
1 79 44 62 9 3 0 0.00 0.0 0 9.2 16 120 M M 0 19 320
2 77 43 60 8 5 0 0.00 0.0 0 7.1 15 210 M M 0 19 200
3 83 48 66 14 0 1 0.00 0.0 0 5.4 14 210 M M 0 19 210
4 87 44 66 14 0 1 0.00 0.0 0 7.8 15 110 M M 0 18 170
5 90 49 70 19 0 5 0.00 0.0 0 9.6 15 110 M M 0 18 230
6 80 58 69 19 0 4 T 0.0 0 12.1 21 120 M M 2 25 100
7 70 50 60 10 5 0 0.00 0.0 0 8.8 14 310 M M 5 8 20 320
8 67 41 54 5 11 0 0.00 0.0 0 7.9 14 110 M M 3 18 19 130
9 69 47 58 9 7 0 0.01 0.0 0 5.1 12 100 M M 6 18 14 10
10 72 34 53 5 12 0 0.00 0.0 0 11.7 31 320 M M 0 42 310
11 49 34 42 -6 23 0 0.00 0.0 0 10.2 29 310 M M 8 37 310
12 43 35 39 -8 26 0 0.01 T 0 6.5 16 130 M M 10 18 20 140
13 41 35 38 -9 27 0 0.12 T 0 6.0 14 340 M M 10 1 16 330
14 48 30 39 -7 26 0 0.00 0.0 0 7.8 18 310 M M 5 12 24 310
15 60 27 44 -2 21 0 0.00 0.0 0 8.7 24 300 M M 2 31 280
16 72 36 54 9 11 0 0.00 0.0 0 6.6 15 190 M M 0 20 190
17 79 41 60 15 5 0 0.00 0.0 0 12.4 21 160 M M 0 26 150
18 74 36 55 11 10 0 0.00 0.0 0 11.8 24 350 M M 0 31 350
19 53 28 41 -3 24 0 0.00 0.0 0 9.7 17 40 M M 3 22 60
20 49 23 36 -7 29 0 0.00 0.0 0 14.2 20 120 M M 0 28 140
21 61 28 45 3 20 0 0.00 0.0 0 9.6 16 120 M M 2 20 120
22 56 28 42 0 23 0 0.00 0.0 0 14.2 25 100 M M 0 35 110
23 51 39 45 4 20 0 0.00 0.0 0 17.3 32 120 M M 3 41 120
24 54 35 45 4 20 0 0.00 0.0 0 15.7 26 110 M M 3 12 35 120
25 56 40 48 8 17 0 0.02 0.0 0 19.5 31 110 M M 5 39 120
26 57 40 49 9 16 0 0.02 0.0 0 8.2 17 290 M M 6 1 23 290
27 62 30 46 7 19 0 0.00 0.0 0 13.1 31 300 M M 1 40 280
28 59 31 45 6 20 0 0.00 0.0 0 9.8 18 130 M M 3 24 290
29 77 43 60 22 5 0 0.05 0.0 0 12.7 35 360 M M 4 43 350
30 43 24 34 -4 31 0 0.02 T 0 11.0 21 340 M M 7 1 27 330
31 42 18 30 -7 35 0 0.00 0.0 0 6.5 15 320 M M 0 20 310
================================================================================
SM 1960 1139 471 11 0.25 T 316.2 M 88
================================================================================
AV 63.2 36.7 10.2 FASTST M M 3 MAX(MPH)
MISC ----> 35 360 43 350
================================================================================
NOTES:
# LAST OF SEVERAL OCCURRENCES
COLUMN 17 PEAK WIND IN M.P.H.
PRELIMINARY LOCAL CLIMATOLOGICAL DATA (WS FORM: F-6) , PAGE 2
STATION: GLASGOW MT
MONTH: OCTOBER
YEAR: 2021
LATITUDE: 48 13 N
LONGITUDE: 106 37 W
[TEMPERATURE DATA] [PRECIPITATION DATA] SYMBOLS USED IN COLUMN 16
AVERAGE MONTHLY: 50.0 TOTAL FOR MONTH: 0.25 1 = FOG OR MIST
DPTR FM NORMAL: 4.8 DPTR FM NORMAL: -0.67 2 = FOG REDUCING VISIBILITY
HIGHEST: 90 ON 5 GRTST 24HR 0.13 ON 12-13 TO 1/4 MILE OR LESS
LOWEST: 18 ON 31 3 = THUNDER
SNOW, ICE PELLETS, HAIL 4 = ICE PELLETS
TOTAL MONTH: T 5 = HAIL
GRTST 24HR T ON 12-12 6 = FREEZING RAIN OR DRIZZLE
GRTST DEPTH: 0 7 = DUSTSTORM OR SANDSTORM:
VSBY 1/2 MILE OR LESS
8 = SMOKE OR HAZE
[NO. OF DAYS WITH] [WEATHER - DAYS WITH] 9 = BLOWING SNOW
X = TORNADO
MAX 32 OR BELOW: 0 0.01 INCH OR MORE: 7
MAX 90 OR ABOVE: 1 0.10 INCH OR MORE: 1
MIN 32 OR BELOW: 10 0.50 INCH OR MORE: 0
MIN 0 OR BELOW: 0 1.00 INCH OR MORE: 0
[HDD (BASE 65) ]
TOTAL THIS MO. 471 CLEAR (SCALE 0-3) 20
DPTR FM NORMAL -147 PTCLDY (SCALE 4-7) 9
TOTAL FM JUL 1 600 CLOUDY (SCALE 8-10) 2
DPTR FM NORMAL -262
[CDD (BASE 65) ]
TOTAL THIS MO. 11
DPTR FM NORMAL 9 [PRESSURE DATA]
TOTAL FM JAN 1 1002 HIGHEST SLP M ON M
DPTR FM NORMAL 418 LOWEST SLP 29.50 ON 25
[REMARKS]
#FINAL-10-21#