000
CXUS55 KGJT 011000
CF6GJT
PRELIMINARY LOCAL CLIMATOLOGICAL DATA (WS FORM: F-6)
STATION: GRAND JUNCTION CO
MONTH: SEPTEMBER
YEAR: 2020
LATITUDE: 39 7 N
LONGITUDE: 108 32 W
TEMPERATURE IN F: :PCPN: SNOW: WIND :SUNSHINE: SKY :PK WND
================================================================================
1 2 3 4 5 6A 6B 7 8 9 10 11 12 13 14 15 16 17 18
12Z AVG MX 2MIN
DY MAX MIN AVG DEP HDD CDD WTR SNW DPTH SPD SPD DIR MIN PSBL S-S WX SPD DR
================================================================================
1 78 50 64 -8 1 0 0.02 0.0 0 4.5 17 110 M M 1 22 110
2 89 50 70 -1 0 5 0.00 0.0 0 7.0 16 130 M M 0 20 130
3 93 57 75 4 0 10 0.00 0.0 0 8.0 18 110 M M 0 21 110
4 98 57 78 7 0 13 0.00 0.0 0 8.1 20 110 M M 0 25 120
5 99 62 81 11 0 16 0.00 0.0 0 9.6 18 300 M M 0 23 310
6 99 59 79 9 0 14 0.00 0.0 0 6.9 16 120 M M 0 18 110
7 92 59 76 6 0 11 0.00 0.0 0 6.3 20 240 M M 1 8 28 250
8 73 39 56 -13 9 0 0.88 0.0 0 9.9 29 260 M M 8 18 38 260
9 56 40 48 -21 17 0 0.01 0.0 0 5.5 15 40 M M 8 19 40
10 53 42 48 -20 17 0 0.22 0.0 0 3.9 16 290 M M 8 1 21 290
11 67 45 56 -12 9 0 0.00 0.0 0 3.6 10 90 M M 4 14 330
12 79 46 63 -5 2 0 0.00 0.0 0 5.4 13 160 M M 0 16 120
13 84 50 67 0 0 2 0.00 0.0 0 7.5 16 130 M M 0 19 300
14 87 53 70 3 0 5 0.00 0.0 0 8.1 16 120 M M 0 19 90
15 88 49 69 3 0 4 0.00 0.0 0 6.8 17 130 M M 0 21 120
16 87 51 69 3 0 4 0.00 0.0 0 6.9 21 120 M M 0 23 130
17 85 52 69 3 0 4 0.00 0.0 0 7.6 18 70 M M 0 23 90
18 86 53 70 5 0 5 0.00 0.0 0 8.5 18 120 M M 0 21 120
19 88 63 76 11 0 11 T 0.0 0 10.9 23 320 M M 1 34 220
20 85 55 70 6 0 5 0.00 0.0 0 7.1 21 310 M M 1 26 300
21 87 55 71 7 0 6 0.00 0.0 0 7.3 16 110 M M 0 20 110
22 81 56 69 6 0 4 0.00 0.0 0 6.9 25 250 M M 1 32 250
23 84 50 67 4 0 2 0.00 0.0 0 6.9 15 110 M M 0 19 110
24 87 56 72 10 0 7 0.00 0.0 0 8.5 17 120 M M 0 19 120
25 88 54 71 9 0 6 0.00 0.0 0 7.3 17 110 M M 0 22 110
26 88 49 69 7 0 4 0.00 0.0 0 5.8 23 240 M M 0 31 260
27 77 50 64 3 1 0 0.00 0.0 0 8.4 29 40 M M 0 41 30
28 69 43 56 -5 9 0 0.00 0.0 0 7.3 17 50 M M 0 23 60
29 76 40 58 -2 7 0 0.00 0.0 0 8.1 16 130 M M 0 21 140
30 83 44 64 4 1 0 0.00 0.0 0 7.2 16 110 M M 0 20 110
================================================================================
SM 2486 1529 73 138 1.13 0.0 215.8 M 33
================================================================================
AV 82.9 51.0 7.2 FASTST M M 1 MAX(MPH)
MISC ----> # 29 260 # 41 30
================================================================================
NOTES:
# LAST OF SEVERAL OCCURRENCES
COLUMN 17 PEAK WIND IN M.P.H.
PRELIMINARY LOCAL CLIMATOLOGICAL DATA (WS FORM: F-6) , PAGE 2
STATION: GRAND JUNCTION CO
MONTH: SEPTEMBER
YEAR: 2020
LATITUDE: 39 7 N
LONGITUDE: 108 32 W
[TEMPERATURE DATA] [PRECIPITATION DATA] SYMBOLS USED IN COLUMN 16
AVERAGE MONTHLY: 66.9 TOTAL FOR MONTH: 1.13 1 = FOG OR MIST
DPTR FM NORMAL: 0.8 DPTR FM NORMAL: -0.06 2 = FOG REDUCING VISIBILITY
HIGHEST: 99 ON 6, 5 GRTST 24HR 0.88 ON 8- 8 TO 1/4 MILE OR LESS
LOWEST: 39 ON 8 3 = THUNDER
SNOW, ICE PELLETS, HAIL 4 = ICE PELLETS
TOTAL MONTH: 0.0 INCH 5 = HAIL
GRTST 24HR 0.0 6 = FREEZING RAIN OR DRIZZLE
GRTST DEPTH: 0 7 = DUSTSTORM OR SANDSTORM:
VSBY 1/2 MILE OR LESS
8 = SMOKE OR HAZE
[NO. OF DAYS WITH] [WEATHER - DAYS WITH] 9 = BLOWING SNOW
X = TORNADO
MAX 32 OR BELOW: 0 0.01 INCH OR MORE: 4
MAX 90 OR ABOVE: 5 0.10 INCH OR MORE: 2
MIN 32 OR BELOW: 0 0.50 INCH OR MORE: 1
MIN 0 OR BELOW: 0 1.00 INCH OR MORE: 0
[HDD (BASE 65) ]
TOTAL THIS MO. 73 CLEAR (SCALE 0-3) 26
DPTR FM NORMAL 2 PTCLDY (SCALE 4-7) 3
TOTAL FM JUL 1 73 CLOUDY (SCALE 8-10) 1
DPTR FM NORMAL -1
[CDD (BASE 65) ]
TOTAL THIS MO. 138
DPTR FM NORMAL 35 [PRESSURE DATA]
TOTAL FM JAN 1 1495 HIGHEST SLP 30.34 ON 29
DPTR FM NORMAL 373 LOWEST SLP 29.24 ON 8
[REMARKS]
#FINAL-09-20#