000
CXUS55 KGJT 011000
CF6GJT
PRELIMINARY LOCAL CLIMATOLOGICAL DATA (WS FORM: F-6)
STATION: GRAND JUNCTION CO
MONTH: APRIL
YEAR: 2020
LATITUDE: 39 7 N
LONGITUDE: 108 32 W
TEMPERATURE IN F: :PCPN: SNOW: WIND :SUNSHINE: SKY :PK WND
================================================================================
1 2 3 4 5 6A 6B 7 8 9 10 11 12 13 14 15 16 17 18
12Z AVG MX 2MIN
DY MAX MIN AVG DEP HDD CDD WTR SNW DPTH SPD SPD DIR MIN PSBL S-S WX SPD DR
================================================================================
1 73 44 59 11 6 0 0.00 0.0 0 10.7 26 230 M M 1 36 220
2 59 32 46 -2 19 0 0.02 T 0 8.5 29 310 M M 8 1 35 310
3 52 21 37 -11 28 0 0.00 0.0 0 4.7 14 320 M M 2 20 320
4 64 34 49 1 16 0 0.00 0.0 0 7.7 16 310 M M 5 24 350
5 66 46 56 7 9 0 0.00 0.0 0 8.8 21 160 M M 5 29 190
6 72 45 59 10 6 0 0.00 0.0 0 11.5 25 220 M M 1 36 220
7 70 39 55 6 10 0 0.00 0.0 0 6.9 25 300 M M 0 8 35 300
8 73 34 54 5 11 0 0.00 0.0 0 5.4 13 110 M M 0 15 110
9 71 43 57 7 8 0 0.00 0.0 0 8.3 24 230 M M 1 32 230
10 70 37 54 4 11 0 0.00 0.0 0 6.5 15 290 M M 1 22 260
11 70 35 53 3 12 0 T 0.0 0 8.6 25 330 M M 2 36 280
12 58 36 47 -3 18 0 T 0.0 0 13.4 26 300 M M 3 40 270
13 49 24 37 -14 28 0 0.00 0.0 0 8.5 31 340 M M 4 40 310
14 50 19 35 -16 30 0 0.00 0.0 0 5.1 15 300 M M 0 8 22 280
15 64 24 44 -7 21 0 0.00 0.0 0 8.3 24 220 M M 5 36 260
16 52 30 41 -11 24 0 0.18 0.0 0 10.9 31 330 M M 8 1 39 330
17 58 25 42 -10 23 0 0.00 0.0 0 4.2 14 140 M M 0 8 19 150
18 67 37 52 0 13 0 T 0.0 0 8.4 29 300 M M 5 35 290
19 65 38 52 -1 13 0 0.00 0.0 0 8.0 24 300 M M 4 31 320
20 68 47 58 5 7 0 T 0.0 0 6.2 22 200 M M 4 27 200
21 69 41 55 2 10 0 T 0.0 0 8.1 20 350 M M 2 29 350
22 70 38 54 0 11 0 0.00 0.0 0 7.2 18 80 M M 1 8 25 250
23 70 41 56 2 9 0 T 0.0 0 10.0 26 310 M M 5 8 40 310
24 66 42 54 0 11 0 0.00 0.0 0 4.6 14 310 M M 3 19 240
25 70 37 54 -1 11 0 0.00 0.0 0 5.5 17 310 M M 0 24 300
26 74 47 61 6 4 0 T 0.0 0 11.3 37 290 M M 2 8 58 280
27 82 44 63 8 2 0 0.00 0.0 0 7.8 23 280 M M 1 8 35 270
28 79 51 65 9 0 0 0.00 0.0 0 7.7 22 290 M M 0 28 290
29 83 45 64 8 1 0 0.00 0.0 0 6.8 16 120 M M 0 8 21 120
30 89 52 71 15 0 6 0.00 0.0 0 9.0 25 250 M M 0 33 260
================================================================================
SM 2023 1128 372 6 0.20 T 238.6 M 73
================================================================================
AV 67.4 37.6 8.0 FASTST M M 2 MAX(MPH)
MISC ----> # 37 290 # 58 280
================================================================================
NOTES:
# LAST OF SEVERAL OCCURRENCES
COLUMN 17 PEAK WIND IN M.P.H.
PRELIMINARY LOCAL CLIMATOLOGICAL DATA (WS FORM: F-6) , PAGE 2
STATION: GRAND JUNCTION CO
MONTH: APRIL
YEAR: 2020
LATITUDE: 39 7 N
LONGITUDE: 108 32 W
[TEMPERATURE DATA] [PRECIPITATION DATA] SYMBOLS USED IN COLUMN 16
AVERAGE MONTHLY: 52.5 TOTAL FOR MONTH: 0.20 1 = FOG OR MIST
DPTR FM NORMAL: 0.8 DPTR FM NORMAL: -0.71 2 = FOG REDUCING VISIBILITY
HIGHEST: 89 ON 30 GRTST 24HR 0.18 ON 16-16 TO 1/4 MILE OR LESS
LOWEST: 19 ON 14 3 = THUNDER
SNOW, ICE PELLETS, HAIL 4 = ICE PELLETS
TOTAL MONTH: T 5 = HAIL
GRTST 24HR T ON 2- 2 6 = FREEZING RAIN OR DRIZZLE
GRTST DEPTH: 0 7 = DUSTSTORM OR SANDSTORM:
VSBY 1/2 MILE OR LESS
8 = SMOKE OR HAZE
[NO. OF DAYS WITH] [WEATHER - DAYS WITH] 9 = BLOWING SNOW
X = TORNADO
MAX 32 OR BELOW: 0 0.01 INCH OR MORE: 2
MAX 90 OR ABOVE: 0 0.10 INCH OR MORE: 1
MIN 32 OR BELOW: 7 0.50 INCH OR MORE: 0
MIN 0 OR BELOW: 0 1.00 INCH OR MORE: 0
[HDD (BASE 65) ]
TOTAL THIS MO. 372 CLEAR (SCALE 0-3) 19
DPTR FM NORMAL -30 PTCLDY (SCALE 4-7) 11
TOTAL FM JUL 1 5445 CLOUDY (SCALE 8-10) 0
DPTR FM NORMAL 11
[CDD (BASE 65) ]
TOTAL THIS MO. 6
DPTR FM NORMAL 3 [PRESSURE DATA]
TOTAL FM JAN 1 6 HIGHEST SLP 30.32 ON 14
DPTR FM NORMAL 3 LOWEST SLP 29.44 ON 2
[REMARKS]
#FINAL-04-20#