000
CXUS54 KFWD 010830
CF6GKY
PRELIMINARY LOCAL CLIMATOLOGICAL DATA (WS FORM: F-6)
STATION: ARLINGTON
MONTH: NOVEMBER
YEAR: 2022
LATITUDE: 32 39 N
LONGITUDE: 97 6 W
TEMPERATURE IN F: :PCPN: SNOW: WIND :SUNSHINE: SKY :PK WND
================================================================================
1 2 3 4 5 6A 6B 7 8 9 10 11 12 13 14 15 16 17 18
12Z AVG MX 2MIN
DY MAX MIN AVG DEP HDD CDD WTR SNW DPTH SPD SPD DIR MIN PSBL S-S WX SPD DR
================================================================================
1 77 52 65 3 0 0 0.00 M M 3.8 12 140 M M 0 15 140
2 75 54 65 4 0 0 0.00 M M 7.7 15 130 M M 4 1 21 170
3 82 66 74 13 0 9 0.00 M M 11.9 23 150 M M 7 1 33 150
4 80 50 65 4 0 0 0.81 M M 13.7 29 300 M M 7 13 46 230
5 68 42 55 -5 10 0 0.00 M M 7.1 17 150 M M 0 29 140
6 83 54 69 9 0 4 0.00 M M 8.1 17 160 M M 0 1 24 170
7 82 61 72 12 0 7 0.11 M M 2.6 18 110 M M 8 12 22 100
8 81 66 74 15 0 9 0.00 M M 6.2 13 150 M M 5 18 17 100
9 83 67 75 16 0 10 0.00 M M 9.6 21 130 M M 3 31 160
10 75 64 70 12 0 5 0.00 M M 7.3 17 150 M M 6 24 150
11 68 40 54 -4 11 0 0.48 M M 14.2 25 340 M M 8 13 33 340
12 53 32 43 -15 22 0 0.00 M M 9.6 17 320 M M 0 18 25 340
13 54 28 41 -17 24 0 0.00 M M 6.0 15 110 M M 0 1 21 120
14 47 42 45 -12 20 0 0.38 M M 10.7 16 110 M M 9 1 21 100
15 47 37 42 -15 23 0 0.00 M M 7.4 17 330 M M 6 8 24 280
16 56 36 46 -10 19 0 0.00 M M 3.3 12 350 M M 1 18 17 320
17 61 30 46 -10 19 0 0.00 M M 3.3 10 160 M M 0 16 150
18 50 33 42 -14 23 0 0.00 M M 9.2 17 340 M M 5 23 340
19 45 31 38 -18 27 0 0.00 M M 6.9 18 360 M M 7 22 350
20 52 26 39 -16 26 0 T M M 2.4 9 120 M M 3 12 130
21 53 42 48 -7 17 0 0.01 M M 4.7 10 170 M M 10 14 170
22 60 45 53 -2 12 0 T M M 3.5 10 160 M M 8 14 170
23 59 52 56 2 9 0 0.15 M M 5.7 13 120 M M 10 13 17 150
24 59 54 57 3 8 0 1.15 M M 6.8 21 360 M M 10 13 26 350
25 58 52 55 1 10 0 0.01 M M 10.7 20 360 M M 10 1 24 350
26 57 48 53 -1 12 0 1.04 M M 7.4 16 230 M M 9 1 26 230
27 64 43 54 1 11 0 0.00 M M 5.8 14 340 M M 0 17 320
28 69 36 53 0 12 0 0.00 M M 7.6 18 150 M M 0 26 170
29 81 43 62 9 3 0 0.00 M M 11.8 33 330 M M 4 47 320
30 53 33 43 -9 22 0 0.00 M M 9.2 24 340 M M 0 33 330
================================================================================
SM 1932 1359 340 44 4.14 M 224.2 M 140
================================================================================
AV 64.4 45.3 7.5 FASTST M M 5 MAX(MPH)
MISC ----> 33 330 47 320
================================================================================
NOTES:
# LAST OF SEVERAL OCCURRENCES
COLUMN 17 PEAK WIND IN M.P.H.
PRELIMINARY LOCAL CLIMATOLOGICAL DATA (WS FORM: F-6) , PAGE 2
STATION: ARLINGTON
MONTH: NOVEMBER
YEAR: 2022
LATITUDE: 32 39 N
LONGITUDE: 97 6 W
[TEMPERATURE DATA] [PRECIPITATION DATA] SYMBOLS USED IN COLUMN 16
AVERAGE MONTHLY: 54.9 TOTAL FOR MONTH: 4.14 1 = FOG OR MIST
DPTR FM NORMAL: -2.0 DPTR FM NORMAL: 1.52 2 = FOG REDUCING VISIBILITY
HIGHEST: 83 ON 9, 6 GRTST 24HR 1.29 ON 23-24 TO 1/4 MILE OR LESS
LOWEST: 26 ON 20 3 = THUNDER
SNOW, ICE PELLETS, HAIL 4 = ICE PELLETS
TOTAL MONTH: M 5 = HAIL
GRTST 24HR M ON M 6 = FREEZING RAIN OR DRIZZLE
GRTST DEPTH: M ON M 7 = DUSTSTORM OR SANDSTORM:
VSBY 1/2 MILE OR LESS
8 = SMOKE OR HAZE
[NO. OF DAYS WITH] [WEATHER - DAYS WITH] 9 = BLOWING SNOW
X = TORNADO
MAX 32 OR BELOW: 0 0.01 INCH OR MORE: 9
MAX 90 OR ABOVE: 0 0.10 INCH OR MORE: 7
MIN 32 OR BELOW: 5 0.50 INCH OR MORE: 3
MIN 0 OR BELOW: 0 1.00 INCH OR MORE: 2
[HDD (BASE 65) ]
TOTAL THIS MO. 340 CLEAR (SCALE 0-3) 12
DPTR FM NORMAL 65 PTCLDY (SCALE 4-7) 12
TOTAL FM JUL 1 395 CLOUDY (SCALE 8-10) 6
DPTR FM NORMAL 50
[CDD (BASE 65) ]
TOTAL THIS MO. 44
DPTR FM NORMAL 15 [PRESSURE DATA]
TOTAL FM JAN 1 3302 HIGHEST SLP 30.53 ON 16
DPTR FM NORMAL 484 LOWEST SLP 29.59 ON 4
[REMARKS]
#FINAL-11-22#