000
CXUS53 KGLD 041406
CLMGLD
CLIMATE REPORT
NATIONAL WEATHER SERVICE
806 AM MDT SUN JUN 04 2023
...................................
...THE GOODLAND KS CLIMATE SUMMARY FOR THE MONTH OF MAY 2023...
CLIMATE NORMAL PERIOD: 1991 TO 2020
CLIMATE RECORD PERIOD: 1895 TO 2023
WEATHER OBSERVED NORMAL DEPART LAST YEAR`S
VALUE DATE(S) VALUE FROM VALUE DATE(S)
NORMAL
................................................................
TEMPERATURE (F)
RECORD
HIGH 104 05/29/2003
05/31/2002
LOW 21 05/01/1967
HIGHEST 87 05/30 92 -5 97 05/11
LOWEST 31 05/01 31 0 30 05/01
AVG. MAXIMUM 74.9 73.6 1.3 74.9
AVG. MINIMUM 48.5 45.5 3.0 44.9
MEAN 61.7 59.6 2.1 59.9
DAYS MAX >= 90 0 2.2 -2.2 5
DAYS MAX <= 32 0 0.0 0.0 0
DAYS MIN <= 32 1 1.9 -0.9 1
DAYS MIN <= 0 0 0.0 0.0 0
PRECIPITATION (INCHES)
RECORD
MAXIMUM 8.21 1981
MINIMUM 0.31 1927
TOTALS 4.09 2.81 1.28 2.93
DAILY AVG. 0.13 0.09 0.04 0.09
DAYS >= .01 11 10.4 0.6 10
DAYS >= .10 7 5.4 1.6 6
DAYS >= .50 2 1.8 0.2 3
DAYS >= 1.00 2 0.6 1.4 1
GREATEST
24 HR. TOTAL 2.62 05/10 TO 05/11 1.12
STORM TOTAL 1.50
(MM/DD(HH))
SNOWFALL (INCHES)
RECORDS
TOTAL 6.9 1938
TOTALS T 0.3 -0.3 T
SINCE 7/1 40.6 30.0 10.6 25.6
SNOWDEPTH AVG. 0 0
DAYS >= 1.0 0 0.1 -0.1 0
GREATEST
SNOW DEPTH 0 0
DEGREE DAYS
HEATING TOTAL 117 213 -96 213
SINCE 7/1 6001 5764 237 5407
COOLING TOTAL 24 44 -20 63
SINCE 1/1 43 47 -4 68
................................................................
WIND (MPH)
AVERAGE WIND SPEED 11.7
HIGHEST WIND SPEED/DIRECTION 36/150 DATE 05/10
HIGHEST GUST SPEED/DIRECTION 52/150 DATE 05/10
SKY COVER
AVERAGE SKY COVER 0.39
AVERAGE RH (PERCENT) 67
WEATHER CONDITIONS. NUMBER OF DAYS WITH
THUNDERSTORM 12 MIXED PRECIP 0
HEAVY RAIN 4 RAIN 7
LIGHT RAIN 14 FREEZING RAIN 0
LT FREEZING RAIN 0 HAIL 2
HEAVY SNOW 0 SNOW 0
LIGHT SNOW 0 SLEET 0
FOG 16 FOG W/VIS <= 1/4 MILE 3
HAZE 6
- INDICATES NEGATIVE NUMBERS.
R INDICATES RECORD WAS SET OR TIED.
MM INDICATES DATA IS MISSING.
T INDICATES TRACE AMOUNT.
$$