000
CXUS54 KJAN 012049
CF6GLH
PRELIMINARY LOCAL CLIMATOLOGICAL DATA (WS FORM: F-6)
STATION: GREENVILLE
MONTH: MARCH
YEAR: 2022
LATITUDE: 33 29 N
LONGITUDE: 90 59 W
TEMPERATURE IN F: :PCPN: SNOW: WIND :SUNSHINE: SKY :PK WND
================================================================================
1 2 3 4 5 6A 6B 7 8 9 10 11 12 13 14 15 16 17 18
12Z AVG MX 2MIN
DY MAX MIN AVG DEP HDD CDD WTR SNW DPTH SPD SPD DIR MIN PSBL S-S WX SPD DR
================================================================================
1 69 36 53 2 12 0 0.00 0.0 0 6.2 12 210 M M 0 16 250
2 75 37 56 4 9 0 0.00 0.0 0 4.9 12 220 M M 0 15 250
3 78 40 59 7 6 0 0.00 0.0 0 2.7 9 190 M M 0 13 240
4 79 44 62 10 3 0 0.00 0.0 0 5.6 17 180 M M 0 24 180
5 80 52 66 14 0 1 0.00 0.0 0 14.3 28 180 M M 6 35 180
6 84 68 76 23 0 11 0.00 0.0 0 16.2 26 190 M M 7 34 190
7 74 43 59 6 6 0 0.39 0.0 0 14.4 29 320 M M 8 18 42 320
8 48 40 44 -9 21 0 0.48 0.0 0 11.8 20 40 M M 9 1 25 40
9 54 42 48 -6 17 0 0.00 0.0 0 8.4 17 40 M M 6 1 23 50
10 65 38 52 -2 13 0 0.00 0.0 0 4.8 12 80 M M 0 15 110
11 63 31 47 -7 18 0 0.07 M 0 14.5 33 360 M M 6 12 45 360
12 42 28 35 -19 30 0 0.00 M M 11.4 25 340 M M 1 30 350
13 61 28 45 -10 20 0 0.00 0.0 0 9.5 18 190 M M 0 23 180
14 65 39 52 -3 13 0 0.02 0.0 0 9.6 20 150 M M 6 27 160
15 65 53 59 4 6 0 0.34 0.0 0 10.1 18 20 M M 10 1 24 240
16 68 52 60 4 5 0 0.05 0.0 0 6.0 13 290 M M 7 1 18 280
17 76 50 63 7 2 0 0.10 0.0 0 8.9 18 140 M M 1 13 26 140
18 71 50 61 5 4 0 0.76 0.0 0 15.3 28 250 M M 8 13 37 240
19 68 44 56 0 9 0 0.00 0.0 0 9.3 21 310 M M 0 27 320
20 78 43 61 4 4 0 0.00 0.0 0 5.8 10 160 M M 0 17 140
21 78 50 64 7 1 0 0.00 0.0 0 15.1 28 140 M M 2 41 150
22 68 54 61 4 4 0 2.21 0.0 0 13.7 28 130 M M 9 13 36 130
23 63 47 55 -3 10 0 0.00 0.0 0 11.2 21 240 M M 7 29 240
24 64 39 52 -6 13 0 0.00 0.0 0 5.9 21 250 M M 0 27 250
25 65 41 53 -5 12 0 0.00 0.0 0 7.5 18 330 M M 0 26 340
26 71 44 58 0 7 0 0.00 0.0 0 3.8 12 360 M M 0 17 350
27 70 47 59 0 6 0 0.00 0.0 0 10.3 17 40 M M 1 27 60
28 77 47 62 3 3 0 0.00 0.0 0 7.8 15 180 M M 0 20 180
29 79 63 71 12 0 6 0.00 0.0 0 15.1 26 180 M M 3 37 180
30 79 54 67 7 0 2 1.44 0.0 0 15.5 33 150 M M 6 123 47 150
31 65 43 54 -6 11 0 0.00 0.0 0 11.5 22 240 M M 3 32 230
================================================================================
SM 2142 1387 265 20 5.86 0.0 307.1 M 106
================================================================================
AV 69.1 44.7 9.9 FASTST M M 3 MAX(MPH)
MISC ----> # 33 360 47 150
================================================================================
NOTES:
# LAST OF SEVERAL OCCURRENCES
COLUMN 17 PEAK WIND IN M.P.H.
PRELIMINARY LOCAL CLIMATOLOGICAL DATA (WS FORM: F-6) , PAGE 2
STATION: GREENVILLE
MONTH: MARCH
YEAR: 2022
LATITUDE: 33 29 N
LONGITUDE: 90 59 W
[TEMPERATURE DATA] [PRECIPITATION DATA] SYMBOLS USED IN COLUMN 16
AVERAGE MONTHLY: 56.9 TOTAL FOR MONTH: 5.86 1 = FOG OR MIST
DPTR FM NORMAL: 1.3 DPTR FM NORMAL: 1.15 2 = FOG REDUCING VISIBILITY
HIGHEST: 84 ON 6 GRTST 24HR 2.21 ON 21-22 TO 1/4 MILE OR LESS
LOWEST: 28 ON 13,12 3 = THUNDER
SNOW, ICE PELLETS, HAIL 4 = ICE PELLETS
TOTAL MONTH: 0.0 INCH 5 = HAIL
GRTST 24HR 0.0 6 = FREEZING RAIN OR DRIZZLE
GRTST DEPTH: 0 7 = DUSTSTORM OR SANDSTORM:
VSBY 1/2 MILE OR LESS
8 = SMOKE OR HAZE
[NO. OF DAYS WITH] [WEATHER - DAYS WITH] 9 = BLOWING SNOW
X = TORNADO
MAX 32 OR BELOW: 0 0.01 INCH OR MORE: 10
MAX 90 OR ABOVE: 0 0.10 INCH OR MORE: 7
MIN 32 OR BELOW: 3 0.50 INCH OR MORE: 3
MIN 0 OR BELOW: 0 1.00 INCH OR MORE: 2
[HDD (BASE 65) ]
TOTAL THIS MO. 265 CLEAR (SCALE 0-3) 18
DPTR FM NORMAL -46 PTCLDY (SCALE 4-7) 8
TOTAL FM JUL 1 2073 CLOUDY (SCALE 8-10) 5
DPTR FM NORMAL -426
[CDD (BASE 65) ]
TOTAL THIS MO. 20
DPTR FM NORMAL 0 [PRESSURE DATA]
TOTAL FM JAN 1 27 HIGHEST SLP 30.49 ON 12
DPTR FM NORMAL 0 LOWEST SLP 29.33 ON 30
[REMARKS]
#FINAL-03-22#