744
CXUS54 KJAN 020036
CF6GLH
PRELIMINARY LOCAL CLIMATOLOGICAL DATA (WS FORM: F-6)
STATION: GREENVILLE
MONTH: JANUARY
YEAR: 2021
LATITUDE: 33 29 N
LONGITUDE: 90 59 W
TEMPERATURE IN F: :PCPN: SNOW: WIND :SUNSHINE: SKY :PK WND
================================================================================
1 2 3 4 5 6A 6B 7 8 9 10 11 12 13 14 15 16 17 18
12Z AVG MX 2MIN
DY MAX MIN AVG DEP HDD CDD WTR SNW DPTH SPD SPD DIR MIN PSBL S-S WX SPD DR
================================================================================
1 61 43 52 9 13 0 0.39 0.0 0 14.6 33 230 M M 9 1 49 210
2 45 35 40 -3 25 0 T 0.0 0 7.6 15 280 M M 8 20 250
3 56 30 43 0 22 0 0.00 0.0 0 6.5 15 170 M M 0 12 18 170
4 61 37 49 6 16 0 0.00 0.0 0 7.0 13 240 M M 0 18 17 250
5 56 36 46 4 19 0 0.00 0.0 0 6.9 15 10 M M 0 19 10
6 57 35 46 4 19 0 T 0.0 0 8.2 17 130 M M 2 26 130
7 49 39 44 2 21 0 0.74 0.0 0 15.4 23 350 M M 10 1 32 70
8 43 36 40 -2 25 0 0.00 0.0 0 11.5 21 350 M M 9 26 350
9 41 35 38 -4 27 0 0.00 0.0 0 8.9 16 20 M M 10 19 20
10 39 34 37 -5 28 0 0.01 M M 8.4 14 30 M M 10 1 17 40
11 38 29 34 -8 31 0 0.07 M M 9.4 16 360 M M 9 1 21 360
12 47 26 37 -5 28 0 0.00 0.0 0 1.4 8 180 M M 0 12 9 180
13 53 31 42 0 23 0 0.00 0.0 0 8.0 17 190 M M 0 1 21 180
14 62 37 50 8 15 0 0.00 0.0 0 11.9 24 210 M M 1 31 220
15 53 38 46 4 19 0 0.00 0.0 0 12.3 26 260 M M 2 38 270
16 50 33 42 0 23 0 0.00 0.0 0 7.8 17 280 M M 1 21 270
17 56 32 44 2 21 0 0.00 0.0 0 8.6 21 300 M M 2 27 300
18 61 29 45 3 20 0 0.00 0.0 0 7.3 16 210 M M 1 20 190
19 52 47 50 8 15 0 0.53 0.0 0 3.9 17 350 M M 10 1 23 340
20 52 44 48 6 17 0 0.09 0.0 0 4.5 13 20 M M 8 1 17 100
21 55 47 51 9 14 0 0.42 0.0 0 6.3 13 320 M M 10 1 18 310
22 57 44 51 9 14 0 0.02 0.0 0 9.6 17 40 M M 7 12 23 40
23 51 40 46 4 19 0 T 0.0 0 8.7 17 50 M M 10 20 40
24 57 49 53 11 12 0 0.14 0.0 0 5.8 15 160 M M 10 13 21 150
25 75 56 66 24 0 1 T 0.0 0 13.6 35 190 M M 8 1 44 180
26 68 47 58 16 7 0 T 0.0 0 6.7 17 30 M M 4 23 50
27 54 40 47 4 18 0 0.04 0.0 0 15.1 26 320 M M 7 1 34 330
28 45 34 40 -3 25 0 0.00 0.0 0 11.0 20 40 M M 5 26 360
29 55 30 43 0 22 0 0.00 0.0 0 4.8 12 130 M M 3 1 17 170
30 63 45 54 11 11 0 0.12 0.0 0 14.4 30 170 M M 7 1 41 170
31 63 42 53 10 12 0 0.00 0.0 0 16.1 26 310 M M 9 1 34 320
================================================================================
SM 1675 1180 581 1 2.57 0.0 282.2 M 172
================================================================================
AV 54.0 38.1 9.1 FASTST M M 6 MAX(MPH)
MISC ----> 35 190 49 210
================================================================================
NOTES:
# LAST OF SEVERAL OCCURRENCES
COLUMN 17 PEAK WIND IN M.P.H.
PRELIMINARY LOCAL CLIMATOLOGICAL DATA (WS FORM: F-6) , PAGE 2
STATION: GREENVILLE
MONTH: JANUARY
YEAR: 2021
LATITUDE: 33 29 N
LONGITUDE: 90 59 W
[TEMPERATURE DATA] [PRECIPITATION DATA] SYMBOLS USED IN COLUMN 16
AVERAGE MONTHLY: 46.0 TOTAL FOR MONTH: 2.57 1 = FOG OR MIST
DPTR FM NORMAL: 3.7 DPTR FM NORMAL: -2.40 2 = FOG REDUCING VISIBILITY
HIGHEST: 75 ON 25 GRTST 24HR 0.92 ON 31- 1 TO 1/4 MILE OR LESS
LOWEST: 26 ON 12 3 = THUNDER
SNOW, ICE PELLETS, HAIL 4 = ICE PELLETS
TOTAL MONTH: 0.0 INCH 5 = HAIL
GRTST 24HR 0.0 6 = FREEZING RAIN OR DRIZZLE
GRTST DEPTH: 0 7 = DUSTSTORM OR SANDSTORM:
VSBY 1/2 MILE OR LESS
8 = SMOKE OR HAZE
[NO. OF DAYS WITH] [WEATHER - DAYS WITH] 9 = BLOWING SNOW
X = TORNADO
MAX 32 OR BELOW: 0 0.01 INCH OR MORE: 11
MAX 90 OR ABOVE: 0 0.10 INCH OR MORE: 6
MIN 32 OR BELOW: 7 0.50 INCH OR MORE: 2
MIN 0 OR BELOW: 0 1.00 INCH OR MORE: 0
[HDD (BASE 65) ]
TOTAL THIS MO. 581 CLEAR (SCALE 0-3) 12
DPTR FM NORMAL -124 PTCLDY (SCALE 4-7) 8
TOTAL FM JUL 1 1477 CLOUDY (SCALE 8-10) 11
DPTR FM NORMAL -313
[CDD (BASE 65) ]
TOTAL THIS MO. 1
DPTR FM NORMAL 0 [PRESSURE DATA]
TOTAL FM JAN 1 1 HIGHEST SLP 30.70 ON 28
DPTR FM NORMAL 0 LOWEST SLP 29.62 ON 25
[REMARKS]
#FINAL-01-21#