000
CXUS53 KAPX 010730
CF6GLR
PRELIMINARY LOCAL CLIMATOLOGICAL DATA (WS FORM: F-6)
STATION: GAYLORD
MONTH: MAY
YEAR: 2022
LATITUDE: 45 0 N
LONGITUDE: 84 42 W
TEMPERATURE IN F: :PCPN: SNOW: WIND :SUNSHINE: SKY :PK WND
================================================================================
1 2 3 4 5 6A 6B 7 8 9 10 11 12 13 14 15 16 17 18
12Z AVG MX 2MIN
DY MAX MIN AVG DEP HDD CDD WTR SNW DPTH SPD SPD DIR MIN PSBL S-S WX SPD DR
================================================================================
1 59 41 50 3 15 0 0.19 M M 10.9 21 130 M M 10 18 36 140
2 49 45 47 -1 18 0 T M M 8.4 18 250 M M 10 18 24 240
3 48 38 43 -5 22 0 0.01 M M 5.6 14 40 M M 9 18 22 40
4 63 35 49 1 16 0 0.00 M M 4.3 12 30 M M 1 16 40
5 68 32 50 1 15 0 0.00 M M 4.4 15 150 M M 0 20 150
6 63 40 52 3 13 0 0.00 M M 7.7 21 50 M M 0 34 60
7 65 39 52 2 13 0 0.00 M M 6.5 15 50 M M 0 22 130
8 70 32 51 1 14 0 0.00 M M 9.0 18 150 M M 0 26 140
9 76 49 63 12 2 0 0.00 M M 16.1 28 140 M M 0 41 140
10 87 61 74 23 0 9 0.00 M M 12.3 21 150 M M 4 29 170
11 86 67 77 26 0 12 T M M 5.5 17 180 M M 4 3 21 190
12 90 65 78 26 0 13 0.00 M M 9.8 23 180 M M 0 30 180
13 90 63 77 25 0 12 0.00 M M 9.9 17 160 M M 0 32 180
14 85 60 73 20 0 8 T M M 6.8 20 250 M M 1 3 27 310
15 75 52 64 11 1 0 0.00 M M 3.7 14 270 M M 1 20 280
16 68 45 57 4 8 0 0.00 M M 6.7 15 270 M M 4 26 290
17 57 36 47 -7 18 0 0.00 M M 5.6 18 280 M M 2 26 300
18 66 30 48 -6 17 0 0.00 M M 7.1 15 180 M M 2 22 180
19 73 49 61 7 4 0 0.03 M M 8.1 18 240 M M 6 28 230
20 85 M M M M M M M M M M M M M 3 3 M M
21 M M M M M M M M M M M M M M M M M
22 55 40 48 -8 17 0 T M M M M M M M M M M
23 61 32 47 -9 18 0 0.00 M M 4.6 9 50 M M 2 17 99
24 68 34 51 -5 14 0 0.00 M M 3.6 14 30 M M 0 21 20
25 64 50 57 0 8 0 0.48 M M 8.3 18 130 M M 8 18 29 120
26 76 55 66 9 0 1 0.14 M M 11.2 24 230 M M 8 18 33 220
27 63 49 56 -1 9 0 T M M 4.5 13 300 M M 9 128 20 320
28 67 39 53 -5 12 0 0.02 M M 2.4 8 140 M M 4 13 340
29 81 55 68 10 0 3 T M M 11.2 20 190 M M 3 27 170
30 90 68 79 21 0 14 0.00 M M 13.9 22 180 M M 0 28 220
31 89 68 79 21 0 14 T M M 13.2 24 200 M M 2 3 32 240
================================================================================
SM 2137 1369 254 86 0.87 M 221.3 M 93
================================================================================
AV 71.2 47.2 7.9 FASTST M M 3 MAX(MPH)
MISC ----> 28 140 41 140
================================================================================
NOTES:
# LAST OF SEVERAL OCCURRENCES
COLUMN 17 PEAK WIND IN M.P.H.
PRELIMINARY LOCAL CLIMATOLOGICAL DATA (WS FORM: F-6) , PAGE 2
STATION: GAYLORD
MONTH: MAY
YEAR: 2022
LATITUDE: 45 0 N
LONGITUDE: 84 42 W
[TEMPERATURE DATA] [PRECIPITATION DATA] SYMBOLS USED IN COLUMN 16
AVERAGE MONTHLY: 59.2 TOTAL FOR MONTH: 0.87 1 = FOG OR MIST
DPTR FM NORMAL: 6.1 DPTR FM NORMAL: -2.14 2 = FOG REDUCING VISIBILITY
HIGHEST: 90 ON 30,13 GRTST 24HR 0.62 ON 25-26 TO 1/4 MILE OR LESS
LOWEST: 30 ON 18 3 = THUNDER
SNOW, ICE PELLETS, HAIL 4 = ICE PELLETS
TOTAL MONTH: M 5 = HAIL
GRTST 24HR M ON M 6 = FREEZING RAIN OR DRIZZLE
GRTST DEPTH: M ON M 7 = DUSTSTORM OR SANDSTORM:
VSBY 1/2 MILE OR LESS
8 = SMOKE OR HAZE
[NO. OF DAYS WITH] [WEATHER - DAYS WITH] 9 = BLOWING SNOW
X = TORNADO
MAX 32 OR BELOW: 0 0.01 INCH OR MORE: 6
MAX 90 OR ABOVE: 3 0.10 INCH OR MORE: 3
MIN 32 OR BELOW: 4 0.50 INCH OR MORE: 0
MIN 0 OR BELOW: 0 1.00 INCH OR MORE: 0
[HDD (BASE 65) ]
TOTAL THIS MO. 254 CLEAR (SCALE 0-3) 16
DPTR FM NORMAL -129 PTCLDY (SCALE 4-7) 9
TOTAL FM JUL 1 7542 CLOUDY (SCALE 8-10) 6
DPTR FM NORMAL -686
[CDD (BASE 65) ]
TOTAL THIS MO. 86
DPTR FM NORMAL 70 [PRESSURE DATA]
TOTAL FM JAN 1 86 HIGHEST SLP 30.43 ON 23
DPTR FM NORMAL 69 LOWEST SLP 29.26 ON 20
[REMARKS]
#FINAL-05-22#