030
CXUS54 KFWD 010730
CF6GOP
PRELIMINARY LOCAL CLIMATOLOGICAL DATA (WS FORM: F-6)
STATION: GATESVILLE
MONTH: JULY
YEAR: 2020
LATITUDE: 31 25 N
LONGITUDE: 97 48 W
TEMPERATURE IN F: :PCPN: SNOW: WIND :SUNSHINE: SKY :PK WND
================================================================================
1 2 3 4 5 6A 6B 7 8 9 10 11 12 13 14 15 16 17 18
12Z AVG MX 2MIN
DY MAX MIN AVG DEP HDD CDD WTR SNW DPTH SPD SPD DIR MIN PSBL S-S WX SPD DR
================================================================================
1 93 79 86 5 0 21 0.00 0.0 0 9.4 15 190 M M 2 21 200
2 99 79 89 8 0 24 0.00 0.0 0 4.8 9 220 M M 1 18 14 220
3 100 73 87 6 0 22 0.00 0.0 0 3.0 12 180 M M 0 12 280
4 100 72 86 4 0 21 0.00 0.0 0 3.3 10 220 M M 0 14 99
5 95 77 86 4 0 21 0.00 0.0 0 1.5 7 99 M M 0 M M
6 93 75 84 2 0 19 0.00 0.0 0 2.2 12 190 M M 0 18 180
7 88 72 80 -2 0 15 0.26 0.0 0 3.1 12 50 M M 1 3 17 50
8 95 73 84 2 0 19 0.00 0.0 0 5.8 13 140 M M 1 1 16 190
9 99 77 88 6 0 23 0.00 0.0 0 9.0 16 190 M M 2 20 180
10 99 75 87 5 0 22 0.00 0.0 0 4.7 13 180 M M 1 22 180
11 102 77 90 8 0 25 0.00 0.0 0 6.2 10 190 M M 0 13 160
12 104 79 92 10 0 27 0.00 0.0 0 6.3 17 210 M M 1 20 80
13 106 77 92 10 0 27 0.00 0.0 0 6.6 13 180 M M 0 16 210
14 106 75 91 9 0 26 0.00 0.0 0 10.4 20 150 M M 0 23 190
15 99 77 88 6 0 23 0.00 0.0 0 9.5 15 200 M M 0 22 200
16 100 73 87 5 0 22 0.00 0.0 0 5.4 12 210 M M 0 15 200
17 99 75 87 5 0 22 0.00 0.0 0 4.2 12 80 M M 0 17 110
18 95 73 84 2 0 19 0.00 0.0 0 4.5 10 100 M M 1 16 180
19 95 75 85 3 0 20 0.00 0.0 0 3.7 8 130 M M 1 14 200
20 95 73 84 2 0 19 0.00 0.0 0 4.0 12 80 M M 1 15 99
21 93 75 84 1 0 19 0.00 0.0 0 3.5 8 130 M M 3 14 130
22 97 75 86 3 0 21 0.00 0.0 0 3.6 10 110 M M 2 16 110
23 97 75 86 3 0 21 0.00 0.0 0 4.5 8 90 M M 0 16 90
24 95 75 85 2 0 20 0.00 0.0 0 5.2 15 60 M M 1 18 60
25 91 75 83 0 0 18 0.24 0.0 0 5.3 13 80 M M 4 18 70
26 93 73 83 0 0 18 0.00 0.0 0 2.5 16 150 M M 3 1 28 150
27 95 72 84 1 0 19 0.00 0.0 0 1.4 6 99 M M 5 M M
28 91 73 82 -1 0 17 0.23 0.0 0 3.7 17 340 M M 1 16 190
29 97 77 87 4 0 22 0.00 0.0 0 6.4 16 170 M M 0 24 170
30 97 75 86 3 0 21 0.00 0.0 0 9.9 16 160 M M 0 27 200
31 95 79 87 4 0 22 0.00 0.0 0 7.2 15 260 M M 1 21 260
================================================================================
SM 3003 2330 0 655 0.73 0.0 160.8 M 32
================================================================================
AV 96.9 75.2 5.2 FASTST M M 1 MAX(MPH)
MISC ----> # 20 150 # 28 150
================================================================================
NOTES:
# LAST OF SEVERAL OCCURRENCES
COLUMN 17 PEAK WIND IN M.P.H.
PRELIMINARY LOCAL CLIMATOLOGICAL DATA (WS FORM: F-6) , PAGE 2
STATION: GATESVILLE
MONTH: JULY
YEAR: 2020
LATITUDE: 31 25 N
LONGITUDE: 97 48 W
[TEMPERATURE DATA] [PRECIPITATION DATA] SYMBOLS USED IN COLUMN 16
AVERAGE MONTHLY: 86.0 TOTAL FOR MONTH: 0.73 1 = FOG OR MIST
DPTR FM NORMAL: 3.8 DPTR FM NORMAL: M 2 = FOG REDUCING VISIBILITY
HIGHEST: 106 ON 14,13 GRTST 24HR 0.26 ON 7- 7 TO 1/4 MILE OR LESS
LOWEST: 72 ON 27, 7 3 = THUNDER
SNOW, ICE PELLETS, HAIL 4 = ICE PELLETS
TOTAL MONTH: 0.0 INCH 5 = HAIL
GRTST 24HR 0.0 6 = FREEZING RAIN OR DRIZZLE
GRTST DEPTH: 0 7 = DUSTSTORM OR SANDSTORM:
VSBY 1/2 MILE OR LESS
8 = SMOKE OR HAZE
[NO. OF DAYS WITH] [WEATHER - DAYS WITH] 9 = BLOWING SNOW
X = TORNADO
MAX 32 OR BELOW: 0 0.01 INCH OR MORE: 3
MAX 90 OR ABOVE: 30 0.10 INCH OR MORE: 3
MIN 32 OR BELOW: 0 0.50 INCH OR MORE: 0
MIN 0 OR BELOW: 0 1.00 INCH OR MORE: 0
[HDD (BASE 65) ]
TOTAL THIS MO. 0 CLEAR (SCALE 0-3) 28
DPTR FM NORMAL 0 PTCLDY (SCALE 4-7) 3
TOTAL FM JUL 1 0 CLOUDY (SCALE 8-10) 0
DPTR FM NORMAL 0
[CDD (BASE 65) ]
TOTAL THIS MO. 655
DPTR FM NORMAL 120 [PRESSURE DATA]
TOTAL FM JAN 1 1617 HIGHEST SLP M ON M
DPTR FM NORMAL 335 LOWEST SLP M ON M
[REMARKS]
#FINAL-07-20#