000
CXUS55 KMSO 010900
CF6GPI
PRELIMINARY LOCAL CLIMATOLOGICAL DATA (WS FORM: F-6)
STATION: KALISPELL MT
MONTH: MAY
YEAR: 2021
LATITUDE: 48 17 N
LONGITUDE: 114 16 W
TEMPERATURE IN F: :PCPN: SNOW: WIND :SUNSHINE: SKY :PK WND
================================================================================
1 2 3 4 5 6A 6B 7 8 9 10 11 12 13 14 15 16 17 18
12Z AVG MX 2MIN
DY MAX MIN AVG DEP HDD CDD WTR SNW DPTH SPD SPD DIR MIN PSBL S-S WX SPD DR
================================================================================
1 71 42 57 10 8 0 T 0.0 0 9.9 24 270 M M 3 34 200
2 62 37 50 3 15 0 0.00 0.0 0 9.9 23 20 M M 5 28 20
3 59 28 44 -4 21 0 0.01 0.0 0 4.3 21 270 M M 6 30 180
4 63 38 51 3 14 0 0.00 0.0 0 3.5 15 350 M M 8 17 360
5 67 30 49 1 16 0 0.00 0.0 0 3.1 13 170 M M 2 16 170
6 79 37 58 9 7 0 T 0.0 0 5.4 17 270 M M 0 25 260
7 62 40 51 2 14 0 0.01 0.0 0 7.0 20 230 M M 8 25 250
8 43 38 41 -8 24 0 0.08 0.0 0 11.1 18 130 M M 10 1 23 130
9 51 37 44 -6 21 0 T 0.0 0 4.2 15 30 M M 9 17 30
10 60 30 45 -5 20 0 0.00 0.0 0 3.2 10 150 M M 4 15 90
11 59 28 44 -6 21 0 0.01 0.0 0 4.0 16 280 M M 6 21 280
12 67 30 49 -2 16 0 0.04 0.0 0 5.5 15 170 M M 3 1 20 10
13 70 45 58 7 7 0 0.02 0.0 0 2.1 8 160 M M 6 12 150
14 73 41 57 6 8 0 0.00 0.0 0 5.1 21 230 M M 0 26 230
15 77 37 57 5 8 0 0.00 0.0 0 3.8 13 190 M M 0 16 200
16 79 37 58 6 7 0 0.00 0.0 0 4.3 13 160 M M 0 16 180
17 84 38 61 9 4 0 0.00 0.0 0 7.4 21 160 M M 0 26 260
18 64 36 50 -2 15 0 0.00 0.0 0 12.5 25 230 M M 5 37 230
19 56 26 41 -12 24 0 0.00 0.0 0 5.8 18 30 M M 5 24 30
20 51 40 46 -7 19 0 0.00 0.0 0 16.1 25 40 M M 10 32 40
21 48 40 44 -9 21 0 T 0.0 0 13.4 22 20 M M 10 30 10
22 67 37 52 -2 13 0 T 0.0 0 5.2 23 20 M M 4 28 20
23 53 42 48 -6 17 0 0.80 0.0 0 8.9 21 140 M M 10 18 26 140
24 50 43 47 -7 18 0 0.54 0.0 0 9.1 17 190 M M 10 1 23 190
25 64 47 56 2 9 0 0.28 0.0 0 4.3 14 150 M M 8 1 16 150
26 64 43 54 0 11 0 0.10 0.0 0 4.3 18 150 M M 8 13 21 150
27 74 38 56 2 9 0 T 0.0 0 7.6 24 150 M M 6 12 30 140
28 60 36 48 -7 17 0 0.01 0.0 0 10.4 23 260 M M 8 30 260
29 67 30 49 -6 16 0 0.00 0.0 M 3.9 13 140 M M 1 22 140
30 74 35 55 0 10 0 0.00 0.0 0 2.8 10 160 M M 0 13 160
31 79 39 59 4 6 0 0.00 0.0 0 4.7 13 170 M M 0 19 170
================================================================================
SM 1997 1145 436 0 1.90 0.0 202.8 M 155
================================================================================
AV 64.4 36.9 6.5 FASTST M M 5 MAX(MPH)
MISC ----> # 25 230 37 230
================================================================================
NOTES:
# LAST OF SEVERAL OCCURRENCES
COLUMN 17 PEAK WIND IN M.P.H.
PRELIMINARY LOCAL CLIMATOLOGICAL DATA (WS FORM: F-6) , PAGE 2
STATION: KALISPELL MT
MONTH: MAY
YEAR: 2021
LATITUDE: 48 17 N
LONGITUDE: 114 16 W
[TEMPERATURE DATA] [PRECIPITATION DATA] SYMBOLS USED IN COLUMN 16
AVERAGE MONTHLY: 50.7 TOTAL FOR MONTH: 1.90 1 = FOG OR MIST
DPTR FM NORMAL: -0.9 DPTR FM NORMAL: 0.06 2 = FOG REDUCING VISIBILITY
HIGHEST: 84 ON 17 GRTST 24HR 1.09 ON 23-24 TO 1/4 MILE OR LESS
LOWEST: 26 ON 19 3 = THUNDER
SNOW, ICE PELLETS, HAIL 4 = ICE PELLETS
TOTAL MONTH: 0.0 INCH 5 = HAIL
GRTST 24HR 0.0 6 = FREEZING RAIN OR DRIZZLE
GRTST DEPTH: 0 7 = DUSTSTORM OR SANDSTORM:
VSBY 1/2 MILE OR LESS
8 = SMOKE OR HAZE
[NO. OF DAYS WITH] [WEATHER - DAYS WITH] 9 = BLOWING SNOW
X = TORNADO
MAX 32 OR BELOW: 0 0.01 INCH OR MORE: 11
MAX 90 OR ABOVE: 0 0.10 INCH OR MORE: 4
MIN 32 OR BELOW: 7 0.50 INCH OR MORE: 2
MIN 0 OR BELOW: 0 1.00 INCH OR MORE: 0
[HDD (BASE 65) ]
TOTAL THIS MO. 436 CLEAR (SCALE 0-3) 10
DPTR FM NORMAL 19 PTCLDY (SCALE 4-7) 14
TOTAL FM JUL 1 7469 CLOUDY (SCALE 8-10) 7
DPTR FM NORMAL -405
[CDD (BASE 65) ]
TOTAL THIS MO. 0
DPTR FM NORMAL -1 [PRESSURE DATA]
TOTAL FM JAN 1 0 HIGHEST SLP M ON M
DPTR FM NORMAL -1 LOWEST SLP 29.65 ON 17
[REMARKS]
#FINAL-05-21#