000
CXUS53 KGRB 170458
CF6GRB
PRELIMINARY LOCAL CLIMATOLOGICAL DATA (WS FORM: F-6)
STATION: GREEN BAY WI
MONTH: OCTOBER
YEAR: 2020
LATITUDE: 44 28 N
LONGITUDE: 88 8 W
TEMPERATURE IN F: :PCPN: SNOW: WIND :SUNSHINE: SKY :PK WND
================================================================================
1 2 3 4 5 6A 6B 7 8 9 10 11 12 13 14 15 16 17 18
12Z AVG MX 2MIN
DY MAX MIN AVG DEP HDD CDD WTR SNW DPTH SPD SPD DIR MIN PSBL S-S WX SPD DR
================================================================================
1 59 34 47 -6 18 0 T 0.0 0 9.4 20 340 M M 7 26 340
2 49 32 41 -11 24 0 0.00 0.0 0 4.7 14 350 M M 9 18 360
3 46 38 42 -10 23 0 0.29 0.0 0 5.0 12 50 M M 10 1 16 330
4 54 34 44 -8 21 0 0.00 0.0 0 6.2 15 360 M M 4 21 350
5 63 33 48 -3 17 0 0.00 0.0 0 10.2 23 200 M M 0 35 200
6 74 44 59 8 6 0 0.02 0.0 0 7.8 21 260 M M 2 32 270
7 69 40 55 5 10 0 0.04 0.0 0 8.6 18 320 M M 2 28 300
8 65 39 52 2 13 0 0.00 0.0 0 6.1 15 320 M M 0 21 350
9 78 43 61 11 4 0 0.00 0.0 0 9.1 21 220 M M 2 34 210
10 64 45 55 6 10 0 0.00 0.0 0 9.8 17 10 M M 0 23 360
11 62 43 53 4 12 0 0.00 0.0 0 8.8 17 140 M M 6 25 130
12 63 47 55 7 10 0 0.41 0.0 0 13.1 28 300 M M 5 13 39 300
13 67 40 54 6 11 0 T 0.0 0 11.0 26 280 M M 1 42 240
14 60 42 51 3 14 0 0.01 0.0 0 10.4 26 270 M M 5 39 270
15 51 35 43 -5 22 0 0.00 0.0 0 13.4 28 290 M M 4 8 42 280
16 52 30 41 -6 24 0 0.04 T 0 8.9 29 290 M M 4 4 39 290
17 58 28 43 -4 22 0 0.04 0.0 0 11.3 23 170 M M 5 35 160
18 49 29 39 -7 26 0 0.03 0.0 0 8.7 17 280 M M 4 22 280
19 39 22 31 -15 34 0 0.00 0.0 0 4.8 12 330 M M 6 17 340
20 45 24 35 -11 30 0 0.20 0.0 0 5.8 15 140 M M 5 1 21 70
21 44 39 42 -3 23 0 T 0.0 0 8.6 20 270 M M 7 1 28 260
22 45 32 39 -6 26 0 2.72 0.0 0 12.6 25 70 M M 9 138 33 70
23 43 29 36 -9 29 0 0.52 0.0 0 12.2 25 310 M M 8 18 37 310
24 39 31 35 -9 30 0 0.00 0.0 0 7.0 14 300 M M 7 23 260
25 41 29 35 -9 30 0 0.11 1.1 1 4.2 10 350 M M 8 1 16 350
26 40 27 34 -10 31 0 0.00 0.0 0 8.3 15 320 M M 3 20 320
27 39 26 33 -10 32 0 0.00 0.0 0 7.7 16 270 M M 1 22 220
28 50 32 41 -2 24 0 0.00 0.0 0 9.7 16 250 M M 6 29 220
29 42 32 37 -5 28 0 0.00 0.0 0 12.5 25 20 M M 10 33 360
30 40 25 33 -9 32 0 0.00 0.0 0 5.1 14 20 M M 5 19 340
31 56 24 40 -2 25 0 T 0.0 0 13.8 36 280 M M 3 48 270
================================================================================
SM 1646 1048 661 0 4.43 1.1 274.8 M 148
================================================================================
AV 53.1 33.8 8.9 FASTST M M 5 MAX(MPH)
MISC ----> 36 280 48 270
================================================================================
NOTES:
# LAST OF SEVERAL OCCURRENCES
COLUMN 17 PEAK WIND IN M.P.H.
PRELIMINARY LOCAL CLIMATOLOGICAL DATA (WS FORM: F-6) , PAGE 2
STATION: GREEN BAY WI
MONTH: OCTOBER
YEAR: 2020
LATITUDE: 44 28 N
LONGITUDE: 88 8 W
[TEMPERATURE DATA] [PRECIPITATION DATA] SYMBOLS USED IN COLUMN 16
AVERAGE MONTHLY: 43.5 TOTAL FOR MONTH: 4.43 1 = FOG OR MIST
DPTR FM NORMAL: -3.6 DPTR FM NORMAL: 1.99 2 = FOG REDUCING VISIBILITY
HIGHEST: 78 ON 9 GRTST 24HR 3.24 ON 22-23 TO 1/4 MILE OR LESS
LOWEST: 22 ON 19 3 = THUNDER
SNOW, ICE PELLETS, HAIL 4 = ICE PELLETS
TOTAL MONTH: 1.1 INCHES 5 = HAIL
GRTST 24HR 1.1 ON 25-25 6 = FREEZING RAIN OR DRIZZLE
GRTST DEPTH: 1 ON 25 7 = DUSTSTORM OR SANDSTORM:
VSBY 1/2 MILE OR LESS
8 = SMOKE OR HAZE
[NO. OF DAYS WITH] [WEATHER - DAYS WITH] 9 = BLOWING SNOW
X = TORNADO
MAX 32 OR BELOW: 0 0.01 INCH OR MORE: 12
MAX 90 OR ABOVE: 0 0.10 INCH OR MORE: 6
MIN 32 OR BELOW: 16 0.50 INCH OR MORE: 2
MIN 0 OR BELOW: 0 1.00 INCH OR MORE: 1
[HDD (BASE 65) ]
TOTAL THIS MO. 661 CLEAR (SCALE 0-3) 9
DPTR FM NORMAL 105 PTCLDY (SCALE 4-7) 17
TOTAL FM JUL 1 853 CLOUDY (SCALE 8-10) 5
DPTR FM NORMAL 26
[CDD (BASE 65) ]
TOTAL THIS MO. 0
DPTR FM NORMAL -3 [PRESSURE DATA]
TOTAL FM JAN 1 668 HIGHEST SLP 30.37 ON 27
DPTR FM NORMAL 270 LOWEST SLP 29.40 ON 14
[REMARKS]
#FINAL-10-20#