000
CXUS53 KGID 030153
CF6GRI
PRELIMINARY LOCAL CLIMATOLOGICAL DATA (WS FORM: F-6)
STATION: GRAND ISLAND NE
MONTH: JUNE
YEAR: 2022
LATITUDE: 40 58 N
LONGITUDE: 98 19 W
TEMPERATURE IN F: :PCPN: SNOW: WIND :SUNSHINE: SKY :PK WND
================================================================================
1 2 3 4 5 6A 6B 7 8 9 10 11 12 13 14 15 16 17 18
12Z AVG MX 2MIN
DY MAX MIN AVG DEP HDD CDD WTR SNW DPTH SPD SPD DIR MIN PSBL S-S WX SPD DR
================================================================================
1 71 48 60 -8 5 0 0.00 0.0 0 6.2 18 310 M M 0 25 300
2 83 45 64 -5 1 0 0.00 0.0 0 4.7 16 280 M M 3 25 280
3 86 56 71 2 0 6 T 0.0 0 10.4 22 190 M M 2 30 170
4 87 64 76 6 0 11 0.04 0.0 0 13.2 22 170 M M 4 3 28 170
5 79 58 69 -1 0 4 0.15 0.0 0 7.4 24 170 M M 3 138 34 170
6 84 61 73 3 0 8 0.05 0.0 0 7.7 23 120 M M 4 1238 27 120
7 78 60 69 -2 0 4 1.37 0.0 0 6.8 29 20 M M 7 138 44 20
8 79 58 69 -2 0 4 0.00 0.0 0 11.5 22 320 M M 0 39 310
9 81 59 70 -1 0 5 T 0.0 0 10.4 23 160 M M 2 30 220
10 84 58 71 -1 0 6 0.00 0.0 0 6.1 13 10 M M 1 24 350
11 95 64 80 8 0 15 0.00 0.0 0 9.3 20 360 M M 0 25 330
12 90 67 79 7 0 14 0.30 0.0 0 10.4 24 20 M M 1 13 37 10
13 103 69 86 14 0 21 0.00 0.0 0 16.2 31 180 M M 0 44 180
14 90 66 78 5 0 13 0.03 0.0 0 12.8 30 190 M M 1 3 45 200
15 85 61 73 0 0 8 0.42 0.0 0 10.8 43 230 M M 5 3 54 220
16 89 59 74 1 0 9 0.00 0.0 0 8.6 16 90 M M 2 26 90
17 95 65 80 7 0 15 0.00 0.0 0 13.2 21 90 M M 2 28 100
18 98 72 85 11 0 20 0.00 0.0 0 14.4 26 180 M M 0 36 170
19 97 77 87 13 0 22 0.00 0.0 0 19.2 30 190 M M 0 42 200
20 101 78 90 16 0 25 0.00 0.0 0 20.6 31 180 M M 0 3 44 210
21 86 64 75 1 0 10 T 0.0 0 7.6 18 340 M M 2 26 190
22 90 61 76 1 0 11 0.00 0.0 0 7.1 16 150 M M 0 22 140
23 90 69 80 5 0 15 0.00 0.0 0 12.3 24 170 M M 4 1 33 170
24 91 71 81 6 0 16 T 0.0 0 12.3 25 150 M M 2 3 36 140
25 85 58 72 -3 0 7 0.05 0.0 0 14.9 31 350 M M 4 138 44 330
26 83 52 68 -7 0 3 0.00 0.0 0 7.5 17 300 M M 0 25 330
27 85 57 71 -5 0 6 0.00 0.0 0 8.4 20 190 M M 4 28 190
28 95 58 77 1 0 12 0.00 0.0 0 14.7 26 220 M M 0 36 220
29 98 71 85 9 0 20 0.00 0.0 0 19.7 31 180 M M 0 45 180
30 96 73 85 9 0 20 0.00 0.0 0 12.9 26 190 M M 0 37 200
================================================================================
SM 2654 1879 6 330 2.41 0.0 337.3 M 53
================================================================================
AV 88.5 62.6 11.2 FASTST M M 2 MAX(MPH)
MISC ----> 43 230 54 220
================================================================================
NOTES:
# LAST OF SEVERAL OCCURRENCES
COLUMN 17 PEAK WIND IN M.P.H.
PRELIMINARY LOCAL CLIMATOLOGICAL DATA (WS FORM: F-6) , PAGE 2
STATION: GRAND ISLAND NE
MONTH: JUNE
YEAR: 2022
LATITUDE: 40 58 N
LONGITUDE: 98 19 W
[TEMPERATURE DATA] [PRECIPITATION DATA] SYMBOLS USED IN COLUMN 16
AVERAGE MONTHLY: 75.6 TOTAL FOR MONTH: 2.41 1 = FOG OR MIST
DPTR FM NORMAL: 2.8 DPTR FM NORMAL: -1.60 2 = FOG REDUCING VISIBILITY
HIGHEST: 103 ON 13 GRTST 24HR 1.37 ON 7- 7 TO 1/4 MILE OR LESS
LOWEST: 45 ON 2 3 = THUNDER
SNOW, ICE PELLETS, HAIL 4 = ICE PELLETS
TOTAL MONTH: 0.0 INCH 5 = HAIL
GRTST 24HR 0.0 6 = FREEZING RAIN OR DRIZZLE
GRTST DEPTH: 0 7 = DUSTSTORM OR SANDSTORM:
VSBY 1/2 MILE OR LESS
8 = SMOKE OR HAZE
[NO. OF DAYS WITH] [WEATHER - DAYS WITH] 9 = BLOWING SNOW
X = TORNADO
MAX 32 OR BELOW: 0 0.01 INCH OR MORE: 8
MAX 90 OR ABOVE: 14 0.10 INCH OR MORE: 4
MIN 32 OR BELOW: 0 0.50 INCH OR MORE: 1
MIN 0 OR BELOW: 0 1.00 INCH OR MORE: 1
[HDD (BASE 65) ]
TOTAL THIS MO. 6 CLEAR (SCALE 0-3) 22
DPTR FM NORMAL -11 PTCLDY (SCALE 4-7) 8
TOTAL FM JUL 1 5297 CLOUDY (SCALE 8-10) 0
DPTR FM NORMAL -623
[CDD (BASE 65) ]
TOTAL THIS MO. 330
DPTR FM NORMAL 81 [PRESSURE DATA]
TOTAL FM JAN 1 453 HIGHEST SLP 30.43 ON 26
DPTR FM NORMAL 121 LOWEST SLP 29.41 ON 14
[REMARKS]
#FINAL-06-22#