000
CXUS53 KGID 011503
CLMGRI
CLIMATE REPORT
NATIONAL WEATHER SERVICE HASTINGS NE
903 AM CST THU FEB 01 2024
...................................
...THE GRAND ISLAND NE CLIMATE SUMMARY FOR THE MONTH OF JANUARY 2024...
CLIMATE NORMAL PERIOD 1991 TO 2020
CLIMATE RECORD PERIOD 1895 TO 2024
WEATHER OBSERVED NORMAL DEPART LAST YEAR`S
VALUE DATE(S) VALUE FROM VALUE DATE(S)
NORMAL
................................................................
TEMPERATURE (F)
RECORD
HIGH 76 01/10/1990
LOW -29 01/12/1912
HIGHEST 62 01/31 58 4 53 01/10
LOWEST -17 01/14 -9 -8 0 01/29
AVG. MAXIMUM 28.8 36.1 -7.3 35.0
AVG. MINIMUM 13.0 15.6 -2.6 19.7
MEAN 20.9 25.9 -5.0 27.4
DAYS MAX >= 90 0 0.0 0.0 0
DAYS MAX <= 32 17 12.6 4.4 10
DAYS MIN <= 32 30 30.3 -0.3 30
DAYS MIN <= 0 7 4.0 3.0 1
PRECIPITATION (INCHES)
RECORD
MAXIMUM 2.60 1932
MINIMUM 0.00 1986
TOTALS 1.35 0.61 0.74 1.49
DAILY AVG. 0.04 0.02 0.02 0.05
DAYS >= .01 10 5.5 4.5 6
DAYS >= .10 4 1.8 2.2 3
DAYS >= .50 1 0.2 0.8 1
DAYS >= 1.00 0 0.0 0.0 0
GREATEST
24 HR. TOTAL 0.60 01/08 TO 01/08
SNOWFALL (INCHES)
RECORDS
TOTAL 26.0 1932
TOTALS 17.4 6.8 10.6 12.3
SINCE 7/1 22.5 15.0 7.5 MM
DAYS >= 1.0 4 2.1 1.9 2
GREATEST
SNOW DEPTH 10 01/13 10
24 HR TOTAL 7.5 01/31 TO 01/31
DEGREE DAYS
HEATING TOTAL 1358 1214 144 1160
SINCE 7/1 3340 3560 -220 MM
COOLING TOTAL 0 0 0 0
SINCE 1/1 0 0 0 MM
................................................................
WIND (MPH)
AVERAGE WIND SPEED 10.6
HIGHEST WIND SPEED/DIRECTION 37/340 DATE 01/18
HIGHEST GUST SPEED/DIRECTION 48/340 DATE 01/09
SKY COVER
POSSIBLE SUNSHINE (PERCENT) MM
AVERAGE SKY COVER 0.42
NUMBER OF DAYS FAIR 15
NUMBER OF DAYS PC 8
NUMBER OF DAYS CLOUDY 8
AVERAGE RH (PERCENT) 78
WEATHER CONDITIONS. NUMBER OF DAYS WITH
THUNDERSTORM 0 MIXED PRECIP 0
HEAVY RAIN 0 RAIN 0
LIGHT RAIN 0 FREEZING RAIN 0
LT FREEZING RAIN 0 HAIL 0
HEAVY SNOW 2 SNOW 5
LIGHT SNOW 10 SLEET 0
FOG 17 FOG W/VIS <= 1/4 MILE 5
HAZE 11
- INDICATES NEGATIVE NUMBERS.
R INDICATES RECORD WAS SET OR TIED.
MM INDICATES DATA IS MISSING.
T INDICATES TRACE AMOUNT.
$$