000
CXGM50 PGUM 010030
CF6GSN
PRELIMINARY LOCAL CLIMATOLOGICAL DATA (WS FORM: F-6)
STATION: SAIPAN/ISLEY_(CGS) MP
MONTH: MAY
YEAR: 2022
LATITUDE: 15 7 N
LONGITUDE: 145-44 E
TEMPERATURE IN F: :PCPN: SNOW: WIND :SUNSHINE: SKY :PK WND
================================================================================
1 2 3 4 5 6A 6B 7 8 9 10 11 12 13 14 15 16 17 18
12Z AVG MX 2MIN
DY MAX MIN AVG DEP HDD CDD WTR SNW DPTH SPD SPD DIR MIN PSBL S-S WX SPD DR
================================================================================
1 86 77 82 -1 0 17 0.00 0.0 0 11.8 17 80 M M 3 22 90
2 88 77 83 0 0 18 0.00 0.0 0 12.4 18 70 M M 2 22 90
3 89 76 83 0 0 18 0.05 0.0 0 14.8 23 110 M M 4 30 100
4 89 77 83 0 0 18 0.08 0.0 0 17.6 25 70 M M 6 30 70
5 87 77 82 -1 0 17 0.27 0.0 0 17.0 28 90 M M 5 33 90
6 88 77 83 0 0 18 T 0.0 0 15.9 23 70 M M 5 28 70
7 88 79 84 1 0 19 T 0.0 0 14.3 21 80 M M 5 28 80
8 88 78 83 0 0 18 0.05 0.0 0 16.5 23 80 M M 5 28 60
9 89 79 84 1 0 19 0.00 0.0 0 16.7 22 70 M M 5 27 80
10 88 79 84 1 0 19 T 0.0 0 14.2 20 90 M M 5 25 80
11 88 78 83 0 0 18 0.04 0.0 0 13.8 22 110 M M 4 26 110
12 88 78 83 0 0 18 0.08 0.0 0 13.1 20 70 M M 4 25 60
13 88 78 83 0 0 18 0.00 0.0 0 11.4 17 80 M M 4 22 80
14 89 76 83 0 0 18 T 0.0 0 10.1 16 70 M M 3 21 70
15 89 78 84 1 0 19 T 0.0 0 11.7 18 70 M M 4 24 80
16 88 77 83 0 0 18 0.19 0.0 0 9.5 16 80 M M 5 21 90
17 89 78 84 1 0 19 T 0.0 0 11.7 18 70 M M 3 24 100
18 89 76 83 0 0 18 0.24 0.0 0 9.9 21 50 M M 4 25 50
19 88 76 82 -1 0 17 0.08 0.0 0 10.1 17 100 M M 3 23 100
20 89 77 83 0 0 18 0.21 0.0 0 9.5 16 100 M M 3 22 120
21 89 76 83 0 0 18 0.00 0.0 0 11.3 17 140 M M 3 23 100
22 88 75 82 -1 0 17 0.38 0.0 0 10.1 17 110 M M 3 23 110
23 89 77 83 0 0 18 0.04 0.0 0 10.2 16 90 M M 3 21 80
24 88 80 84 1 0 19 0.03 0.0 0 12.1 17 80 M M 3 21 110
25 89 80 85 2 0 20 T 0.0 0 11.6 20 100 M M 3 25 80
26 89 79 84 1 0 19 0.02 0.0 0 8.7 15 30 M M 3 24 100
27 89 76 83 0 0 18 0.06 0.0 0 9.7 17 90 M M 3 21 90
28 90 80 85 2 0 20 0.01 0.0 0 11.8 21 100 M M 4 29 80
29 90 77 84 1 0 19 0.02 M M 12.5 20 90 M M 2 1 25 90
30 89 79 84 1 0 19 0.04 M M 10.3 16 90 M M 4 18 23 70
31 88 78 83 0 0 18 0.08 M M 7.4 13 60 M M 3 1 17 60
================================================================================
SM 2743 2405 0 567 1.97 0.0 377.7 M 116
================================================================================
AV 88.5 77.6 12.2 FASTST M M 4 MAX(MPH)
MISC ----> 28 90 33 90
================================================================================
NOTES:
# LAST OF SEVERAL OCCURRENCES
COLUMN 17 PEAK WIND IN M.P.H.
PRELIMINARY LOCAL CLIMATOLOGICAL DATA (WS FORM: F-6) , PAGE 2
STATION: SAIPAN/ISLEY_(CGS) MP
MONTH: MAY
YEAR: 2022
LATITUDE: 15 7 N
LONGITUDE: 145-44 E
[TEMPERATURE DATA] [PRECIPITATION DATA] SYMBOLS USED IN COLUMN 16
AVERAGE MONTHLY: 83.0 TOTAL FOR MONTH: 1.97 1 = FOG OR MIST
DPTR FM NORMAL: -0.1 DPTR FM NORMAL: -1.15 2 = FOG REDUCING VISIBILITY
HIGHEST: 90 ON 29,28 GRTST 24HR 0.38 ON 22-22 TO 1/4 MILE OR LESS
LOWEST: 75 ON 22 3 = THUNDER
SNOW, ICE PELLETS, HAIL 4 = ICE PELLETS
TOTAL MONTH: 0.0 INCH 5 = HAIL
GRTST 24HR 0.0 6 = FREEZING RAIN OR DRIZZLE
GRTST DEPTH: 0 7 = DUSTSTORM OR SANDSTORM:
VSBY 1/2 MILE OR LESS
8 = SMOKE OR HAZE
[NO. OF DAYS WITH] [WEATHER - DAYS WITH] 9 = BLOWING SNOW
X = TORNADO
MAX 32 OR BELOW: 0 0.01 INCH OR MORE: 19
MAX 90 OR ABOVE: 2 0.10 INCH OR MORE: 5
MIN 32 OR BELOW: 0 0.50 INCH OR MORE: 0
MIN 0 OR BELOW: 0 1.00 INCH OR MORE: 0
[HDD (BASE 65) ]
TOTAL THIS MO. 0 CLEAR (SCALE 0-3) 11
DPTR FM NORMAL 0 PTCLDY (SCALE 4-7) 20
TOTAL FM JUL 1 0 CLOUDY (SCALE 8-10) 0
DPTR FM NORMAL 0
[CDD (BASE 65) ]
TOTAL THIS MO. 567
DPTR FM NORMAL 6 [PRESSURE DATA]
TOTAL FM JAN 1 2540 HIGHEST SLP 29.96 ON 1
DPTR FM NORMAL 161 LOWEST SLP 29.85 ON 1
[REMARKS]
#FINAL-05-22#