000
CXGM50 PGUM 041107
CF6GSN
PRELIMINARY LOCAL CLIMATOLOGICAL DATA (WS FORM: F-6)
STATION: SAIPAN/ISLEY_(CGS) MP
MONTH: JANUARY
YEAR: 2024
LATITUDE: 15 7 N
LONGITUDE: 145-44 E
TEMPERATURE IN F: :PCPN: SNOW: WIND :SUNSHINE: SKY :PK WND
================================================================================
1 2 3 4 5 6A 6B 7 8 9 10 11 12 13 14 15 16 17 18
12Z AVG MX 2MIN
DY MAX MIN AVG DEP HDD CDD WTR SNW DPTH SPD SPD DIR MIN PSBL S-S WX SPD DR
================================================================================
1 87 79 83 3 0 18 0.01 0.0 0 11.5 18 100 M M M 3 24 90
2 87 79 83 3 0 18 0.01 0.0 0 10.8 17 90 M M 4 22 90
3 86 78 82 2 0 17 0.12 0.0 0 9.8 15 100 M M 5 20 110
4 87 78 83 3 0 18 0.28 0.0 0 9.9 18 100 M M 4 27 120
5 86 78 82 2 0 17 0.08 0.0 0 8.2 14 50 M M 4 19 60
6 86 77 82 2 0 17 0.03 0.0 0 10.6 16 70 M M 4 22 60
7 86 78 82 2 0 17 0.03 0.0 0 10.8 21 70 M M 6 25 60
8 86 76 81 1 0 16 0.36 0.0 0 11.3 20 90 M M 5 25 100
9 86 77 82 2 0 17 T 0.0 0 15.3 21 80 M M 4 29 80
10 86 78 82 2 0 17 0.05 0.0 0 14.6 24 120 M M 4 34 120
11 87 75 81 1 0 16 0.02 0.0 0 7.2 13 70 M M 3 18 80
12 87 75 81 1 0 16 0.00 0.0 0 9.8 16 70 M M 3 22 90
13 86 75 81 1 0 16 0.00 0.0 0 10.9 18 90 M M 2 25 80
14 86 75 81 1 0 16 0.11 0.0 0 14.6 26 60 M M 5 40 70
15 85 75 80 1 0 15 0.19 0.0 0 16.2 24 70 M M 9 34 40
16 84 72 78 -1 0 13 0.63 0.0 0 9.5 20 30 M M 10 28 60
17 83 73 78 -1 0 13 0.12 0.0 0 20.1 31 30 M M 9 43 40
18 82 74 78 -1 0 13 0.01 0.0 0 22.5 31 60 M M 7 46 70
19 83 73 78 -1 0 13 T 0.0 0 20.3 31 70 M M 7 40 80
20 84 73 79 0 0 14 0.04 0.0 0 19.2 28 80 M M 6 36 70
21 84 73 79 0 0 14 T 0.0 0 18.8 29 80 M M 5 38 70
22 85 73 79 0 0 14 0.00 0.0 0 11.1 18 50 M M 4 25 40
23 85 74 80 1 0 15 0.02 0.0 0 12.9 21 80 M M 2 29 60
24 86 73 80 1 0 15 0.02 0.0 0 10.7 18 30 M M 2 26 50
25 82 75 79 0 0 14 0.01 0.0 0 11.6 20 40 M M 6 26 40
26 85 72 79 0 0 14 0.16 0.0 0 12.7 22 40 M M 7 26 90
27 82 73 78 -1 0 13 0.10 0.0 0 14.7 23 40 M M 9 31 40
28 84 75 80 1 0 15 T 0.0 0 13.9 21 50 M M 6 28 50
29 85 74 80 1 0 15 0.00 0.0 0 13.0 23 50 M M 5 33 40
30 85 75 80 1 0 15 T 0.0 0 17.5 25 50 M M 6 34 40
31 85 72 79 0 0 14 0.02 0.0 0 18.5 28 50 M M 7 39 60
================================================================================
SM 2638 2327 0 475 2.42 0.0 418.5 M 160
================================================================================
AV 85.1 75.1 13.5 FASTST M M 5 MAX(MPH)
MISC ----> # 31 30 46 70
================================================================================
NOTES:
# LAST OF SEVERAL OCCURRENCES
COLUMN 17 PEAK WIND IN M.P.H.
PRELIMINARY LOCAL CLIMATOLOGICAL DATA (WS FORM: F-6) , PAGE 2
STATION: SAIPAN/ISLEY_(CGS) MP
MONTH: JANUARY
YEAR: 2024
LATITUDE: 15 7 N
LONGITUDE: 145-44 E
[TEMPERATURE DATA] [PRECIPITATION DATA] SYMBOLS USED IN COLUMN 16
AVERAGE MONTHLY: 80.1 TOTAL FOR MONTH: 2.42 1 = FOG OR MIST
DPTR FM NORMAL: 0.6 DPTR FM NORMAL: -1.23 2 = FOG REDUCING VISIBILITY
HIGHEST: 87 ON 12,11 GRTST 24HR 0.63 ON 16-16 TO 1/4 MILE OR LESS
LOWEST: 72 ON 31,26 3 = THUNDER
SNOW, ICE PELLETS, HAIL 4 = ICE PELLETS
TOTAL MONTH: 0.0 INCH 5 = HAIL
GRTST 24HR 0.0 6 = FREEZING RAIN OR DRIZZLE
GRTST DEPTH: 0 7 = DUSTSTORM OR SANDSTORM:
VSBY 1/2 MILE OR LESS
8 = SMOKE OR HAZE
[NO. OF DAYS WITH] [WEATHER - DAYS WITH] 9 = BLOWING SNOW
X = TORNADO
MAX 32 OR BELOW: 0 0.01 INCH OR MORE: 22
MAX 90 OR ABOVE: 0 0.10 INCH OR MORE: 9
MIN 32 OR BELOW: 0 0.50 INCH OR MORE: 1
MIN 0 OR BELOW: 0 1.00 INCH OR MORE: 0
[HDD (BASE 65) ]
TOTAL THIS MO. 0 CLEAR (SCALE 0-3) 5
DPTR FM NORMAL 0 PTCLDY (SCALE 4-7) 21
TOTAL FM JUL 1 6 CLOUDY (SCALE 8-10) 5
DPTR FM NORMAL 6
[CDD (BASE 65) ]
TOTAL THIS MO. 475
DPTR FM NORMAL 27 [PRESSURE DATA]
TOTAL FM JAN 1 475 HIGHEST SLP 30.00 ON 1
DPTR FM NORMAL 27 LOWEST SLP 29.91 ON 1
[REMARKS]
#FINAL-01-24#