000
CXUS52 KGSP 011713
CF6GSP
PRELIMINARY LOCAL CLIMATOLOGICAL DATA (WS FORM: F-6)
STATION: GREENVILLE-SPARTANBURG SC
MONTH: NOVEMBER
YEAR: 2022
LATITUDE: 34 54 N
LONGITUDE: 82 13 W
TEMPERATURE IN F: :PCPN: SNOW: WIND :SUNSHINE: SKY :PK WND
================================================================================
1 2 3 4 5 6A 6B 7 8 9 10 11 12 13 14 15 16 17 18
12Z AVG MX 2MIN
DY MAX MIN AVG DEP HDD CDD WTR SNW DPTH SPD SPD DIR MIN PSBL S-S WX SPD DR
================================================================================
1 75 54 65 9 0 0 0.00 0.0 0 1.8 9 60 M M 5 128 11 60
2 67 51 59 3 6 0 T 0.0 0 4.4 10 30 M M 2 13 30
3 72 50 61 6 4 0 0.00 0.0 0 4.8 12 50 M M 1 16 70
4 73 49 61 6 4 0 0.00 0.0 0 5.3 13 50 M M 6 16 50
5 69 59 64 9 1 0 1.04 0.0 0 7.4 17 180 M M 10 12 23 170
6 80 67 74 20 0 9 0.11 0.0 0 4.1 15 140 M M 7 12 20 170
7 82 65 74 20 0 9 T 0.0 0 2.3 10 110 M M 8 128 13 120
8 74 52 63 9 2 0 0.00 0.0 0 9.8 18 70 M M 3 23 30
9 65 47 56 3 9 0 0.00 0.0 0 13.2 21 40 M M 3 29 30
10 62 56 59 6 6 0 0.57 0.0 0 14.5 21 40 M M 10 1 30 30
11 69 60 65 12 0 0 1.79 0.0 0 10.4 23 180 M M 10 13 31 190
12 71 48 60 8 5 0 T 0.0 0 8.1 18 230 M M 8 12 26 230
13 49 30 40 -12 25 0 0.00 0.0 0 7.4 18 340 M M 0 26 330
14 49 28 39 -13 26 0 0.00 0.0 0 6.7 14 10 M M 2 21 20
15 44 40 42 -10 23 0 0.47 0.0 0 7.2 16 40 M M 10 1 21 50
16 55 34 45 -6 20 0 0.00 0.0 0 2.6 10 270 M M 4 12 14 310
17 49 26 38 -13 27 0 0.00 0.0 0 2.6 14 320 M M 0 20 320
18 53 27 40 -11 25 0 0.00 0.0 0 4.7 15 210 M M 0 18 210
19 57 30 44 -7 21 0 0.00 0.0 0 7.3 16 240 M M 0 25 240
20 49 28 39 -11 26 0 0.00 0.0 0 4.0 14 350 M M 0 20 10
21 54 25 40 -10 25 0 0.00 0.0 0 3.1 7 90 M M 0 9 100
22 57 29 43 -7 22 0 T 0.0 0 1.5 8 360 M M 3 11 350
23 67 34 51 1 14 0 0.00 0.0 0 2.3 10 80 M M 0 13 60
24 62 39 51 2 14 0 0.09 0.0 0 5.7 13 50 M M 7 1 16 40
25 68 48 58 9 7 0 0.09 0.0 0 5.3 18 10 M M 5 1 26 330
26 66 39 53 4 12 0 0.00 0.0 0 3.8 10 170 M M 1 14 130
27 69 49 59 11 6 0 0.77 0.0 0 11.1 30 230 M M 6 13 40 240
28 66 44 55 7 10 0 0.00 0.0 0 5.6 13 230 M M 1 16 230
29 62 38 50 2 15 0 0.09 0.0 0 5.2 10 50 M M 2 1 14 60
30 67 43 55 7 10 0 1.94 0.0 0 8.3 21 240 M M 6 138 28 240
================================================================================
SM 1902 1289 365 18 6.96 0.0 180.5 M 120
================================================================================
AV 63.4 43.0 6.0 FASTST M M 4 MAX(MPH)
MISC ----> 30 230 40 240
================================================================================
NOTES:
# LAST OF SEVERAL OCCURRENCES
COLUMN 17 PEAK WIND IN M.P.H.
PRELIMINARY LOCAL CLIMATOLOGICAL DATA (WS FORM: F-6) , PAGE 2
STATION: GREENVILLE-SPARTANBURG SC
MONTH: NOVEMBER
YEAR: 2022
LATITUDE: 34 54 N
LONGITUDE: 82 13 W
[TEMPERATURE DATA] [PRECIPITATION DATA] SYMBOLS USED IN COLUMN 16
AVERAGE MONTHLY: 53.2 TOTAL FOR MONTH: 6.96 1 = FOG OR MIST
DPTR FM NORMAL: 1.6 DPTR FM NORMAL: 3.12 2 = FOG REDUCING VISIBILITY
HIGHEST: 82 ON 7 GRTST 24HR 2.21 ON 10-11 TO 1/4 MILE OR LESS
LOWEST: 25 ON 21 3 = THUNDER
SNOW, ICE PELLETS, HAIL 4 = ICE PELLETS
TOTAL MONTH: 0.0 INCH 5 = HAIL
GRTST 24HR 0.0 6 = FREEZING RAIN OR DRIZZLE
GRTST DEPTH: 0 7 = DUSTSTORM OR SANDSTORM:
VSBY 1/2 MILE OR LESS
8 = SMOKE OR HAZE
[NO. OF DAYS WITH] [WEATHER - DAYS WITH] 9 = BLOWING SNOW
X = TORNADO
MAX 32 OR BELOW: 0 0.01 INCH OR MORE: 10
MAX 90 OR ABOVE: 0 0.10 INCH OR MORE: 7
MIN 32 OR BELOW: 8 0.50 INCH OR MORE: 5
MIN 0 OR BELOW: 0 1.00 INCH OR MORE: 3
[HDD (BASE 65) ]
TOTAL THIS MO. 365 CLEAR (SCALE 0-3) 16
DPTR FM NORMAL -40 PTCLDY (SCALE 4-7) 9
TOTAL FM JUL 1 598 CLOUDY (SCALE 8-10) 5
DPTR FM NORMAL 31
[CDD (BASE 65) ]
TOTAL THIS MO. 18
DPTR FM NORMAL 14 [PRESSURE DATA]
TOTAL FM JAN 1 1792 HIGHEST SLP 30.50 ON 21
DPTR FM NORMAL 73 LOWEST SLP 29.55 ON 11
[REMARKS]
#FINAL-11-22#