000
CXUS52 KGSP 010941
CF6GSP
PRELIMINARY LOCAL CLIMATOLOGICAL DATA (WS FORM: F-6)
STATION: GREENVILLE-SPARTANBURG SC
MONTH: NOVEMBER
YEAR: 2020
LATITUDE: 34 54 N
LONGITUDE: 82 13 W
TEMPERATURE IN F: :PCPN: SNOW: WIND :SUNSHINE: SKY :PK WND
================================================================================
1 2 3 4 5 6A 6B 7 8 9 10 11 12 13 14 15 16 17 18
12Z AVG MX 2MIN
DY MAX MIN AVG DEP HDD CDD WTR SNW DPTH SPD SPD DIR MIN PSBL S-S WX SPD DR
================================================================================
1 70 48 59 2 6 0 0.28 0.0 0 7.8 21 330 M M 5 1 34 290
2 58 34 46 -11 19 0 0.00 0.0 0 7.1 17 350 M M 0 27 350
3 67 32 50 -6 15 0 0.00 0.0 0 2.5 9 210 M M 0 12 280
4 67 35 51 -5 14 0 0.00 0.0 0 2.9 9 120 M M 0 14 150
5 69 37 53 -3 12 0 0.00 0.0 0 1.7 7 120 M M 0 13 130
6 73 46 60 5 5 0 0.00 0.0 0 4.4 10 90 M M 0 14 70
7 73 53 63 8 2 0 0.00 0.0 0 5.8 12 20 M M 7 15 30
8 74 55 65 10 0 0 0.00 0.0 0 7.4 14 80 M M 5 17 40
9 75 61 68 14 0 3 T 0.0 0 8.0 15 70 M M 8 19 60
10 70 63 67 13 0 2 0.15 0.0 0 6.8 10 50 M M 10 18 15 90
11 79 67 73 19 0 8 1.80 0.0 0 3.4 12 190 M M 9 1238 16 170
12 72 63 68 14 0 3 1.07 0.0 0 7.2 14 20 M M 9 18 19 20
13 77 47 62 9 3 0 0.00 0.0 0 3.9 15 230 M M 4 12 20 230
14 66 43 55 2 10 0 0.00 0.0 0 4.4 10 50 M M 2 17 110
15 68 49 59 6 6 0 0.00 0.0 0 7.0 21 210 M M 7 128 31 230
16 63 39 51 -1 14 0 0.00 0.0 0 3.7 12 360 M M 0 19 360
17 64 35 50 -2 15 0 0.00 0.0 0 6.4 20 10 M M 0 27 360
18 59 32 46 -6 19 0 0.00 0.0 0 3.3 10 10 M M 0 13 360
19 58 30 44 -7 21 0 0.00 0.0 0 1.2 7 230 M M 0 11 160
20 69 33 51 0 14 0 0.00 0.0 0 5.0 16 220 M M 0 23 200
21 72 40 56 5 9 0 0.00 0.0 0 1.4 8 120 M M 0 18 10 130
22 69 42 56 6 9 0 0.00 0.0 0 3.4 9 210 M M 1 1 12 230
23 62 38 50 0 15 0 0.00 0.0 0 7.1 21 340 M M 0 33 330
24 54 31 43 -7 22 0 0.00 0.0 0 2.9 12 110 M M 1 15 120
25 57 43 50 1 15 0 0.33 0.0 0 3.4 16 130 M M 10 1 17 130
26 73 49 61 12 4 0 0.22 0.0 0 6.2 17 210 M M 6 1 22 200
27 70 38 54 5 11 0 0.00 0.0 0 1.9 8 20 M M 0 128 12 290
28 68 44 56 8 9 0 0.01 0.0 0 2.8 8 20 M M 4 11 110
29 58 41 50 2 15 0 0.58 0.0 0 5.0 12 30 M M 5 1 16 50
30 56 37 47 -1 18 0 1.54 0.0 0 8.8 18 240 M M 10 1 26 250
================================================================================
SM 2010 1305 302 16 5.98 0.0 142.8 M 103
================================================================================
AV 67.0 43.5 4.8 FASTST M M 3 MAX(MPH)
MISC ----> # 21 330 34 290
================================================================================
NOTES:
# LAST OF SEVERAL OCCURRENCES
COLUMN 17 PEAK WIND IN M.P.H.
PRELIMINARY LOCAL CLIMATOLOGICAL DATA (WS FORM: F-6) , PAGE 2
STATION: GREENVILLE-SPARTANBURG SC
MONTH: NOVEMBER
YEAR: 2020
LATITUDE: 34 54 N
LONGITUDE: 82 13 W
[TEMPERATURE DATA] [PRECIPITATION DATA] SYMBOLS USED IN COLUMN 16
AVERAGE MONTHLY: 55.3 TOTAL FOR MONTH: 5.98 1 = FOG OR MIST
DPTR FM NORMAL: 2.8 DPTR FM NORMAL: 2.28 2 = FOG REDUCING VISIBILITY
HIGHEST: 79 ON 11 GRTST 24HR 2.32 ON 11-12 TO 1/4 MILE OR LESS
LOWEST: 30 ON 19 3 = THUNDER
SNOW, ICE PELLETS, HAIL 4 = ICE PELLETS
TOTAL MONTH: 0.0 INCH 5 = HAIL
GRTST 24HR 0.0 6 = FREEZING RAIN OR DRIZZLE
GRTST DEPTH: 0 7 = DUSTSTORM OR SANDSTORM:
VSBY 1/2 MILE OR LESS
8 = SMOKE OR HAZE
[NO. OF DAYS WITH] [WEATHER - DAYS WITH] 9 = BLOWING SNOW
X = TORNADO
MAX 32 OR BELOW: 0 0.01 INCH OR MORE: 9
MAX 90 OR ABOVE: 0 0.10 INCH OR MORE: 8
MIN 32 OR BELOW: 4 0.50 INCH OR MORE: 4
MIN 0 OR BELOW: 0 1.00 INCH OR MORE: 3
[HDD (BASE 65) ]
TOTAL THIS MO. 302 CLEAR (SCALE 0-3) 16
DPTR FM NORMAL -81 PTCLDY (SCALE 4-7) 9
TOTAL FM JUL 1 434 CLOUDY (SCALE 8-10) 5
DPTR FM NORMAL -119
[CDD (BASE 65) ]
TOTAL THIS MO. 16
DPTR FM NORMAL 11 [PRESSURE DATA]
TOTAL FM JAN 1 1716 HIGHEST SLP 30.67 ON 19
DPTR FM NORMAL 1 LOWEST SLP 29.50 ON 30
[REMARKS]
#FINAL-11-20#