000
CXUS55 KTFX 020302
CLAGTF
CLIMATE REPORT
NATIONAL WEATHER SERVICE GREAT FALLS MT
758 PM MST SUN JAN 01 2023
...................................
...THE BOZEMAN/GALLATIN FIELD MT CLIMATE SUMMARY FOR THE YEAR OF 2022...
CLIMATE NORMAL PERIOD 1991 TO 2020
CLIMATE RECORD PERIOD 1935 TO 2022
WEATHER OBSERVED NORMAL DEPART LAST YEAR`S
VALUE DATE(S) VALUE FROM VALUE DATE(S)
NORMAL
................................................................
TEMPERATURE (F)
RECORD
HIGH 106 07/06/2007
LOW -46 12/24/1983
01/26/1957
02/07/1936
HIGHEST 100 09/03 MM MM 100 07/18
LOWEST -45 12/22 MM MM -29 02/13
AVG. MAXIMUM 55.9 56.8 -0.9 59.7
AVG. MINIMUM 27.5 29.1 -1.6 30.0
MEAN 41.7 42.9 -1.2 44.8
DAYS MAX >= 90 43 23.4 19.6 44
DAYS MAX <= 32 69 48.1 20.9 36
DAYS MIN <= 32 199 197.9 1.1 198
DAYS MIN <= 0 49 24.0 25.0 22
PRECIPITATION (INCHES)
RECORD
MAXIMUM 20.04 1969
MINIMUM 8.65
TOTALS 12.86 13.43 -0.57 10.82
DAILY AVG. MM 0.04 MM 0.03
DAYS >= .01 95 107.2 -12.2 96
DAYS >= .10 40 40.5 -0.5 30
DAYS >= .50 4 4.3 -0.3 4
DAYS >= 1.00 0 0.5 -0.5 0
GREATEST
24 HR. TOTAL 1.17 08/24 TO 08/25 1.08
STORM TOTAL 0.91 0.84
(MM/DD(HH))
SNOWFALL (INCHES)
RECORDS
TOTAL 87.4 1955
24 HR TOTAL 18.7 MM
SNOW DEPTH 29
TOTALS 46.8 MM MM 51.7
LIQUID EQUIV 4.70 MM MM 5.20
SINCE 7/1 22.8 MM MM MM
LIQUID 7/1 2.28 MM MM MM
SNOWDEPTH AVG. 2 1
DAYS >= TRACE 68 MM MM 81
DAYS >= 1.0 19 MM MM 17
GREATEST
SNOW DEPTH 14 12/21 10
24 HR TOTAL 6.7 18.7
STORM TOTAL 4.0 5.4
(MM/DD(HH))
DEGREE DAYS
HEATING TOTAL 8681 8244 437 7554
SINCE 7/1 3728 3471 257 MM
COOLING TOTAL 451 232 219 452
SINCE 1/1 451 233 218 MM
FREEZE DATES
RECORD
EARLIEST MM
LATEST MM
EARLIEST 09/10
LATEST 05/23
................................................................
WIND (MPH)
AVERAGE WIND SPEED 5.8
RESULTANT WIND SPEED/DIRECTION 1/220
HIGHEST WIND SPEED/DIRECTION 48/280 DATE 12/27
HIGHEST GUST SPEED/DIRECTION 67/290 DATE 12/27
SKY COVER
AVERAGE SKY COVER 0.38
AVERAGE RH (PERCENT) 63
WEATHER CONDITIONS. NUMBER OF DAYS WITH
THUNDERSTORM 21 MIXED PRECIP 0
HEAVY RAIN 9 RAIN 25
LIGHT RAIN 82 FREEZING RAIN 0
LT FREEZING RAIN 0 HAIL 0
HEAVY SNOW 8 SNOW 30
LIGHT SNOW 79 SLEET 0
FOG 126 FOG W/VIS <= 1/4 MILE 22
HAZE 73
- INDICATES NEGATIVE NUMBERS.
R INDICATES RECORD WAS SET OR TIED.
MM INDICATES DATA IS MISSING.
T INDICATES TRACE AMOUNT.
...................................
...THE CUT BANK MT CLIMATE SUMMARY FOR THE YEAR OF 2022...
CLIMATE NORMAL PERIOD 1991 TO 2020
CLIMATE RECORD PERIOD 1903 TO 2022
WEATHER OBSERVED NORMAL DEPART LAST YEAR`S
VALUE DATE(S) VALUE FROM VALUE DATE(S)
NORMAL
................................................................
TEMPERATURE (F)
RECORD
HIGH 107 08/05/1961
LOW -47 02/15/1936
HIGHEST 96 09/03 MM MM 96 07/01
07/02
06/14
LOWEST -29 12/20 MM MM -38 02/10
02/12
AVG. MAXIMUM 54.1 54.2 -0.1 55.3
AVG. MINIMUM 29.2 29.4 -0.2 29.5
MEAN 41.6 41.8 -0.2 42.4
DAYS MAX >= 90 18 9.4 8.6 20
DAYS MAX <= 32 64 52.1 11.9 48
DAYS MIN <= 32 181 185.5 -4.5 186
DAYS MIN <= 0 44 27.7 16.3 31
PRECIPITATION (INCHES)
RECORD
MAXIMUM 23.34 1975
MINIMUM 5.10
TOTALS 8.64 10.77 -2.13 7.41
DAILY AVG. MM 0.03 MM 0.02
DAYS >= .01 22 76.7 -54.7 21
DAYS >= .10 4 27.7 -23.7 7
DAYS >= .50 1 4.7 -3.7 1
DAYS >= 1.00 0 1.1 -1.1 0
GREATEST
24 HR. TOTAL 2.58 06/19 TO 06/20 1.01
STORM TOTAL 2.57 0.84
(MM/DD(HH))
SNOWFALL (INCHES)
RECORDS
TOTAL 76.8 2009
24 HR TOTAL 18.0 12/15/1924 TO 12/15/1924
SNOW DEPTH 20
TOTALS MM MM MM MM
LIQUID EQUIV MM MM MM MM
SINCE 7/1 MM MM MM MM
LIQUID 7/1 MM MM MM MM
SNOWDEPTH AVG. MM MM
DAYS >= TRACE MM MM MM MM
DAYS >= 1.0 MM MM MM MM
GREATEST
SNOW DEPTH MM MM
24 HR TOTAL MM MM
STORM TOTAL MM MM
(MM/DD(HH))
DEGREE DAYS
HEATING TOTAL 8678 8579 99 8460
SINCE 7/1 3686 3562 124 MM
COOLING TOTAL 299 164 135 365
SINCE 1/1 299 163 136 MM
FREEZE DATES
RECORD
EARLIEST MM
LATEST MM
EARLIEST 09/20
LATEST 06/02
................................................................
WIND (MPH)
AVERAGE WIND SPEED 14.1
RESULTANT WIND SPEED/DIRECTION 9/270
HIGHEST WIND SPEED/DIRECTION 66/250 DATE 02/07
HIGHEST GUST SPEED/DIRECTION 81/240 DATE 01/31
SKY COVER
AVERAGE SKY COVER 0.29
AVERAGE RH (PERCENT) 60
WEATHER CONDITIONS. NUMBER OF DAYS WITH
THUNDERSTORM 21 MIXED PRECIP 1
HEAVY RAIN 5 RAIN 14
LIGHT RAIN 55 FREEZING RAIN 0
LT FREEZING RAIN 1 HAIL 0
HEAVY SNOW 8 SNOW 15
LIGHT SNOW 72 SLEET 0
FOG 98 FOG W/VIS <= 1/4 MILE 20
HAZE 47
- INDICATES NEGATIVE NUMBERS.
R INDICATES RECORD WAS SET OR TIED.
MM INDICATES DATA IS MISSING.
T INDICATES TRACE AMOUNT.
...................................
...THE DILLON AIRPORT MT CLIMATE SUMMARY FOR THE YEAR OF 2022...
CLIMATE NORMAL PERIOD 1991 TO 2020
CLIMATE RECORD PERIOD 1929 TO 2022
WEATHER OBSERVED NORMAL DEPART LAST YEAR`S
VALUE DATE(S) VALUE FROM VALUE DATE(S)
NORMAL
................................................................
TEMPERATURE (F)
RECORD
HIGH 102 07/12/2002
08/12/1940
LOW -43 02/09/1933
HIGHEST 97 09/03 MM MM 95 07/18
06/14
LOWEST -22 12/21 MM MM -16 02/10
02/11
AVG. MAXIMUM 54.5 54.7 -0.2 57.6
AVG. MINIMUM 28.1 28.9 -0.8 30.2
MEAN 41.3 41.8 -0.5 43.9
DAYS MAX >= 90 19 12.1 6.9 19
DAYS MAX <= 32 71 44.6 26.4 40
DAYS MIN <= 32 202 193.0 9.0 200
DAYS MIN <= 0 22 13.6 8.4 13
PRECIPITATION (INCHES)
RECORD
MAXIMUM 18.70 1995
MINIMUM 3.11
TOTALS 4.26 9.83 -5.57 3.11
DAILY AVG. MM 0.03 MM 0.01
DAYS >= .01 51 79.8 -28.8 50
DAYS >= .10 12 28.0 -16.0 11
DAYS >= .50 1 3.4 -2.4 0
DAYS >= 1.00 0 0.4 -0.4 0
GREATEST
24 HR. TOTAL 0.65 09/21 TO 09/21 0.39
STORM TOTAL 0.65 0.36
(MM/DD(HH))
SNOWFALL (INCHES)
RECORDS
TOTAL MM 5
24 HR TOTAL MM
SNOW DEPTH 15
TOTALS MM MM MM MM
LIQUID EQUIV MM MM MM MM
SINCE 7/1 MM MM MM MM
LIQUID 7/1 MM MM MM MM
SNOWDEPTH AVG. MM MM
DAYS >= TRACE MM MM MM MM
DAYS >= 1.0 MM MM MM MM
GREATEST
SNOW DEPTH MM MM
24 HR TOTAL MM MM
STORM TOTAL MM MM
(MM/DD(HH))
DEGREE DAYS
HEATING TOTAL 8672 8544 128 7871
SINCE 7/1 3521 3595 -74 MM
COOLING TOTAL 256 117 139 311
SINCE 1/1 256 117 139 MM
FREEZE DATES
RECORD
EARLIEST MM
LATEST MM
EARLIEST 09/09
LATEST 05/23
................................................................
WIND (MPH)
AVERAGE WIND SPEED 9.4
RESULTANT WIND SPEED/DIRECTION 4/210
HIGHEST WIND SPEED/DIRECTION 46/260 DATE 04/04
HIGHEST GUST SPEED/DIRECTION 65/250 DATE 04/02
SKY COVER
AVERAGE SKY COVER 0.30
AVERAGE RH (PERCENT) 60
WEATHER CONDITIONS. NUMBER OF DAYS WITH
THUNDERSTORM 15 MIXED PRECIP 0
HEAVY RAIN 6 RAIN 16
LIGHT RAIN 61 FREEZING RAIN 0
LT FREEZING RAIN 0 HAIL 0
HEAVY SNOW 2 SNOW 16
LIGHT SNOW 65 SLEET 0
FOG 87 FOG W/VIS <= 1/4 MILE 10
HAZE 88
- INDICATES NEGATIVE NUMBERS.
R INDICATES RECORD WAS SET OR TIED.
MM INDICATES DATA IS MISSING.
T INDICATES TRACE AMOUNT.
...................................
...THE GREAT FALLS MT CLIMATE SUMMARY FOR THE YEAR OF 2022...
CLIMATE NORMAL PERIOD 1991 TO 2020
CLIMATE RECORD PERIOD 1886 TO 2022
WEATHER OBSERVED NORMAL DEPART LAST YEAR`S
VALUE DATE(S) VALUE FROM VALUE DATE(S)
NORMAL
................................................................
TEMPERATURE (F)
RECORD
HIGH 107 07/25/1933
LOW -49 02/15/1936
HIGHEST 102 07/17 MM MM 99 06/14
09/03
07/01
07/27
LOWEST -32 12/22 MM MM -33 02/12
AVG. MAXIMUM 57.2 57.2 0.0 58.8
AVG. MINIMUM 31.3 32.0 -0.7 32.2
MEAN 44.2 44.6 -0.4 45.5
DAYS MAX >= 90 43 21.7 21.3 38
DAYS MAX <= 32 57 42.4 14.6 34
DAYS MIN <= 32 172 167.8 4.2 170
DAYS MIN <= 0 35 20.7 14.3 21
PRECIPITATION (INCHES)
RECORD
MAXIMUM 25.24 1975
MINIMUM 6.68
TOTALS 15.02 14.76 0.26 11.19
DAILY AVG. MM 0.04 MM 0.03
DAYS >= .01 107 97.7 9.3 90
DAYS >= .10 48 39.8 8.2 30
DAYS >= .50 6 6.8 -0.8 6
DAYS >= 1.00 1 1.0 0.0 0
GREATEST
24 HR. TOTAL 1.35 1.62
STORM TOTAL 1.34 0.97
(MM/DD(HH))
SNOWFALL (INCHES)
RECORDS
TOTAL 121.1 1989
24 HR TOTAL 21.3 03/14/2020 TO 03/14/2020
SNOW DEPTH 24
TOTALS 83.6 66.1 17.5 45.9
LIQUID EQUIV 8.40 6.60 1.80 4.59
SINCE 7/1 40.3 25.1 15.2 MM
LIQUID 7/1 4.03 2.50 1.53 MM
SNOWDEPTH AVG. 1 0
DAYS >= TRACE 81 45.3 35.7 77
DAYS >= 1.0 29 20.3 8.7 19
GREATEST
SNOW DEPTH 7 12/21 6
12/22
12/23
24 HR TOTAL 9.2 14.8
STORM TOTAL 4.5 3.2
(MM/DD(HH))
DEGREE DAYS
HEATING TOTAL 7964 7722 242 7509
SINCE 7/1 3358 3147 211 MM
COOLING TOTAL 535 310 225 550
SINCE 1/1 535 310 225 MM
FREEZE DATES
RECORD
EARLIEST 08/22/1992
LATEST 06/13/1969
EARLIEST 10/13
LATEST 05/31
................................................................
WIND (MPH)
AVERAGE WIND SPEED 11.8
RESULTANT WIND SPEED/DIRECTION 7/240
HIGHEST WIND SPEED/DIRECTION 54/250 DATE 11/05
HIGHEST GUST SPEED/DIRECTION 74/260 DATE 07/18
SKY COVER
AVERAGE SKY COVER 0.32
AVERAGE RH (PERCENT) 58
WEATHER CONDITIONS. NUMBER OF DAYS WITH
THUNDERSTORM 22 MIXED PRECIP 2
HEAVY RAIN 10 RAIN 23
LIGHT RAIN 91 FREEZING RAIN 0
LT FREEZING RAIN 1 HAIL 0
HEAVY SNOW 3 SNOW 23
LIGHT SNOW 80 SLEET 1
FOG 104 FOG W/VIS <= 1/4 MILE 22
HAZE 42
- INDICATES NEGATIVE NUMBERS.
R INDICATES RECORD WAS SET OR TIED.
MM INDICATES DATA IS MISSING.
T INDICATES TRACE AMOUNT.
...................................
...THE HELENA MT CLIMATE SUMMARY FOR THE YEAR OF 2022...
CLIMATE NORMAL PERIOD 1991 TO 2020
CLIMATE RECORD PERIOD 1866 TO 2022
WEATHER OBSERVED NORMAL DEPART LAST YEAR`S
VALUE DATE(S) VALUE FROM VALUE DATE(S)
NORMAL
................................................................
TEMPERATURE (F)
RECORD
HIGH 105 07/12/2002
08/24/1969
LOW -42 02/02/1996
01/25/1957
01/31/1893
HIGHEST 102 09/07 MM MM 104 06/14
08/01
LOWEST -35 12/22 MM MM -23 02/13
AVG. MAXIMUM 57.9 57.7 0.2 60.4
AVG. MINIMUM 33.6 33.4 0.2 35.4
MEAN 45.8 45.5 0.3 47.9
DAYS MAX >= 90 54 27.3 26.7 51
DAYS MAX <= 32 51 43.7 7.3 31
DAYS MIN <= 32 142 169.8 -27.8 161
DAYS MIN <= 0 20 16.8 3.2 17
PRECIPITATION (INCHES)
RECORD
MAXIMUM 20.94 1975
MINIMUM 8.60
TOTALS 11.00 11.40 -0.40 8.60
DAILY AVG. MM 0.03 MM 0.02
DAYS >= .01 89 91.1 -2.1 78
DAYS >= .10 34 34.4 -0.4 23
DAYS >= .50 6 4.2 1.8 3
DAYS >= 1.00 1 0.5 0.5 0
GREATEST
24 HR. TOTAL 1.09 0.91
STORM TOTAL 1.09 0.74
(MM/DD(HH))
SNOWFALL (INCHES)
RECORDS
TOTAL 64.6 2017
24 HR TOTAL 21.5 11/10/1959 TO 11/11/1959
SNOW DEPTH 24
TOTALS 34.1 37.2 -3.1 43.7
LIQUID EQUIV 3.40 3.70 -0.30 4.37
SINCE 7/1 23.2 16.4 6.8 MM
LIQUID 7/1 2.32 1.60 0.72 MM
SNOWDEPTH AVG. 1 0
DAYS >= TRACE 71 28.1 42.9 63
DAYS >= 1.0 13 12.5 0.5 15
GREATEST
SNOW DEPTH 6 12/21 7
12/22
12/23
24 HR TOTAL 2.4 13.1
STORM TOTAL 3.5 7.0
(MM/DD(HH))
DEGREE DAYS
HEATING TOTAL 6675 7499 -824 6683
SINCE 7/1 3313 3130 183 MM
COOLING TOTAL 751 434 317 780
SINCE 1/1 751 433 318 MM
FREEZE DATES
RECORD
EARLIEST 08/25/1992
LATEST 06/20/1902
EARLIEST 10/19
LATEST 05/11
................................................................
WIND (MPH)
AVERAGE WIND SPEED 7.0
RESULTANT WIND SPEED/DIRECTION 4/280
HIGHEST WIND SPEED/DIRECTION 51/240 DATE 07/03
HIGHEST GUST SPEED/DIRECTION 70/240 DATE 07/03
SKY COVER
AVERAGE SKY COVER 0.37
AVERAGE RH (PERCENT) 54
WEATHER CONDITIONS. NUMBER OF DAYS WITH
THUNDERSTORM 33 MIXED PRECIP 0
HEAVY RAIN 7 RAIN 22
LIGHT RAIN 78 FREEZING RAIN 0
LT FREEZING RAIN 1 HAIL 0
HEAVY SNOW 5 SNOW 12
LIGHT SNOW 68 SLEET 1
FOG 66 FOG W/VIS <= 1/4 MILE 18
HAZE 77
- INDICATES NEGATIVE NUMBERS.
R INDICATES RECORD WAS SET OR TIED.
MM INDICATES DATA IS MISSING.
T INDICATES TRACE AMOUNT.
...................................
...THE HAVRE MT CLIMATE SUMMARY FOR THE YEAR OF 2022...
CLIMATE NORMAL PERIOD 1991 TO 2020
CLIMATE RECORD PERIOD 1880 TO 2022
WEATHER OBSERVED NORMAL DEPART LAST YEAR`S
VALUE DATE(S) VALUE FROM VALUE DATE(S)
NORMAL
................................................................
TEMPERATURE (F)
RECORD
HIGH 111 08/05/1961
LOW -57 01/27/1916
HIGHEST 104 09/07 MM MM 104 06/15
LOWEST -38 12/23 MM MM -34 02/14
AVG. MAXIMUM 57.3 56.7 0.6 59.3
AVG. MINIMUM 29.8 30.5 -0.7 30.6
MEAN 43.5 43.6 -0.1 45.0
DAYS MAX >= 90 45 27.1 17.9 49
DAYS MAX <= 32 72 57.4 14.6 46
DAYS MIN <= 32 183 185.3 -2.3 188
DAYS MIN <= 0 48 32.0 16.0 33
PRECIPITATION (INCHES)
RECORD
MAXIMUM 25.67 1884
MINIMUM 6.26
TOTALS 10.48 11.82 -1.34 7.60
DAILY AVG. MM 0.03 MM 0.02
DAYS >= .01 99 90.2 8.8 71
DAYS >= .10 26 33.1 -7.1 19
DAYS >= .50 4 4.9 -0.9 1
DAYS >= 1.00 0 0.9 -0.9 0
GREATEST
24 HR. TOTAL 0.95 07/08 TO 07/09 0.96
STORM TOTAL 0.83 0.66
(MM/DD(HH))
SNOWFALL (INCHES)
RECORDS
TOTAL 100.3 1982
24 HR TOTAL 26.9 03/28/1977 TO 03/29/1977
SNOW DEPTH 31
TOTALS 49.7 41.0 8.7 37.1
LIQUID EQUIV 5.00 4.10 0.90 3.71
SINCE 7/1 40.0 16.8 23.2 MM
LIQUID 7/1 4.00 1.60 2.40 MM
SNOWDEPTH AVG. 1 0
DAYS >= TRACE 61 31.0 30.0 53
DAYS >= 1.0 16 14.0 2.0 12
GREATEST
SNOW DEPTH 15 12/22 7
12/23
12/24
24 HR TOTAL 3.3 12.0
STORM TOTAL 6.7 4.6
(MM/DD(HH))
DEGREE DAYS
HEATING TOTAL 8341 8174 167 7809
SINCE 7/1 3691 3348 343 MM
COOLING TOTAL 656 406 250 661
SINCE 1/1 656 404 252 MM
FREEZE DATES
RECORD
EARLIEST 09/03/1962
LATEST 09/30/1985
EARLIEST 09/21
LATEST 06/02
................................................................
WIND (MPH)
AVERAGE WIND SPEED 11.1
RESULTANT WIND SPEED/DIRECTION 4/250
HIGHEST WIND SPEED/DIRECTION 49/280 DATE 11/05
HIGHEST GUST SPEED/DIRECTION 77/310 DATE 07/08
SKY COVER
AVERAGE SKY COVER 0.35
AVERAGE RH (PERCENT) 60
WEATHER CONDITIONS. NUMBER OF DAYS WITH
THUNDERSTORM 18 MIXED PRECIP 2
HEAVY RAIN 7 RAIN 17
LIGHT RAIN 63 FREEZING RAIN 0
LT FREEZING RAIN 3 HAIL 0
HEAVY SNOW 2 SNOW 14
LIGHT SNOW 77 SLEET 0
FOG 99 FOG W/VIS <= 1/4 MILE 9
HAZE 47
- INDICATES NEGATIVE NUMBERS.
R INDICATES RECORD WAS SET OR TIED.
MM INDICATES DATA IS MISSING.
T INDICATES TRACE AMOUNT.
...................................
...THE LEWISTOWN MT CLIMATE SUMMARY FOR THE YEAR OF 2022...
CLIMATE NORMAL PERIOD 1991 TO 2020
CLIMATE RECORD PERIOD 1896 TO 2022
WEATHER OBSERVED NORMAL DEPART LAST YEAR`S
VALUE DATE(S) VALUE FROM VALUE DATE(S)
NORMAL
................................................................
TEMPERATURE (F)
RECORD
HIGH 105 07/31/1900
06/21/1900
LOW -46 01/28/1929
HIGHEST 101 07/17 MM MM 97 06/15
07/18
LOWEST -30 12/21 MM MM -35 02/12
AVG. MAXIMUM 54.9 55.7 -0.8 57.2
AVG. MINIMUM 29.6 30.5 -0.9 31.0
MEAN 42.3 43.1 -0.8 44.1
DAYS MAX >= 90 23 12.6 10.4 25
DAYS MAX <= 32 57 46.7 10.3 48
DAYS MIN <= 32 191 184.4 6.6 187
DAYS MIN <= 0 33 21.5 11.5 21
PRECIPITATION (INCHES)
RECORD
MAXIMUM 28.11 1979
MINIMUM 10.85
TOTALS 16.60 17.17 -0.57 10.85
DAILY AVG. MM 0.05 MM 0.03
DAYS >= .01 114 115.9 -1.9 88
DAYS >= .10 44 47.9 -3.9 33
DAYS >= .50 9 7.6 1.4 5
DAYS >= 1.00 1 1.3 -0.3 1
GREATEST
24 HR. TOTAL 1.24 1.05
STORM TOTAL 1.14 1.05
(MM/DD(HH))
SNOWFALL (INCHES)
RECORDS
TOTAL 110.0 1929
24 HR TOTAL 21.1 05/29/1982 TO 05/29/1982
SNOW DEPTH 33
TOTALS MM MM MM MM
LIQUID EQUIV MM MM MM MM
SINCE 7/1 MM MM MM MM
LIQUID 7/1 MM MM MM MM
SNOWDEPTH AVG. MM MM
DAYS >= TRACE MM MM MM MM
DAYS >= 1.0 MM MM MM MM
GREATEST
SNOW DEPTH MM MM
24 HR TOTAL MM MM
STORM TOTAL MM MM
(MM/DD(HH))
DEGREE DAYS
HEATING TOTAL 8557 8177 380 7911
SINCE 7/1 3532 3353 179 MM
COOLING TOTAL 402 229 173 461
SINCE 1/1 402 229 173 MM
FREEZE DATES
RECORD
EARLIEST MM
LATEST MM
EARLIEST 10/13
LATEST 05/24
................................................................
WIND (MPH)
AVERAGE WIND SPEED 9.4
RESULTANT WIND SPEED/DIRECTION 4/250
HIGHEST WIND SPEED/DIRECTION 48/260 DATE 11/05
HIGHEST GUST SPEED/DIRECTION 66/280 DATE 04/05
SKY COVER
AVERAGE SKY COVER 0.37
AVERAGE RH (PERCENT) 61
WEATHER CONDITIONS. NUMBER OF DAYS WITH
THUNDERSTORM 35 MIXED PRECIP 1
HEAVY RAIN 18 RAIN 30
LIGHT RAIN 103 FREEZING RAIN 0
LT FREEZING RAIN 0 HAIL 0
HEAVY SNOW 8 SNOW 25
LIGHT SNOW 83 SLEET 0
FOG 114 FOG W/VIS <= 1/4 MILE 22
HAZE 34
- INDICATES NEGATIVE NUMBERS.
R INDICATES RECORD WAS SET OR TIED.
MM INDICATES DATA IS MISSING.
T INDICATES TRACE AMOUNT.
$$