000
CXGM50 PGUM 020230
CF6GUM
PRELIMINARY LOCAL CLIMATOLOGICAL DATA (WS FORM: F-6)
STATION: GUAM INTERNATIONAL AIRPORT
MONTH: JUNE
YEAR: 2023
LATITUDE: 13 29 N
LONGITUDE: 144-48 E
TEMPERATURE IN F: :PCPN: SNOW: WIND :SUNSHINE: SKY :PK WND
================================================================================
1 2 3 4 5 6A 6B 7 8 9 10 11 12 13 14 15 16 17 18
12Z AVG MX 2MIN
DY MAX MIN AVG DEP HDD CDD WTR SNW DPTH SPD SPD DIR MIN PSBL S-S WX SPD DR
================================================================================
1 85 76 81 -2 0 16 0.35 0.0 0 10.1 23 90 M M 5 29 90
2 85 77 81 -2 0 16 0.42 0.0 0 12.3 24 90 M M 7 30 80
3 80 74 77 -6 0 12 3.89 0.0 0 9.8 17 110 M M 7 25 150
4 85 76 81 -2 0 16 T 0.0 0 9.7 18 90 M M 3 23 90
5 85 79 82 -1 0 17 T 0.0 0 9.6 16 80 M M 4 22 90
6 86 80 83 0 0 18 0.02 0.0 0 12.1 18 80 M M 4 25 80
7 87 80 84 1 0 19 0.04 0.0 0 13.5 28 80 M M 3 32 80
8 87 78 83 0 0 18 T 0.0 0 7.5 16 70 M M 2 25 90
9 86 77 82 -1 0 17 0.04 0.0 0 4.9 9 90 M M 3 15 100
10 87 77 82 -1 0 17 0.01 0.0 0 7.0 15 150 M M 3 20 140
11 87 76 82 -1 0 17 0.81 0.0 0 8.0 21 60 M M 5 26 60
12 87 76 82 -1 0 17 0.73 0.0 0 11.4 22 70 M M 4 26 100
13 86 76 81 -2 0 16 0.30 0.0 0 9.9 21 110 M M 4 27 100
14 89 78 84 1 0 19 0.13 0.0 0 11.5 20 50 M M 2 23 50
15 88 78 83 0 0 18 0.12 0.0 0 12.8 22 70 M M 3 27 90
16 87 77 82 -1 0 17 0.05 0.0 0 13.2 25 70 M M 3 29 70
17 87 77 82 -1 0 17 0.33 0.0 0 11.5 24 80 M M 4 31 70
18 87 77 82 -1 0 17 0.10 0.0 0 9.8 20 80 M M 4 26 80
19 87 77 82 -1 0 17 0.06 0.0 0 8.6 21 90 M M 5 26 90
20 87 80 84 1 0 19 0.00 0.0 0 9.7 17 90 M M 4 23 110
21 87 78 83 0 0 18 0.12 0.0 0 10.3 21 60 M M 4 26 80
22 87 77 82 -1 0 17 0.13 0.0 0 11.9 21 80 M M 3 26 80
23 88 76 82 -1 0 17 0.31 0.0 0 13.4 23 100 M M 4 30 90
24 86 77 82 -1 0 17 0.20 0.0 0 11.4 22 90 M M 4 28 100
25 86 79 83 0 0 18 0.08 0.0 0 13.3 23 100 M M 4 31 80
26 86 77 82 -1 0 17 0.25 0.0 0 9.4 20 100 M M 5 27 90
27 85 77 81 -2 0 16 0.20 0.0 0 10.1 21 100 M M 6 28 90
28 87 77 82 -1 0 17 0.08 0.0 0 7.0 16 60 M M 3 19 90
29 87 78 83 0 0 18 0.16 0.0 0 6.8 16 90 M M 4 3 21 110
30 88 80 84 1 0 19 0.07 0.0 0 9.2 18 80 M M 4 21 80
================================================================================
SM 2592 2322 0 514 9.00 0.0 305.7 M 120
================================================================================
AV 86.4 77.4 10.2 FASTST M M 4 MAX(MPH)
MISC ----> 28 80 32 80
================================================================================
NOTES:
# LAST OF SEVERAL OCCURRENCES
COLUMN 17 PEAK WIND IN M.P.H.
PRELIMINARY LOCAL CLIMATOLOGICAL DATA (WS FORM: F-6) , PAGE 2
STATION: GUAM INTERNATIONAL AIRPORT
MONTH: JUNE
YEAR: 2023
LATITUDE: 13 29 N
LONGITUDE: 144-48 E
[TEMPERATURE DATA] [PRECIPITATION DATA] SYMBOLS USED IN COLUMN 16
AVERAGE MONTHLY: 81.9 TOTAL FOR MONTH: 9.00 1 = FOG OR MIST
DPTR FM NORMAL: -1.2 DPTR FM NORMAL: 2.49 2 = FOG REDUCING VISIBILITY
HIGHEST: 89 ON 14 GRTST 24HR 3.89 ON 3- 3 TO 1/4 MILE OR LESS
LOWEST: 74 ON 3 3 = THUNDER
SNOW, ICE PELLETS, HAIL 4 = ICE PELLETS
TOTAL MONTH: 0.0 INCH 5 = HAIL
GRTST 24HR 0.0 6 = FREEZING RAIN OR DRIZZLE
GRTST DEPTH: 0 7 = DUSTSTORM OR SANDSTORM:
VSBY 1/2 MILE OR LESS
8 = SMOKE OR HAZE
[NO. OF DAYS WITH] [WEATHER - DAYS WITH] 9 = BLOWING SNOW
X = TORNADO
MAX 32 OR BELOW: 0 0.01 INCH OR MORE: 26
MAX 90 OR ABOVE: 0 0.10 INCH OR MORE: 17
MIN 32 OR BELOW: 0 0.50 INCH OR MORE: 3
MIN 0 OR BELOW: 0 1.00 INCH OR MORE: 1
[HDD (BASE 65) ]
TOTAL THIS MO. 0 CLEAR (SCALE 0-3) 9
DPTR FM NORMAL 0 PTCLDY (SCALE 4-7) 21
TOTAL FM JUL 1 0 CLOUDY (SCALE 8-10) 0
DPTR FM NORMAL 0
[CDD (BASE 65) ]
TOTAL THIS MO. 514
DPTR FM NORMAL -29 [PRESSURE DATA]
TOTAL FM JAN 1 2935 HIGHEST SLP 29.92 ON 1
DPTR FM NORMAL -83 LOWEST SLP 29.79 ON 1
[REMARKS]
#FINAL-06-23#