000
CXUS54 KAMA 010710
CF6GUY
PRELIMINARY LOCAL CLIMATOLOGICAL DATA (WS FORM: F-6)
STATION: GUYMON
MONTH: SEPTEMBER
YEAR: 2021
LATITUDE: 36 41 N
LONGITUDE: 101 30 W
TEMPERATURE IN F: :PCPN: SNOW: WIND :SUNSHINE: SKY :PK WND
================================================================================
1 2 3 4 5 6A 6B 7 8 9 10 11 12 13 14 15 16 17 18
12Z AVG MX 2MIN
DY MAX MIN AVG DEP HDD CDD WTR SNW DPTH SPD SPD DIR MIN PSBL S-S WX SPD DR
================================================================================
1 98 66 82 6 0 17 T M M 12.3 24 250 M M 2 3 38 170
2 97 72 85 10 0 20 T M M 12.3 28 210 M M 2 3 38 200
3 96 70 83 8 0 18 T M M 6.4 23 210 M M 1 30 210
4 85 67 76 1 0 11 0.02 M M 11.0 20 20 M M 5 1 27 30
5 90 60 75 0 0 10 0.00 M M 6.1 15 150 M M 1 1 24 170
6 97 63 80 6 0 15 0.00 M M 9.1 18 230 M M 1 26 230
7 98 62 80 6 0 15 0.00 M M 10.6 24 40 M M 0 32 30
8 87 54 71 -3 0 6 0.00 M M 6.6 14 170 M M 0 21 170
9 99 61 80 7 0 15 0.00 M M 11.2 22 210 M M 0 30 220
10 103 62 83 10 0 18 0.00 M M 7.2 13 150 M M 0 18 150
11 106 60 83 10 0 18 0.00 M M 16.2 35 220 M M 0 46 220
12 101 67 84 12 0 19 0.00 M M 15.8 28 240 M M 0 35 240
13 98 58 78 6 0 13 0.00 M M 14.0 28 210 M M 0 37 200
14 93 66 80 8 0 15 T M M 9.6 18 210 M M 1 25 220
15 88 59 74 2 0 9 0.01 M M 9.8 25 70 M M 1 32 70
16 93 63 78 7 0 13 0.00 M M 16.0 28 220 M M 0 39 190
17 77 63 70 -1 0 5 0.00 M M 17.2 33 340 M M 0 47 340
18 92 57 75 5 0 10 0.00 M M 9.0 21 180 M M 1 36 190
19 99 63 81 11 0 16 0.00 M M 14.9 28 220 M M 0 36 220
20 82 63 73 3 0 8 0.00 M M 19.4 37 20 M M 0 49 10
21 76 46 61 -8 4 0 0.00 M M 12.7 25 360 M M 3 39 10
22 83 42 63 -6 2 0 0.00 M M 9.3 23 220 M M 0 36 220
23 89 52 71 3 0 6 0.00 M M 12.0 20 210 M M 0 29 200
24 89 55 72 4 0 7 0.00 M M 11.1 23 60 M M 0 32 40
25 91 46 69 2 0 4 0.00 M M 10.1 25 210 M M 0 33 210
26 95 58 77 10 0 12 0.00 M M 15.7 29 210 M M 0 39 200
27 95 56 76 9 0 11 0.00 M M 10.7 26 220 M M 0 34 220
28 89 59 74 8 0 9 T M M 10.5 23 170 M M 1 37 180
29 87 60 74 8 0 9 0.00 M M 9.5 24 170 M M 2 35 170
30 70 54 62 -3 3 0 0.00 M M 14.4 33 360 M M 8 46 350
================================================================================
SM 2743 1784 9 329 0.03 M 350.7 M 29
================================================================================
AV 91.4 59.5 11.7 FASTST M M 1 MAX(MPH)
MISC ----> 37 20 49 10
================================================================================
NOTES:
# LAST OF SEVERAL OCCURRENCES
COLUMN 17 PEAK WIND IN M.P.H.
PRELIMINARY LOCAL CLIMATOLOGICAL DATA (WS FORM: F-6) , PAGE 2
STATION: GUYMON
MONTH: SEPTEMBER
YEAR: 2021
LATITUDE: 36 41 N
LONGITUDE: 101 30 W
[TEMPERATURE DATA] [PRECIPITATION DATA] SYMBOLS USED IN COLUMN 16
AVERAGE MONTHLY: 75.5 TOTAL FOR MONTH: 0.03 1 = FOG OR MIST
DPTR FM NORMAL: 4.5 DPTR FM NORMAL: -1.33 2 = FOG REDUCING VISIBILITY
HIGHEST: 106 ON 11 GRTST 24HR 0.02 ON 3- 4 TO 1/4 MILE OR LESS
LOWEST: 42 ON 22 3 = THUNDER
SNOW, ICE PELLETS, HAIL 4 = ICE PELLETS
TOTAL MONTH: M 5 = HAIL
GRTST 24HR M ON M 6 = FREEZING RAIN OR DRIZZLE
GRTST DEPTH: M ON M 7 = DUSTSTORM OR SANDSTORM:
VSBY 1/2 MILE OR LESS
8 = SMOKE OR HAZE
[NO. OF DAYS WITH] [WEATHER - DAYS WITH] 9 = BLOWING SNOW
X = TORNADO
MAX 32 OR BELOW: 0 0.01 INCH OR MORE: 2
MAX 90 OR ABOVE: 18 0.10 INCH OR MORE: 0
MIN 32 OR BELOW: 0 0.50 INCH OR MORE: 0
MIN 0 OR BELOW: 0 1.00 INCH OR MORE: 0
[HDD (BASE 65) ]
TOTAL THIS MO. 9 CLEAR (SCALE 0-3) 28
DPTR FM NORMAL -26 PTCLDY (SCALE 4-7) 2
TOTAL FM JUL 1 9 CLOUDY (SCALE 8-10) 0
DPTR FM NORMAL -25
[CDD (BASE 65) ]
TOTAL THIS MO. 329
DPTR FM NORMAL 116 [PRESSURE DATA]
TOTAL FM JAN 1 1734 HIGHEST SLP M ON M
DPTR FM NORMAL 133 LOWEST SLP 29.54 ON 20
[REMARKS]
#FINAL-09-21#