000
CXUS54 KJAN 012034
CF6GWO
PRELIMINARY LOCAL CLIMATOLOGICAL DATA (WS FORM: F-6)
STATION: GREENWOOD
MONTH: APRIL
YEAR: 2023
LATITUDE: 33 30 N
LONGITUDE: 90 5 W
TEMPERATURE IN F: :PCPN: SNOW: WIND :SUNSHINE: SKY :PK WND
================================================================================
1 2 3 4 5 6A 6B 7 8 9 10 11 12 13 14 15 16 17 18
12Z AVG MX 2MIN
DY MAX MIN AVG DEP HDD CDD WTR SNW DPTH SPD SPD DIR MIN PSBL S-S WX SPD DR
================================================================================
1 80 51 66 6 0 1 0.04 0.0 0 5.9 25 230 M M 1 3 39 220
2 77 45 61 1 4 0 0.70 0.0 0 6.7 17 170 M M 2 13 21 160
3 84 59 72 11 0 7 0.94 0.0 0 6.1 21 120 M M 6 13 29 130
4 91 71 81 20 0 16 0.00 0.0 0 15.0 29 170 M M 1 37 160
5 84 67 76 15 0 11 0.15 0.0 0 11.6 23 210 M M 5 3 32 180
6 67 54 61 -1 4 0 0.78 0.0 0 8.2 17 30 M M 10 1 23 30
7 56 51 54 -8 11 0 0.28 0.0 0 9.3 16 40 M M 10 1 21 40
8 61 53 57 -5 8 0 0.36 0.0 0 8.2 14 70 M M 10 18 19 80
9 72 54 63 1 2 0 0.00 0.0 0 7.0 15 70 M M 7 23 70
10 75 50 63 0 2 0 0.00 0.0 0 4.2 14 50 M M 3 22 50
11 78 49 64 1 1 0 0.00 0.0 0 4.5 14 90 M M 1 24 80
12 81 49 65 2 0 0 0.00 0.0 0 4.8 13 30 M M 0 19 30
13 73 59 66 3 0 1 0.07 0.0 0 8.2 23 40 M M 8 1 33 30
14 80 58 69 5 0 4 T 0.0 0 4.1 13 200 M M 5 17 230
15 78 59 69 5 0 4 0.02 0.0 0 8.1 17 180 M M 3 23 170
16 70 48 59 -5 6 0 0.01 0.0 0 5.9 15 330 M M 3 25 340
17 76 42 59 -5 6 0 0.00 0.0 0 2.0 14 340 M M 0 23 360
18 80 45 63 -2 2 0 0.00 0.0 0 4.0 16 200 M M 0 20 220
19 86 52 69 4 0 4 0.00 0.0 0 7.3 17 200 M M 0 22 170
20 86 57 72 7 0 7 0.00 0.0 0 9.8 16 180 M M 0 27 180
21 76 49 63 -2 2 0 0.21 0.0 0 5.4 20 280 M M 7 13 34 210
22 75 43 59 -7 6 0 T 0.0 0 2.6 14 360 M M 1 1 20 340
23 61 49 55 -11 10 0 0.00 0.0 0 9.3 18 30 M M 6 26 40
24 71 50 61 -5 4 0 0.00 0.0 0 7.5 17 40 M M 4 23 50
25 74 49 62 -4 3 0 0.00 0.0 0 7.8 16 80 M M 5 22 80
26 61 55 58 -9 7 0 0.41 0.0 0 7.5 15 80 M M 8 1 20 80
27 77 60 69 2 0 4 0.03 0.0 0 3.7 18 80 M M 7 1 25 90
28 74 58 66 -1 0 1 0.00 0.0 0 2.7 9 320 M M 7 12 14 340
29 73 58 66 -2 0 1 0.22 0.0 0 4.5 18 110 M M 5 13 27 200
30 74 49 62 -6 3 0 0.00 0.0 0 4.2 13 320 M M 1 26 330
================================================================================
SM 2251 1593 81 61 4.22 0.0 196.1 M 126
================================================================================
AV 75.0 53.1 6.5 FASTST M M 4 MAX(MPH)
MISC ----> 29 170 39 220
================================================================================
NOTES:
# LAST OF SEVERAL OCCURRENCES
COLUMN 17 PEAK WIND IN M.P.H.
PRELIMINARY LOCAL CLIMATOLOGICAL DATA (WS FORM: F-6) , PAGE 2
STATION: GREENWOOD
MONTH: APRIL
YEAR: 2023
LATITUDE: 33 30 N
LONGITUDE: 90 5 W
[TEMPERATURE DATA] [PRECIPITATION DATA] SYMBOLS USED IN COLUMN 16
AVERAGE MONTHLY: 64.1 TOTAL FOR MONTH: 4.22 1 = FOG OR MIST
DPTR FM NORMAL: 0.1 DPTR FM NORMAL: -1.60 2 = FOG REDUCING VISIBILITY
HIGHEST: 91 ON 4 GRTST 24HR 1.64 ON 2- 3 TO 1/4 MILE OR LESS
LOWEST: 42 ON 17 3 = THUNDER
SNOW, ICE PELLETS, HAIL 4 = ICE PELLETS
TOTAL MONTH: 0.0 INCH 5 = HAIL
GRTST 24HR 0.0 6 = FREEZING RAIN OR DRIZZLE
GRTST DEPTH: 0 7 = DUSTSTORM OR SANDSTORM:
VSBY 1/2 MILE OR LESS
8 = SMOKE OR HAZE
[NO. OF DAYS WITH] [WEATHER - DAYS WITH] 9 = BLOWING SNOW
X = TORNADO
MAX 32 OR BELOW: 0 0.01 INCH OR MORE: 14
MAX 90 OR ABOVE: 1 0.10 INCH OR MORE: 9
MIN 32 OR BELOW: 0 0.50 INCH OR MORE: 3
MIN 0 OR BELOW: 0 1.00 INCH OR MORE: 0
[HDD (BASE 65) ]
TOTAL THIS MO. 81 CLEAR (SCALE 0-3) 14
DPTR FM NORMAL -31 PTCLDY (SCALE 4-7) 12
TOTAL FM JUL 1 1811 CLOUDY (SCALE 8-10) 4
DPTR FM NORMAL -747
[CDD (BASE 65) ]
TOTAL THIS MO. 61
DPTR FM NORMAL -21 [PRESSURE DATA]
TOTAL FM JAN 1 191 HIGHEST SLP 30.35 ON 10
DPTR FM NORMAL 77 LOWEST SLP 29.60 ON 13
[REMARKS]
#FINAL-04-23#