000
CXUS54 KEWX 011010
CF6GYB
PRELIMINARY LOCAL CLIMATOLOGICAL DATA (WS FORM: F-6)
STATION: GIDDINGS-LEE COUNTY AIRPORT
MONTH: APRIL
YEAR: 2021
LATITUDE: 30 10 N
LONGITUDE: 96 59 W
TEMPERATURE IN F: :PCPN: SNOW: WIND :SUNSHINE: SKY :PK WND
================================================================================
1 2 3 4 5 6A 6B 7 8 9 10 11 12 13 14 15 16 17 18
12Z AVG MX 2MIN
DY MAX MIN AVG DEP HDD CDD WTR SNW DPTH SPD SPD DIR MIN PSBL S-S WX SPD DR
================================================================================
1 68 43 56 M 9 0 0.00 M M 5.4 15 80 M M 0 20 20
2 M M M M M M 0.00 M M 0.9 M M M M 0 M M
3 67 51 59 M 6 0 0.01 M M 6.1 12 140 M M 4 16 130
4 75 52 64 M 1 0 0.00 M M 4.1 9 140 M M 2 1 M M
5 76 49 63 M 2 0 0.00 M M 5.6 14 170 M M 4 12 22 190
6 84 66 75 M 0 10 0.00 M M 11.2 18 190 M M 5 27 190
7 83 53 68 M 0 3 0.00 M M 7.8 14 210 M M 2 18 21 190
8 87 50 69 M 0 4 0.00 M M 5.3 10 180 M M 3 12 21 150
9 85 69 77 M 0 12 0.00 M M 10.5 18 210 M M 5 18 25 190
10 78 55 67 M 0 2 0.00 M M 9.2 17 360 M M 1 1 24 360
11 86 45 66 M 0 1 0.00 M M 4.6 13 150 M M 0 17 150
12 86 63 75 M 0 10 0.00 M M 8.1 10 150 M M 5 1 20 120
13 82 70 76 M 0 11 0.00 M M 5.3 9 140 M M 4 18 21 20
14 78 68 73 M 0 8 0.00 M M 6.0 12 80 M M 8 1 17 90
15 69 61 65 M 0 0 0.10 M M 6.5 14 70 M M 10 1 20 80
16 71 58 65 M 0 0 0.00 M M 6.5 13 360 M M 10 1 23 360
17 63 51 57 M 8 0 0.01 M M 11.2 20 350 M M 6 26 350
18 65 48 57 M 8 0 0.00 M M 5.7 13 360 M M 0 18 10
19 74 45 60 M 5 0 0.00 M M 2.3 8 110 M M 2 M M
20 82 50 66 M 0 1 0.00 M M 7.6 20 10 M M 1 29 360
21 67 43 55 M 10 0 0.00 M M 8.7 13 30 M M 3 22 20
22 69 45 57 M 8 0 0.00 M M 6.8 12 120 M M 8 18 130
23 73 64 69 M 0 4 2.53 M M 5.3 10 340 M M 8 1 22 340
24 78 59 69 M 0 4 0.00 M M 8.2 18 340 M M 0 1 28 340
25 85 55 70 M 0 5 0.00 M M 6.1 9 170 M M 0 20 170
26 83 64 74 M 0 9 0.00 M M 9.0 14 140 M M 4 22 160
27 79 69 74 M 0 9 0.00 M M 7.9 12 160 M M 6 22 160
28 85 72 79 M 0 14 0.00 M M 10.5 16 180 M M 6 8 28 170
29 79 70 75 M 0 10 0.16 M M 5.1 12 160 M M 6 1 18 160
30 72 65 69 M 0 4 1.97 M M 7.9 15 100 M M 9 1 23 100
================================================================================
SM 2229 1653 57 121 4.78 M 205.5 M 122
================================================================================
AV 76.9 57.0 6.8 FASTST M M 4 MAX(MPH)
MISC ----> 20 10 29 360
================================================================================
NOTES:
# LAST OF SEVERAL OCCURRENCES
COLUMN 17 PEAK WIND IN M.P.H.
PRELIMINARY LOCAL CLIMATOLOGICAL DATA (WS FORM: F-6) , PAGE 2
STATION: GIDDINGS-LEE COUNTY AIRPORT
MONTH: APRIL
YEAR: 2021
LATITUDE: 30 10 N
LONGITUDE: 96 59 W
[TEMPERATURE DATA] [PRECIPITATION DATA] SYMBOLS USED IN COLUMN 16
AVERAGE MONTHLY: 66.9 TOTAL FOR MONTH: 4.78 1 = FOG OR MIST
DPTR FM NORMAL: 0.0 DPTR FM NORMAL: M 2 = FOG REDUCING VISIBILITY
HIGHEST: 87 ON 8 GRTST 24HR 2.53 ON 23-23 TO 1/4 MILE OR LESS
LOWEST: 43 ON 21, 1 3 = THUNDER
SNOW, ICE PELLETS, HAIL 4 = ICE PELLETS
TOTAL MONTH: M 5 = HAIL
GRTST 24HR M ON M 6 = FREEZING RAIN OR DRIZZLE
GRTST DEPTH: M ON M 7 = DUSTSTORM OR SANDSTORM:
VSBY 1/2 MILE OR LESS
8 = SMOKE OR HAZE
[NO. OF DAYS WITH] [WEATHER - DAYS WITH] 9 = BLOWING SNOW
X = TORNADO
MAX 32 OR BELOW: 0 0.01 INCH OR MORE: 6
MAX 90 OR ABOVE: 0 0.10 INCH OR MORE: 4
MIN 32 OR BELOW: 0 0.50 INCH OR MORE: 2
MIN 0 OR BELOW: 0 1.00 INCH OR MORE: 2
[HDD (BASE 65) ]
TOTAL THIS MO. 57 CLEAR (SCALE 0-3) 13
DPTR FM NORMAL M PTCLDY (SCALE 4-7) 13
TOTAL FM JUL 1 1512 CLOUDY (SCALE 8-10) 4
DPTR FM NORMAL M
[CDD (BASE 65) ]
TOTAL THIS MO. 121
DPTR FM NORMAL M [PRESSURE DATA]
TOTAL FM JAN 1 194 HIGHEST SLP M ON M
DPTR FM NORMAL M LOWEST SLP M ON M
[REMARKS]
#FINAL-04-21#