000
CXUS54 KFWD 010731
CF6GYI
PRELIMINARY LOCAL CLIMATOLOGICAL DATA (WS FORM: F-6)
STATION: SHERMAN/DENISON
MONTH: MARCH
YEAR: 2023
LATITUDE: 33 42 N
LONGITUDE: 96 40 W
TEMPERATURE IN F: :PCPN: SNOW: WIND :SUNSHINE: SKY :PK WND
================================================================================
1 2 3 4 5 6A 6B 7 8 9 10 11 12 13 14 15 16 17 18
12Z AVG MX 2MIN
DY MAX MIN AVG DEP HDD CDD WTR SNW DPTH SPD SPD DIR MIN PSBL S-S WX SPD DR
================================================================================
1 68 55 62 12 3 0 0.00 M M 6.0 15 200 M M 6 12 M M
2 79 51 65 15 0 0 1.17 M M 9.2 28 300 M M 8 1 35 300
3 64 44 54 3 11 0 0.13 M M 9.7 20 290 M M 4 28 60
4 73 43 58 7 7 0 0.00 M M 8.6 16 190 M M 0 22 160
5 77 48 63 12 2 0 0.00 M M 11.7 21 170 M M 0 28 190
6 80 59 70 19 0 5 0.00 M M 12.2 20 200 M M 0 25 200
7 78 53 66 14 0 1 0.00 M M 6.7 14 160 M M 5 18 M M
8 56 48 52 0 13 0 1.78 M M 9.0 16 360 M M 9 1 30 330
9 60 49 55 3 10 0 0.85 M M 7.9 43 290 M M 9 1 20 110
10 65 43 54 1 11 0 0.00 M M 6.3 13 360 M M 1 17 360
11 83 55 69 16 0 4 0.00 M M 12.8 22 190 M M 6 18 26 190
12 60 44 52 -1 13 0 M M M 13.1 21 360 M M 5 29 360
13 55 40 48 -6 17 0 0.00 M M 9.2 16 360 M M 3 21 360
14 61 37 49 -5 16 0 M M M 7.0 10 130 M M 3 M M
15 68 39 54 0 11 0 0.00 M M 14.3 24 160 M M 2 30 160
16 72 42 57 3 8 0 0.00 M M 21.6 26 190 M M 10 35 180
17 54 36 45 -10 20 0 0.00 M M 12.6 22 350 M M 1 35 350
18 52 33 43 -12 22 0 0.00 M M 8.3 21 360 M M 0 28 360
19 55 28 42 -13 23 0 0.00 M M 4.6 12 140 M M 0 M M
20 55 37 46 -9 19 0 0.00 M M 15.2 20 160 M M 5 29 160
21 67 49 58 2 7 0 0.00 M M 15.3 21 170 M M 10 1 26 170
22 83 65 74 18 0 9 0.00 M M 18.1 26 190 M M 5 32 190
23 84 66 75 19 0 10 0.00 M M 15.9 26 190 M M 5 18 32 190
24 73 52 63 7 2 0 0.21 M M 8.2 20 280 M M 7 1 41 320
25 73 40 57 0 8 0 0.00 M M 4.0 15 240 M M 1 12 M M
26 76 43 60 3 5 0 0.00 M M 7.3 15 360 M M 0 22 10
27 70 40 55 -2 10 0 0.00 M M 7.7 13 30 M M 1 18 40
28 62 41 52 -6 13 0 0.00 M M 10.0 17 350 M M 0 25 350
29 67 40 54 -4 11 0 0.00 M M 5.9 13 160 M M 7 18 160
30 71 56 64 6 1 0 0.00 M M 13.7 22 180 M M 9 8 31 160
31 83 56 70 12 0 5 0.00 M M 18.5 26 260 M M 3 40 270
================================================================================
SM 2124 1432 263 34 4.14 M 330.4 M 125
================================================================================
AV 68.5 46.2 10.7 FASTST M M 4 MAX(MPH)
MISC ----> 43 290 41 320
================================================================================
NOTES:
# LAST OF SEVERAL OCCURRENCES
COLUMN 17 PEAK WIND IN M.P.H.
PRELIMINARY LOCAL CLIMATOLOGICAL DATA (WS FORM: F-6) , PAGE 2
STATION: SHERMAN/DENISON
MONTH: MARCH
YEAR: 2023
LATITUDE: 33 42 N
LONGITUDE: 96 40 W
[TEMPERATURE DATA] [PRECIPITATION DATA] SYMBOLS USED IN COLUMN 16
AVERAGE MONTHLY: 57.4 TOTAL FOR MONTH: 4.14 1 = FOG OR MIST
DPTR FM NORMAL: 3.1 DPTR FM NORMAL: 0.22 2 = FOG REDUCING VISIBILITY
HIGHEST: 84 ON 23 GRTST 24HR 1.78 ON 8- 8 TO 1/4 MILE OR LESS
LOWEST: 28 ON 19 3 = THUNDER
SNOW, ICE PELLETS, HAIL 4 = ICE PELLETS
TOTAL MONTH: M 5 = HAIL
GRTST 24HR M ON M 6 = FREEZING RAIN OR DRIZZLE
GRTST DEPTH: M ON M 7 = DUSTSTORM OR SANDSTORM:
VSBY 1/2 MILE OR LESS
8 = SMOKE OR HAZE
[NO. OF DAYS WITH] [WEATHER - DAYS WITH] 9 = BLOWING SNOW
X = TORNADO
MAX 32 OR BELOW: 0 0.01 INCH OR MORE: 5
MAX 90 OR ABOVE: 0 0.10 INCH OR MORE: 5
MIN 32 OR BELOW: 1 0.50 INCH OR MORE: 3
MIN 0 OR BELOW: 0 1.00 INCH OR MORE: 2
[HDD (BASE 65) ]
TOTAL THIS MO. 263 CLEAR (SCALE 0-3) 12
DPTR FM NORMAL -85 PTCLDY (SCALE 4-7) 14
TOTAL FM JUL 1 2190 CLOUDY (SCALE 8-10) 5
DPTR FM NORMAL -521
[CDD (BASE 65) ]
TOTAL THIS MO. 34
DPTR FM NORMAL 19 [PRESSURE DATA]
TOTAL FM JAN 1 48 HIGHEST SLP M ON M
DPTR FM NORMAL 32 LOWEST SLP M ON M
[REMARKS]
#FINAL-03-23#