000
CXUS54 KFWD 010730
CF6GYI
PRELIMINARY LOCAL CLIMATOLOGICAL DATA (WS FORM: F-6)
STATION: SHERMAN/DENISON
MONTH: MAY
YEAR: 2022
LATITUDE: 33 42 N
LONGITUDE: 96 40 W
TEMPERATURE IN F: :PCPN: SNOW: WIND :SUNSHINE: SKY :PK WND
================================================================================
1 2 3 4 5 6A 6B 7 8 9 10 11 12 13 14 15 16 17 18
12Z AVG MX 2MIN
DY MAX MIN AVG DEP HDD CDD WTR SNW DPTH SPD SPD DIR MIN PSBL S-S WX SPD DR
================================================================================
1 82 48 65 -1 0 0 0.03 M M 7.0 15 120 M M 1 3 18 120
2 82 63 73 6 0 8 0.87 M M 13.8 20 10 M M 7 13 28 10
3 65 51 58 -9 7 0 0.00 M M 8.4 13 350 M M 10 1 18 350
4 83 58 71 4 0 6 0.00 M M 10.0 20 130 M M 7 1 28 130
5 80 55 68 0 0 3 0.00 M M 10.0 20 310 M M 6 30 300
6 79 51 65 -3 0 0 0.00 M M 3.3 9 350 M M 0 8 M M
7 83 61 72 4 0 7 0.00 M M 11.2 16 120 M M 4 22 120
8 91 74 83 15 0 18 0.00 M M 16.7 22 160 M M 3 18 26 160
9 90 74 82 13 0 17 0.00 M M 17.8 26 190 M M 3 8 31 190
10 87 75 81 12 0 16 0.00 M M 14.2 20 170 M M 4 25 180
11 88 71 80 11 0 15 0.00 M M 10.3 14 130 M M 1 21 180
12 89 69 79 10 0 14 0.00 M M 11.0 17 140 M M 0 23 140
13 89 68 79 9 0 14 0.00 M M 11.1 17 160 M M 0 23 130
14 91 66 79 9 0 14 0.00 M M 4.7 10 150 M M 0 M M
15 93 60 77 7 0 12 0.91 M M 10.3 16 170 M M 1 38 22 130
16 85 64 75 5 0 10 0.06 M M 5.8 9 30 M M 1 18 20
17 90 72 81 10 0 16 0.00 M M 12.1 21 150 M M 0 26 160
18 90 71 81 10 0 16 0.00 M M 10.8 20 180 M M 0 8 26 160
19 90 72 81 10 0 16 0.00 M M 15.3 23 190 M M 0 31 170
20 91 73 82 10 0 17 0.00 M M 16.7 22 180 M M 3 8 31 190
21 84 60 72 0 0 7 0.00 M M 13.5 21 10 M M 7 8 29 10
22 63 57 60 -12 5 0 0.00 M M 11.2 17 20 M M 10 26 30
23 76 58 67 -5 0 2 0.00 M M 7.8 18 100 M M 9 1 24 100
24 72 61 67 -6 0 2 1.02 M M 8.6 14 340 M M 10 1 29 340
25 65 56 61 -12 4 0 0.29 M M 9.3 17 260 M M 9 3 27 260
26 81 54 68 -5 0 3 0.00 M M 8.1 22 290 M M 0 28 290
27 87 52 70 -4 0 5 0.00 M M 3.8 12 140 M M 0 M M
28 89 67 78 4 0 13 0.00 M M 13.6 22 150 M M 0 28 160
29 89 71 80 6 0 15 0.00 M M 17.6 26 150 M M 0 33 150
30 89 73 81 7 0 16 0.00 M M 17.1 24 160 M M 5 31 160
31 91 75 83 9 0 18 0.00 M M 14.2 18 150 M M 3 27 170
================================================================================
SM 2604 1980 16 300 3.18 M 345.3 M 104
================================================================================
AV 84.0 63.9 11.1 FASTST M M 3 MAX(MPH)
MISC ----> # 26 190 33 150
================================================================================
NOTES:
# LAST OF SEVERAL OCCURRENCES
COLUMN 17 PEAK WIND IN M.P.H.
PRELIMINARY LOCAL CLIMATOLOGICAL DATA (WS FORM: F-6) , PAGE 2
STATION: SHERMAN/DENISON
MONTH: MAY
YEAR: 2022
LATITUDE: 33 42 N
LONGITUDE: 96 40 W
[TEMPERATURE DATA] [PRECIPITATION DATA] SYMBOLS USED IN COLUMN 16
AVERAGE MONTHLY: 73.9 TOTAL FOR MONTH: 3.18 1 = FOG OR MIST
DPTR FM NORMAL: 3.4 DPTR FM NORMAL: -2.14 2 = FOG REDUCING VISIBILITY
HIGHEST: 93 ON 15 GRTST 24HR 1.02 ON 24-24 TO 1/4 MILE OR LESS
LOWEST: 48 ON 1 3 = THUNDER
SNOW, ICE PELLETS, HAIL 4 = ICE PELLETS
TOTAL MONTH: M 5 = HAIL
GRTST 24HR M ON M 6 = FREEZING RAIN OR DRIZZLE
GRTST DEPTH: M ON M 7 = DUSTSTORM OR SANDSTORM:
VSBY 1/2 MILE OR LESS
8 = SMOKE OR HAZE
[NO. OF DAYS WITH] [WEATHER - DAYS WITH] 9 = BLOWING SNOW
X = TORNADO
MAX 32 OR BELOW: 0 0.01 INCH OR MORE: 6
MAX 90 OR ABOVE: 9 0.10 INCH OR MORE: 4
MIN 32 OR BELOW: 0 0.50 INCH OR MORE: 3
MIN 0 OR BELOW: 0 1.00 INCH OR MORE: 1
[HDD (BASE 65) ]
TOTAL THIS MO. 16 CLEAR (SCALE 0-3) 19
DPTR FM NORMAL -8 PTCLDY (SCALE 4-7) 7
TOTAL FM JUL 1 2269 CLOUDY (SCALE 8-10) 5
DPTR FM NORMAL -601
[CDD (BASE 65) ]
TOTAL THIS MO. 300
DPTR FM NORMAL 106 [PRESSURE DATA]
TOTAL FM JAN 1 418 HIGHEST SLP M ON M
DPTR FM NORMAL 150 LOWEST SLP M ON M
[REMARKS]
#FINAL-05-22#