000
CXUS54 KFWD 072133
CF6GYI
PRELIMINARY LOCAL CLIMATOLOGICAL DATA (WS FORM: F-6)
STATION: SHERMAN/DENISON
MONTH: MARCH
YEAR: 2022
LATITUDE: 33 42 N
LONGITUDE: 96 40 W
TEMPERATURE IN F: :PCPN: SNOW: WIND :SUNSHINE: SKY :PK WND
================================================================================
1 2 3 4 5 6A 6B 7 8 9 10 11 12 13 14 15 16 17 18
12Z AVG MX 2MIN
DY MAX MIN AVG DEP HDD CDD WTR SNW DPTH SPD SPD DIR MIN PSBL S-S WX SPD DR
================================================================================
1 73 39 56 6 9 0 0.00 M M 6.6 10 160 M M 0 M M
2 76 44 60 10 5 0 0.00 M M 5.8 9 180 M M 0 M M
3 78 47 63 12 2 0 0.00 M M 7.0 10 150 M M 0 M M
4 72 51 62 11 3 0 0.00 M M 12.2 18 160 M M 2 24 160
5 79 62 71 20 0 6 0.00 M M 17.1 25 180 M M 6 35 180
6 67 37 52 1 13 0 0.20 M M 11.3 20 330 M M 9 28 330
7 49 34 42 -10 23 0 0.00 M M 12.2 21 330 M M 4 29 330
8 45 31 38 -14 27 0 0.00 M M 5.1 13 30 M M 3 M M
9 59 23 41 -11 24 0 0.00 M M 3.4 9 10 M M 0 1 M M
10 66 38 52 -1 13 0 0.00 M M 8.3 12 360 M M 0 22 360
11 38 27 33 -20 32 0 0.00 M M 15.5 22 10 M M 6 32 350
12 55 21 38 -15 27 0 0.00 M M 5.8 14 170 M M 0 M M
13 66 39 53 -1 12 0 0.00 M M 15.6 22 190 M M 0 30 180
14 72 49 61 7 4 0 0.41 M M 12.2 17 170 M M 7 3 35 100
15 69 42 56 2 9 0 0.00 M M 7.0 18 340 M M 4 23 340
16 77 43 60 6 5 0 0.00 M M 8.0 18 170 M M 0 1 22 170
17 76 56 66 11 0 1 0.00 M M 18.7 25 150 M M 1 3 33 150
18 62 39 51 -4 14 0 0.00 M M 16.9 28 290 M M 6 38 290
19 74 38 56 1 9 0 0.00 M M 7.2 16 220 M M 0 20 210
20 79 51 65 10 0 0 0.00 M M 12.6 22 150 M M 0 30 150
21 68 53 61 5 4 0 0.14 M M 13.4131 120 M M 8 13 29 130
22 57 44 51 -5 14 0 0.00 M M 13.4 21 290 M M 6 1 26 290
23 61 41 51 -5 14 0 0.00 M M 13.1 26 280 M M 3 32 280
24 65 34 50 -6 15 0 0.00 M M 6.5 15 290 M M 1 22 320
25 78 35 57 0 8 0 0.00 M M 2.1 8 60 M M 0 M M
26 79 46 63 6 2 0 0.00 M M 8.3 13 100 M M 0 21 100
27 85 49 67 10 0 2 0.00 M M 8.6 12 140 M M 0 16 80
28 83 50 67 9 0 2 0.00 M M 13.8 21 160 M M 0 26 160
29 79 65 72 14 0 7 0.00 M M 20.4 30 180 M M 4 37 160
30 73 41 57 -1 8 0 0.50 M M 12.9 28 190 M M 6 3 36 190
31 66 40 53 -5 12 0 0.00 M M 6.3 15 320 M M 2 29 300
================================================================================
SM 2126 1309 308 18 1.25 M 326.9 M 78
================================================================================
AV 68.6 42.2 10.5 FASTST M M 3 MAX(MPH)
MISC ----> 131 120 38 290
================================================================================
NOTES:
# LAST OF SEVERAL OCCURRENCES
COLUMN 17 PEAK WIND IN M.P.H.
PRELIMINARY LOCAL CLIMATOLOGICAL DATA (WS FORM: F-6) , PAGE 2
STATION: SHERMAN/DENISON
MONTH: MARCH
YEAR: 2022
LATITUDE: 33 42 N
LONGITUDE: 96 40 W
[TEMPERATURE DATA] [PRECIPITATION DATA] SYMBOLS USED IN COLUMN 16
AVERAGE MONTHLY: 55.4 TOTAL FOR MONTH: 1.25 1 = FOG OR MIST
DPTR FM NORMAL: 1.1 DPTR FM NORMAL: -2.67 2 = FOG REDUCING VISIBILITY
HIGHEST: 85 ON 27 GRTST 24HR 0.50 ON 30-30 TO 1/4 MILE OR LESS
LOWEST: 21 ON 12 3 = THUNDER
SNOW, ICE PELLETS, HAIL 4 = ICE PELLETS
TOTAL MONTH: M 5 = HAIL
GRTST 24HR M ON M 6 = FREEZING RAIN OR DRIZZLE
GRTST DEPTH: M ON M 7 = DUSTSTORM OR SANDSTORM:
VSBY 1/2 MILE OR LESS
8 = SMOKE OR HAZE
[NO. OF DAYS WITH] [WEATHER - DAYS WITH] 9 = BLOWING SNOW
X = TORNADO
MAX 32 OR BELOW: 0 0.01 INCH OR MORE: 4
MAX 90 OR ABOVE: 0 0.10 INCH OR MORE: 4
MIN 32 OR BELOW: 4 0.50 INCH OR MORE: 1
MIN 0 OR BELOW: 0 1.00 INCH OR MORE: 0
[HDD (BASE 65) ]
TOTAL THIS MO. 308 CLEAR (SCALE 0-3) 19
DPTR FM NORMAL -40 PTCLDY (SCALE 4-7) 11
TOTAL FM JUL 1 2170 CLOUDY (SCALE 8-10) 1
DPTR FM NORMAL -541
[CDD (BASE 65) ]
TOTAL THIS MO. 18
DPTR FM NORMAL 3 [PRESSURE DATA]
TOTAL FM JAN 1 21 HIGHEST SLP M ON M
DPTR FM NORMAL 5 LOWEST SLP M ON M
[REMARKS]
#FINAL-03-22#