377
CXUS54 KFWD 010831
CF6GYI
PRELIMINARY LOCAL CLIMATOLOGICAL DATA (WS FORM: F-6)
STATION: SHERMAN/DENISON
MONTH: FEBRUARY
YEAR: 2021
LATITUDE: 33 42 N
LONGITUDE: 96 40 W
TEMPERATURE IN F: :PCPN: SNOW: WIND :SUNSHINE: SKY :PK WND
================================================================================
1 2 3 4 5 6A 6B 7 8 9 10 11 12 13 14 15 16 17 18
12Z AVG MX 2MIN
DY MAX MIN AVG DEP HDD CDD WTR SNW DPTH SPD SPD DIR MIN PSBL S-S WX SPD DR
================================================================================
1 57 30 44 0 21 0 0.00 M M 4.9 10 360 M M 0 17 350
2 61 36 49 5 16 0 0.00 M M 5.9 10 120 M M 0 18 130
3 68 37 53 9 12 0 0.00 M M 12.9 21 160 M M 0 29 150
4 62 37 50 6 15 0 0.00 M M 14.5 25 180 M M 0 31 180
5 59 33 46 2 19 0 0.00 M M 4.5 10 110 M M 3 M M
6 45 35 40 -4 25 0 0.00 M M 7.1 13 120 M M 8 1 M M
7 54 30 42 -3 23 0 0.00 M M 10.5 90 130 M M 5 12 21 90
8 58 33 46 1 19 0 0.00 M M 11.4 15 350 M M 9 1 22 100
9 33 27 30 -15 35 0 M M M 9.4 14 340 M M 10 1 17 340
10 29 26 28 -17 37 0 T M M 9.7 13 350 M M 10 1 21 360
11 26 22 24 -22 41 0 M M M 11.9 15 360 M M 10 1 22 360
12 24 21 23 -23 42 0 0.00 0.0 0 12.7 16 360 M M 10 1 24 360
13 29 18 24 -22 41 0 0.00 M M 12.4 17 350 M M 10 23 350
14 20 9 15 -31 50 0 M M M 15.2 22 350 M M 10 89 257 350
15 48 2 25 -21 40 0 0.00 M M 14.9 22 330 M M 4 8 30 350
16 18 -4 7 -40 58 0 0.01 M M 4.9 10 100 M M 7 M M
17 26 15 21 -26 44 0 0.00 M M 6.4 10 360 M M 10 1 M M
18 31 19 25 -22 40 0 0.00 M M 9.8 14 360 M M 6 17 30
19 37 8 23 -24 42 0 0.00 M M 5.3 10 150 M M 0 M M
20 54 26 40 -8 25 0 0.00 M M 10.5 17 140 M M 0 1 23 140
21 69 39 54 6 11 0 0.00 M M 13.5 24 180 M M 5 33 180
22 68 29 49 1 16 0 0.00 M M 7.0 15 210 M M 0 18 220
23 78 44 61 13 4 0 0.00 0.0 M 14.2 23 180 M M 0 28 170
24 70 48 59 10 6 0 0.00 M M 14.8 23 190 M M 0 31 190
25 52 41 47 -2 18 0 0.34 M M 8.6 12 360 M M 5 13 17 20
26 56 44 50 1 15 0 0.04 M M 5.0 14 10 M M 9 13 17 10
27 65 47 56 7 9 0 0.00 M M 9.4 16 100 M M 8 1 22 130
28 69 48 59 9 6 0 M M M 10.2 18 200 M M 7 13 29 180
================================================================================
SM 1366 800 730 0 0.39 0.0 277.4 M 146
================================================================================
AV 48.8 28.6 9.9 FASTST M M 5 MAX(MPH)
MISC ----> 90 130 257 350
================================================================================
NOTES:
# LAST OF SEVERAL OCCURRENCES
COLUMN 17 PEAK WIND IN M.P.H.
PRELIMINARY LOCAL CLIMATOLOGICAL DATA (WS FORM: F-6) , PAGE 2
STATION: SHERMAN/DENISON
MONTH: FEBRUARY
YEAR: 2021
LATITUDE: 33 42 N
LONGITUDE: 96 40 W
[TEMPERATURE DATA] [PRECIPITATION DATA] SYMBOLS USED IN COLUMN 16
AVERAGE MONTHLY: 38.7 TOTAL FOR MONTH: 0.39 1 = FOG OR MIST
DPTR FM NORMAL: -7.7 DPTR FM NORMAL: -2.55 2 = FOG REDUCING VISIBILITY
HIGHEST: 78 ON 23 GRTST 24HR 0.34 ON 25-25 TO 1/4 MILE OR LESS
LOWEST: -4 ON 16 3 = THUNDER
SNOW, ICE PELLETS, HAIL 4 = ICE PELLETS
TOTAL MONTH: 0.0 INCH 5 = HAIL
GRTST 24HR 0.0 6 = FREEZING RAIN OR DRIZZLE
GRTST DEPTH: 0 7 = DUSTSTORM OR SANDSTORM:
VSBY 1/2 MILE OR LESS
8 = SMOKE OR HAZE
[NO. OF DAYS WITH] [WEATHER - DAYS WITH] 9 = BLOWING SNOW
X = TORNADO
MAX 32 OR BELOW: 8 0.01 INCH OR MORE: 3
MAX 90 OR ABOVE: 0 0.10 INCH OR MORE: 1
MIN 32 OR BELOW: 15 0.50 INCH OR MORE: 0
MIN 0 OR BELOW: 1 1.00 INCH OR MORE: 0
[HDD (BASE 65) ]
TOTAL THIS MO. 730 CLEAR (SCALE 0-3) 10
DPTR FM NORMAL 208 PTCLDY (SCALE 4-7) 9
TOTAL FM JUL 1 2241 CLOUDY (SCALE 8-10) 9
DPTR FM NORMAL -121
[CDD (BASE 65) ]
TOTAL THIS MO. 0
DPTR FM NORMAL -1 [PRESSURE DATA]
TOTAL FM JAN 1 0 HIGHEST SLP M ON M
DPTR FM NORMAL 0 LOWEST SLP M ON M
[REMARKS]
#FINAL-02-21#