000
CXUS54 KOUN 010810
CF6HBR
PRELIMINARY LOCAL CLIMATOLOGICAL DATA (WS FORM: F-6)
STATION: HOBART
MONTH: AUGUST
YEAR: 2021
LATITUDE: 35 0 N
LONGITUDE: 99 3 W
TEMPERATURE IN F: :PCPN: SNOW: WIND :SUNSHINE: SKY :PK WND
================================================================================
1 2 3 4 5 6A 6B 7 8 9 10 11 12 13 14 15 16 17 18
12Z AVG MX 2MIN
DY MAX MIN AVG DEP HDD CDD WTR SNW DPTH SPD SPD DIR MIN PSBL S-S WX SPD DR
================================================================================
1 83 69 76 -9 0 11 0.01 M M 11.0 21 30 M M 6 18 26 30
2 87 64 76 -9 0 11 0.00 M M 9.4 20 30 M M 0 18 25 30
3 89 59 74 -11 0 9 0.00 M M 6.5 16 80 M M 0 18 23 80
4 90 62 76 -9 0 11 0.00 M M 5.4 10 180 M M 2 18 18 160
5 92 68 80 -5 0 15 T M M 11.6 24 160 M M 3 30 160
6 98 69 84 -1 0 19 0.00 M M 14.6 23 170 M M 0 32 170
7 99 74 87 2 0 22 0.00 0.0 M 17.5 25 190 M M 0 39 170
8 98 76 87 2 0 22 T M M 15.2 25 180 M M 3 33 180
9 103 77 90 5 0 25 0.00 0.0 M 18.5 28 210 M M 0 34 210
10 100 78 89 4 0 24 0.00 0.0 M 17.8 28 190 M M 0 36 170
11 100 77 89 5 0 24 0.00 0.0 M 16.1 28 210 M M 0 33 220
12 100 77 89 5 0 24 0.00 M M 14.2 23 210 M M 0 30 220
13 97 69 83 -1 0 18 0.18 M M 9.7 33 270 M M 1 3 43 260
14 87 69 78 -6 0 13 0.00 M M 6.0 13 120 M M 2 16 90
15 92 65 79 -5 0 14 0.00 M M 4.4 13 100 M M 2 1 17 100
16 92 68 80 -4 0 15 1.74 M M 6.1 36 270 M M 2 123 48 230
17 89 70 80 -4 0 15 0.04 M M 8.6 26 70 M M 3 138 33 70
18 89 70 80 -3 0 15 0.17 M M 11.4 21 150 M M 7 1 26 150
19 90 72 81 -2 0 16 T M M 10.4 18 220 M M 6 25 230
20 97 73 85 2 0 20 T M M 14.3 23 190 M M 0 32 180
21 97 72 85 2 0 20 0.16 M M 9.3 22 40 M M 1 3 27 30
22 98 70 84 2 0 19 0.00 M M 12.5 22 200 M M 0 27 190
23 98 70 84 2 0 19 0.00 M M 15.1 25 200 M M 0 33 180
24 100 71 86 4 0 21 0.00 M M 15.3 25 180 M M 0 31 200
25 102 70 86 4 0 21 0.00 M M 11.2 18 160 M M 0 27 140
26 99 69 84 2 0 19 0.00 M M 8.9 18 190 M M 0 23 170
27 98 71 85 4 0 20 0.00 M M 10.2 22 150 M M 0 26 150
28 96 72 84 3 0 19 0.00 M M 12.6 21 180 M M 0 27 180
29 96 71 84 3 0 19 0.00 M M 8.6 17 120 M M 1 3 21 80
30 93 69 81 1 0 16 0.00 M M 3.9 13 150 M M 1 8 17 110
31 97 71 84 4 0 19 0.03 M M 9.3 32 300 M M 1 3 45 300
================================================================================
SM 2946 2182 0 555 2.33 0.0 345.6 M 41
================================================================================
AV 95.0 70.4 11.1 FASTST M M 1 MAX(MPH)
MISC ----> 36 270 48 230
================================================================================
NOTES:
# LAST OF SEVERAL OCCURRENCES
COLUMN 17 PEAK WIND IN M.P.H.
PRELIMINARY LOCAL CLIMATOLOGICAL DATA (WS FORM: F-6) , PAGE 2
STATION: HOBART
MONTH: AUGUST
YEAR: 2021
LATITUDE: 35 0 N
LONGITUDE: 99 3 W
[TEMPERATURE DATA] [PRECIPITATION DATA] SYMBOLS USED IN COLUMN 16
AVERAGE MONTHLY: 82.7 TOTAL FOR MONTH: 2.33 1 = FOG OR MIST
DPTR FM NORMAL: -0.7 DPTR FM NORMAL: -0.43 2 = FOG REDUCING VISIBILITY
HIGHEST: 103 ON 9 GRTST 24HR 1.78 ON 16-17 TO 1/4 MILE OR LESS
LOWEST: 59 ON 3 3 = THUNDER
SNOW, ICE PELLETS, HAIL 4 = ICE PELLETS
TOTAL MONTH: 0.0 INCH 5 = HAIL
GRTST 24HR 0.0 6 = FREEZING RAIN OR DRIZZLE
GRTST DEPTH: M ON M 7 = DUSTSTORM OR SANDSTORM:
VSBY 1/2 MILE OR LESS
8 = SMOKE OR HAZE
[NO. OF DAYS WITH] [WEATHER - DAYS WITH] 9 = BLOWING SNOW
X = TORNADO
MAX 32 OR BELOW: 0 0.01 INCH OR MORE: 7
MAX 90 OR ABOVE: 25 0.10 INCH OR MORE: 4
MIN 32 OR BELOW: 0 0.50 INCH OR MORE: 1
MIN 0 OR BELOW: 0 1.00 INCH OR MORE: 1
[HDD (BASE 65) ]
TOTAL THIS MO. 0 CLEAR (SCALE 0-3) 28
DPTR FM NORMAL 0 PTCLDY (SCALE 4-7) 3
TOTAL FM JUL 1 0 CLOUDY (SCALE 8-10) 0
DPTR FM NORMAL 0
[CDD (BASE 65) ]
TOTAL THIS MO. 555
DPTR FM NORMAL -15 [PRESSURE DATA]
TOTAL FM JAN 1 1661 HIGHEST SLP M ON M
DPTR FM NORMAL -240 LOWEST SLP 29.67 ON 31
[REMARKS]
#FINAL-08-21#