000
CXUS54 KOUN 010910
CF6HBR
PRELIMINARY LOCAL CLIMATOLOGICAL DATA (WS FORM: F-6)
STATION: HOBART
MONTH: JANUARY
YEAR: 2024
LATITUDE: 35 0 N
LONGITUDE: 99 3 W
TEMPERATURE IN F: :PCPN: SNOW: WIND :SUNSHINE: SKY :PK WND
================================================================================
1 2 3 4 5 6A 6B 7 8 9 10 11 12 13 14 15 16 17 18
12Z AVG MX 2MIN
DY MAX MIN AVG DEP HDD CDD WTR SNW DPTH SPD SPD DIR MIN PSBL S-S WX SPD DR
================================================================================
1 37 27 32 -7 33 0 0.00 0.0 M 7.7 18 50 M M 7 1 24 40
2 47 26 37 -2 28 0 0.00 0.0 M 5.9 16 210 M M 1 1 20 200
3 51 25 38 -1 27 0 0.00 0.0 M 3.0 10 340 M M 0 1 13 60
4 48 29 39 0 26 0 0.37 M M 8.7 22 140 M M 8 18 30 150
5 48 37 43 4 22 0 0.08 M M 12.7 25 160 M M 10 1 32 150
6 50 29 40 1 25 0 0.00 M M 8.5 17 340 M M 2 21 340
7 54 27 41 2 24 0 0.00 M M 16.7 37 160 M M 0 49 150
8 53 29 41 2 24 0 0.38 M M 24.3 46 330 M M 6 1 59 330
9 46 28 37 -2 28 0 T M M 20.5 46 330 M M 2 62 340
10 63 25 44 5 21 0 0.00 M M 10.8 23 310 M M 0 31 310
11 61 25 43 4 22 0 T M M 11.1 37 350 M M 1 46 340
12 47 19 33 -6 32 0 0.00 M M 17.7 37 350 M M 2 46 340
13 31 7 19 -20 46 0 T M M 17.9 32 20 M M 1 18 40 360
14 13 4 9 -30 56 0 0.00 M M 14.6 20 60 M M 3 27 60
15 20 4 12 -27 53 0 0.00 M M 15.5 28 40 M M 2 35 40
16 26 2 14 -25 51 0 0.00 M M 7.4 17 10 M M 1 23 360
17 47 14 31 -8 34 0 0.00 M M 20.6 36 190 M M 0 45 180
18 54 25 40 1 25 0 0.00 M M 12.9 33 20 M M 0 47 20
19 30 15 23 -17 42 0 0.00 M M 15.0 35 20 M M 0 45 10
20 33 12 23 -17 42 0 0.00 M M 8.4 15 70 M M 0 18 70
21 38 23 31 -9 34 0 T M M 18.7 28 190 M M 6 16 35 200
22 36 31 34 -6 31 0 0.14 M M 9.7 22 180 M M 10 126 28 170
23 40 34 37 -3 28 0 0.16 M M 5.6 12 70 M M 10 12 14 70
24 43 36 40 0 25 0 0.05 M M 5.6 13 20 M M 10 12 15 30
25 46 39 43 3 22 0 0.00 M M 3.8 10 220 M M 10 12 15 220
26 45 41 43 3 22 0 0.31 M M 11.4 20 50 M M 10 12 24 80
27 57 33 45 5 20 0 0.02 M M 10.5 21 360 M M 5 1 27 340
28 63 28 46 6 19 0 0.00 M M 9.4 17 220 M M 0 21 230
29 71 32 52 12 13 0 0.00 M M 5.9 14 210 M M 0 14 210
30 72 36 54 13 11 0 0.00 M M 5.6 13 320 M M 0 13 220
31 68 37 53 12 12 0 0.00 M M 7.7 18 180 M M 0 23 200
================================================================================
SM 1438 779 898 0 1.51 0.0 353.8 M 107
================================================================================
AV 46.4 25.1 11.4 FASTST M M 3 MAX(MPH)
MISC ----> # 46 330 62 340
================================================================================
NOTES:
# LAST OF SEVERAL OCCURRENCES
COLUMN 17 PEAK WIND IN M.P.H.
PRELIMINARY LOCAL CLIMATOLOGICAL DATA (WS FORM: F-6) , PAGE 2
STATION: HOBART
MONTH: JANUARY
YEAR: 2024
LATITUDE: 35 0 N
LONGITUDE: 99 3 W
[TEMPERATURE DATA] [PRECIPITATION DATA] SYMBOLS USED IN COLUMN 16
AVERAGE MONTHLY: 35.8 TOTAL FOR MONTH: 1.51 1 = FOG OR MIST
DPTR FM NORMAL: -3.6 DPTR FM NORMAL: 0.84 2 = FOG REDUCING VISIBILITY
HIGHEST: 72 ON 30 GRTST 24HR 0.58 ON 26-27 TO 1/4 MILE OR LESS
LOWEST: 2 ON 16 3 = THUNDER
SNOW, ICE PELLETS, HAIL 4 = ICE PELLETS
TOTAL MONTH: 0.0 INCH 5 = HAIL
GRTST 24HR 0.0 6 = FREEZING RAIN OR DRIZZLE
GRTST DEPTH: 0 7 = DUSTSTORM OR SANDSTORM:
VSBY 1/2 MILE OR LESS
8 = SMOKE OR HAZE
[NO. OF DAYS WITH] [WEATHER - DAYS WITH] 9 = BLOWING SNOW
X = TORNADO
MAX 32 OR BELOW: 5 0.01 INCH OR MORE: 8
MAX 90 OR ABOVE: 0 0.10 INCH OR MORE: 5
MIN 32 OR BELOW: 23 0.50 INCH OR MORE: 0
MIN 0 OR BELOW: 0 1.00 INCH OR MORE: 0
[HDD (BASE 65) ]
TOTAL THIS MO. 898 CLEAR (SCALE 0-3) 20
DPTR FM NORMAL 106 PTCLDY (SCALE 4-7) 5
TOTAL FM JUL 1 2050 CLOUDY (SCALE 8-10) 6
DPTR FM NORMAL -100
[CDD (BASE 65) ]
TOTAL THIS MO. 0
DPTR FM NORMAL 0 [PRESSURE DATA]
TOTAL FM JAN 1 0 HIGHEST SLP 30.70 ON 19
DPTR FM NORMAL 0 LOWEST SLP 29.34 ON 8
[REMARKS]
#FINAL-01-24#